CRAN Package Check Results for Package pscl

Last updated on 2020-09-22 03:49:35 CEST.

Flavor Version Tinstall Tcheck Ttotal Status Flags
r-devel-linux-x86_64-debian-clang 1.5.5 13.69 102.70 116.39 OK
r-devel-linux-x86_64-debian-gcc 1.5.5 0.48 2.47 2.95 ERROR
r-devel-linux-x86_64-fedora-clang 1.5.5 159.56 OK
r-devel-linux-x86_64-fedora-gcc 1.5.5 151.45 OK
r-devel-windows-ix86+x86_64 1.5.5 35.00 166.00 201.00 OK
r-patched-linux-x86_64 1.5.5 11.18 100.72 111.90 OK
r-patched-solaris-x86 1.5.5 182.70 OK
r-release-linux-x86_64 1.5.5 11.54 100.70 112.24 OK
r-release-macos-x86_64 1.5.5 OK
r-release-windows-ix86+x86_64 1.5.5 36.00 188.00 224.00 OK
r-oldrel-macos-x86_64 1.5.5 OK
r-oldrel-windows-ix86+x86_64 1.5.5 27.00 189.00 216.00 OK

Check Details

Version: 1.5.5
Check: whether package can be installed
Result: ERROR
    Installation failed.
Flavor: r-devel-linux-x86_64-debian-gcc