CRAN Package Check Results for Package pscore

Last updated on 2019-10-21 03:47:50 CEST.

Flavor Version Tinstall Tcheck Ttotal Status Flags
r-devel-linux-x86_64-debian-clang 0.1-2 4.53 47.00 51.53 NOTE
r-devel-linux-x86_64-debian-gcc 0.1-2 3.45 36.39 39.84 NOTE
r-devel-linux-x86_64-fedora-clang 0.1-2 62.01 NOTE
r-devel-linux-x86_64-fedora-gcc 0.1-2 58.75 NOTE
r-devel-windows-ix86+x86_64 0.1-2 14.00 83.00 97.00 NOTE
r-patched-linux-x86_64 0.1-2 4.11 44.73 48.84 NOTE
r-patched-solaris-x86 0.1-2 97.10 NOTE
r-release-linux-x86_64 0.1-2 4.25 45.44 49.69 NOTE
r-release-windows-ix86+x86_64 0.1-2 21.00 61.00 82.00 NOTE
r-release-osx-x86_64 0.1-2 NOTE
r-oldrel-windows-ix86+x86_64 0.1-2 7.00 59.00 66.00 NOTE
r-oldrel-osx-x86_64 0.1-2 NOTE

Check Details

Version: 0.1-2
Check: R code for possible problems
Result: NOTE
    mahalanobisComposite: no visible global function definition for
     'princomp'
    prepareComposite: no visible global function definition for 'cov'
    winsorizor : f: no visible global function definition for 'quantile'
    Undefined global functions or variables:
     cov princomp quantile
    Consider adding
     importFrom("stats", "cov", "princomp", "quantile")
    to your NAMESPACE file.
Flavors: r-devel-linux-x86_64-debian-clang, r-devel-linux-x86_64-debian-gcc, r-devel-linux-x86_64-fedora-clang, r-devel-linux-x86_64-fedora-gcc, r-devel-windows-ix86+x86_64, r-patched-linux-x86_64, r-patched-solaris-x86, r-release-linux-x86_64, r-release-windows-ix86+x86_64, r-release-osx-x86_64, r-oldrel-windows-ix86+x86_64, r-oldrel-osx-x86_64