CRAN Package Check Results for Package pscore

Last updated on 2020-05-27 03:48:40 CEST.

Flavor Version Tinstall Tcheck Ttotal Status Flags
r-devel-linux-x86_64-debian-clang 0.1-2 5.14 54.81 59.95 NOTE
r-devel-linux-x86_64-debian-gcc 0.1-2 4.57 41.28 45.85 NOTE
r-devel-linux-x86_64-fedora-clang 0.1-2 70.65 NOTE
r-devel-linux-x86_64-fedora-gcc 0.1-2 70.11 NOTE
r-devel-windows-ix86+x86_64 0.1-2 23.00 93.00 116.00 NOTE
r-patched-linux-x86_64 0.1-2 6.01 53.12 59.13 NOTE
r-patched-solaris-x86 0.1-2 103.50 NOTE
r-release-linux-x86_64 0.1-2 5.83 53.49 59.32 NOTE
r-release-osx-x86_64 0.1-2 NOTE
r-release-windows-ix86+x86_64 0.1-2 37.00 105.00 142.00 NOTE
r-oldrel-osx-x86_64 0.1-2 NOTE
r-oldrel-windows-ix86+x86_64 0.1-2 12.00 67.00 79.00 NOTE

Check Details

Version: 0.1-2
Check: R code for possible problems
Result: NOTE
    mahalanobisComposite: no visible global function definition for
     'princomp'
    prepareComposite: no visible global function definition for 'cov'
    winsorizor : f: no visible global function definition for 'quantile'
    Undefined global functions or variables:
     cov princomp quantile
    Consider adding
     importFrom("stats", "cov", "princomp", "quantile")
    to your NAMESPACE file.
Flavors: r-devel-linux-x86_64-debian-clang, r-devel-linux-x86_64-debian-gcc, r-devel-linux-x86_64-fedora-clang, r-devel-linux-x86_64-fedora-gcc, r-devel-windows-ix86+x86_64, r-patched-linux-x86_64, r-patched-solaris-x86, r-release-linux-x86_64, r-release-osx-x86_64, r-release-windows-ix86+x86_64, r-oldrel-osx-x86_64, r-oldrel-windows-ix86+x86_64