CRAN Package Check Results for Package pspline

Last updated on 2020-07-14 03:48:00 CEST.

Flavor Version Tinstall Tcheck Ttotal Status Flags
r-devel-linux-x86_64-debian-clang 1.0-18 3.57 19.19 22.76 NOTE
r-devel-linux-x86_64-debian-gcc 1.0-18 2.87 15.34 18.21 NOTE
r-devel-linux-x86_64-fedora-clang 1.0-18 36.58 NOTE
r-devel-linux-x86_64-fedora-gcc 1.0-18 28.63 NOTE
r-devel-windows-ix86+x86_64 1.0-18 10.00 38.00 48.00 OK
r-patched-linux-x86_64 1.0-18 3.40 19.06 22.46 NOTE
r-patched-solaris-x86 1.0-18 42.70 OK
r-release-linux-x86_64 1.0-18 3.28 19.34 22.62 NOTE
r-release-macos-x86_64 1.0-18 ERROR
r-release-windows-ix86+x86_64 1.0-18 9.00 48.00 57.00 OK
r-oldrel-macos-x86_64 1.0-18 OK
r-oldrel-windows-ix86+x86_64 1.0-18 10.00 48.00 58.00 OK

Check Details

Version: 1.0-18
Check: top-level files
Result: NOTE
    Non-standard file/directory found at top level:
     'orig'
Flavors: r-devel-linux-x86_64-debian-clang, r-devel-linux-x86_64-debian-gcc, r-devel-linux-x86_64-fedora-clang, r-devel-linux-x86_64-fedora-gcc, r-patched-linux-x86_64, r-release-linux-x86_64

Version: 1.0-18
Check: whether package can be installed
Result: ERROR
    Installation failed.
Flavor: r-release-macos-x86_64