CRAN Package Check Results for Package ptmixed

Last updated on 2020-08-04 03:48:00 CEST.

Flavor Version Tinstall Tcheck Ttotal Status Flags
r-devel-linux-x86_64-debian-clang 0.5.4 3.73 341.24 344.97 OK
r-devel-linux-x86_64-debian-gcc 0.5.4 3.20 251.48 254.68 OK
r-devel-linux-x86_64-fedora-clang 0.5.4 382.68 NOTE
r-devel-linux-x86_64-fedora-gcc 0.5.4 389.07 NOTE
r-devel-windows-ix86+x86_64 0.5.4 11.00 327.00 338.00 OK
r-patched-linux-x86_64 0.5.4 3.33 334.29 337.62 OK
r-patched-solaris-x86 0.5.4 412.30 NOTE
r-release-linux-x86_64 0.5.4 4.20 336.46 340.66 OK
r-release-macos-x86_64 0.5.4 ERROR
r-release-windows-ix86+x86_64 0.5.4 14.00 427.00 441.00 OK
r-oldrel-macos-x86_64 0.5.4 ERROR
r-oldrel-windows-ix86+x86_64 0.5.4 6.00 353.00 359.00 OK

Check Details

Version: 0.5.4
Check: dependencies in R code
Result: NOTE
    Namespace in Imports field not imported from: ‘rstudioapi’
     All declared Imports should be used.
Flavors: r-devel-linux-x86_64-fedora-clang, r-devel-linux-x86_64-fedora-gcc, r-patched-solaris-x86

Version: 0.5.4
Check: package dependencies
Result: ERROR
    Package required but not available: ‘tweeDEseq’
    
    See section ‘The DESCRIPTION file’ in the ‘Writing R Extensions’
    manual.
Flavors: r-release-macos-x86_64, r-oldrel-macos-x86_64