CRAN Package Check Results for Package qiitr

Last updated on 2020-07-14 03:48:01 CEST.

Flavor Version Tinstall Tcheck Ttotal Status Flags
r-devel-linux-x86_64-debian-clang 0.1.1 2.36 22.59 24.95 OK
r-devel-linux-x86_64-debian-gcc 0.1.1 1.93 17.74 19.67 OK
r-devel-linux-x86_64-fedora-clang 0.1.1 38.20 OK
r-devel-linux-x86_64-fedora-gcc 0.1.1 31.05 OK
r-devel-windows-ix86+x86_64 0.1.1 6.00 50.00 56.00 OK
r-patched-linux-x86_64 0.1.1 2.28 22.37 24.65 OK
r-patched-solaris-x86 0.1.1 43.70 OK
r-release-linux-x86_64 0.1.1 2.31 22.39 24.70 OK
r-release-macos-x86_64 0.1.1 ERROR
r-release-windows-ix86+x86_64 0.1.1 10.00 31.00 41.00 OK
r-oldrel-macos-x86_64 0.1.1 OK
r-oldrel-windows-ix86+x86_64 0.1.1 5.00 49.00 54.00 OK

Check Details

Version: 0.1.1
Check: whether package can be installed
Result: ERROR
    Installation failed.
Flavor: r-release-macos-x86_64