CRAN Package Check Results for Package qrencoder

Last updated on 2020-06-02 03:47:58 CEST.

Flavor Version Tinstall Tcheck Ttotal Status Flags
r-devel-linux-x86_64-debian-clang 0.1.0 30.14 71.38 101.52 OK
r-devel-linux-x86_64-debian-gcc 0.1.0 19.28 55.80 75.08 OK
r-devel-linux-x86_64-fedora-clang 0.1.0 134.27 NOTE
r-devel-linux-x86_64-fedora-gcc 0.1.0 119.24 NOTE
r-devel-windows-ix86+x86_64 0.1.0 73.00 129.00 202.00 OK
r-patched-linux-x86_64 0.1.0 21.24 71.15 92.39 OK
r-patched-solaris-x86 0.1.0 154.50 OK
r-release-linux-x86_64 0.1.0 19.93 71.34 91.27 OK
r-release-osx-x86_64 0.1.0 OK
r-release-windows-ix86+x86_64 0.1.0 57.00 147.00 204.00 OK
r-oldrel-osx-x86_64 0.1.0 OK
r-oldrel-windows-ix86+x86_64 0.1.0 55.00 106.00 161.00 OK

Check Details

Version: 0.1.0
Check: compiled code
Result: NOTE
    File ‘qrencoder/libs/qrencoder.so’:
     Found no calls to: ‘R_registerRoutines’, ‘R_useDynamicSymbols’
    
    It is good practice to register native routines and to disable symbol
    search.
    
    See ‘Writing portable packages’ in the ‘Writing R Extensions’ manual.
Flavors: r-devel-linux-x86_64-fedora-clang, r-devel-linux-x86_64-fedora-gcc