CRAN Package Check Results for Package qtl

Last updated on 2020-06-05 03:50:28 CEST.

Flavor Version Tinstall Tcheck Ttotal Status Flags
r-devel-linux-x86_64-debian-clang 1.46-2 83.04 367.42 450.46 OK
r-devel-linux-x86_64-debian-gcc 1.46-2 61.90 269.98 331.88 OK
r-devel-linux-x86_64-fedora-clang 1.46-2 560.99 NOTE
r-devel-linux-x86_64-fedora-gcc 1.46-2 558.99 OK
r-devel-windows-ix86+x86_64 1.46-2 201.00 628.00 829.00 NOTE
r-patched-linux-x86_64 1.46-2 72.54 364.67 437.21 OK
r-patched-solaris-x86 1.46-2 662.80 NOTE
r-release-linux-x86_64 1.46-2 72.14 366.89 439.03 OK
r-release-osx-x86_64 1.46-2 NOTE
r-release-windows-ix86+x86_64 1.46-2 161.00 616.00 777.00 NOTE
r-oldrel-osx-x86_64 1.46-2 NOTE
r-oldrel-windows-ix86+x86_64 1.46-2 211.00 476.00 687.00 NOTE

Check Details

Version: 1.46-2
Check: installed package size
Result: NOTE
     installed size is 11.6Mb
     sub-directories of 1Mb or more:
     R 1.7Mb
     contrib 3.8Mb
     doc 3.0Mb
     libs 1.6Mb
Flavors: r-devel-linux-x86_64-fedora-clang, r-devel-windows-ix86+x86_64, r-patched-solaris-x86, r-release-osx-x86_64, r-release-windows-ix86+x86_64, r-oldrel-osx-x86_64, r-oldrel-windows-ix86+x86_64