CRAN Package Check Results for Package rCMA

Last updated on 2020-07-16 03:46:45 CEST.

Flavor Version Tinstall Tcheck Ttotal Status Flags
r-devel-linux-x86_64-debian-clang 1.1 2.04 26.55 28.59 NOTE
r-devel-linux-x86_64-debian-gcc 1.1 1.67 20.49 22.16 NOTE
r-devel-linux-x86_64-fedora-clang 1.1 43.26 NOTE
r-devel-linux-x86_64-fedora-gcc 1.1 35.43 NOTE
r-devel-windows-ix86+x86_64 1.1 7.00 41.00 48.00 NOTE
r-patched-linux-x86_64 1.1 2.08 26.50 28.58 NOTE
r-patched-solaris-x86 1.1 51.50 NOTE
r-release-linux-x86_64 1.1 1.89 26.55 28.44 NOTE
r-release-windows-ix86+x86_64 1.1 7.00 39.00 46.00 NOTE
r-oldrel-macos-x86_64 1.1 NOTE
r-oldrel-windows-ix86+x86_64 1.1 5.00 36.00 41.00 NOTE

Check Details

Version: 1.1
Check: R code for possible problems
Result: NOTE
    cmaOptimDP: no visible global function definition for 'flush.console'
    Undefined global functions or variables:
     flush.console
    Consider adding
     importFrom("utils", "flush.console")
    to your NAMESPACE file.
Flavors: r-devel-linux-x86_64-debian-clang, r-devel-linux-x86_64-debian-gcc, r-devel-linux-x86_64-fedora-clang, r-devel-linux-x86_64-fedora-gcc, r-devel-windows-ix86+x86_64, r-patched-linux-x86_64, r-patched-solaris-x86, r-release-linux-x86_64, r-release-windows-ix86+x86_64, r-oldrel-macos-x86_64, r-oldrel-windows-ix86+x86_64

Version: 1.1
Check: for non-standard things in the check directory
Result: NOTE
    Found the following files/directories:
     'outcmaesdisp.dat'
Flavors: r-devel-linux-x86_64-debian-clang, r-devel-linux-x86_64-debian-gcc, r-devel-linux-x86_64-fedora-clang, r-devel-linux-x86_64-fedora-gcc, r-patched-linux-x86_64, r-patched-solaris-x86, r-release-linux-x86_64