CRAN Package Check Results for Package rDNAse

Last updated on 2020-06-02 03:47:59 CEST.

Flavor Version Tinstall Tcheck Ttotal Status Flags
r-devel-linux-x86_64-debian-clang 1.1-1 3.51 39.10 42.61 OK
r-devel-linux-x86_64-debian-gcc 1.1-1 2.98 30.20 33.18 OK
r-devel-linux-x86_64-fedora-clang 1.1-1 61.44 OK
r-devel-linux-x86_64-fedora-gcc 1.1-1 54.60 OK
r-devel-windows-ix86+x86_64 1.1-1 13.00 63.00 76.00 OK
r-patched-linux-x86_64 1.1-1 3.97 38.73 42.70 OK
r-patched-solaris-x86 1.1-1 70.10 OK
r-release-linux-x86_64 1.1-1 3.44 39.14 42.58 OK
r-release-osx-x86_64 1.1-1 OK
r-release-windows-ix86+x86_64 1.1-1 8.00 75.00 83.00 OK
r-oldrel-osx-x86_64 1.1-1 NOTE
r-oldrel-windows-ix86+x86_64 1.1-1 11.00 56.00 67.00 OK

Check Details

Version: 1.1-1
Check: package dependencies
Result: NOTE
    Packages suggested but not available for checking:
     'Biostrings', 'GOSemSim', 'org.Hs.eg.db'
Flavor: r-oldrel-osx-x86_64