CRAN Package Check Results for Package rFDSN

Last updated on 2020-04-07 03:48:22 CEST.

Flavor Version Tinstall Tcheck Ttotal Status Flags
r-devel-linux-x86_64-debian-clang 0.0.0 3.05 27.42 30.47 NOTE
r-devel-linux-x86_64-debian-gcc 0.0.0 2.50 21.85 24.35 NOTE
r-devel-linux-x86_64-fedora-clang 0.0.0 36.71 NOTE
r-devel-linux-x86_64-fedora-gcc 0.0.0 40.71 NOTE
r-devel-windows-ix86+x86_64 0.0.0 7.00 58.00 65.00 NOTE
r-devel-windows-ix86+x86_64-gcc8 0.0.0 7.00 42.00 49.00 NOTE
r-patched-linux-x86_64 0.0.0 3.02 27.14 30.16 NOTE
r-patched-solaris-x86 0.0.0 62.90 NOTE
r-release-linux-x86_64 0.0.0 2.56 25.06 27.62 NOTE
r-release-windows-ix86+x86_64 0.0.0 5.00 40.00 45.00 NOTE
r-release-osx-x86_64 0.0.0 NOTE
r-oldrel-windows-ix86+x86_64 0.0.0 3.00 38.00 41.00 NOTE
r-oldrel-osx-x86_64 0.0.0 NOTE

Check Details

Version: 0.0.0
Check: R code for possible problems
Result: NOTE
    FDSNGetTimeSeries: no visible global function definition for
     'download.file'
    Undefined global functions or variables:
     download.file
    Consider adding
     importFrom("utils", "download.file")
    to your NAMESPACE file.
Flavors: r-devel-linux-x86_64-debian-clang, r-devel-linux-x86_64-debian-gcc, r-devel-linux-x86_64-fedora-clang, r-devel-linux-x86_64-fedora-gcc, r-devel-windows-ix86+x86_64, r-devel-windows-ix86+x86_64-gcc8, r-patched-linux-x86_64, r-patched-solaris-x86, r-release-linux-x86_64, r-release-windows-ix86+x86_64, r-release-osx-x86_64, r-oldrel-windows-ix86+x86_64, r-oldrel-osx-x86_64