CRAN Package Check Results for Package rHealthDataGov

Last updated on 2020-07-10 03:47:28 CEST.

Flavor Version Tinstall Tcheck Ttotal Status Flags
r-devel-linux-x86_64-debian-clang 1.0.1 3.15 24.71 27.86 NOTE
r-devel-linux-x86_64-debian-gcc 1.0.1 2.65 20.54 23.19 NOTE
r-devel-linux-x86_64-fedora-clang 1.0.1 43.05 NOTE
r-devel-linux-x86_64-fedora-gcc 1.0.1 33.64 NOTE
r-devel-windows-ix86+x86_64 1.0.1 7.00 39.00 46.00 NOTE
r-patched-linux-x86_64 1.0.1 3.02 25.47 28.49 NOTE
r-patched-solaris-x86 1.0.1 56.20 NOTE
r-release-linux-x86_64 1.0.1 2.85 24.96 27.81 NOTE
r-release-osx-x86_64 1.0.1 NOTE
r-release-windows-ix86+x86_64 1.0.1 7.00 53.00 60.00 NOTE
r-oldrel-osx-x86_64 1.0.1 NOTE
r-oldrel-windows-ix86+x86_64 1.0.1 9.00 42.00 51.00 NOTE

Check Details

Version: 1.0.1
Check: R code for possible problems
Result: NOTE
    .quick_fetch: no visible global function definition for 'POST'
    .quick_fetch: no visible global function definition for 'add_headers'
    .quick_fetch: no visible global function definition for
     'stop_for_status'
    .quick_fetch: no visible global function definition for 'content'
    fetch_healthdata: no visible binding for global variable 'resources'
    fetch_healthdata : <anonymous>: no visible binding for global variable
     'filters'
    Undefined global functions or variables:
     POST add_headers content filters resources stop_for_status
Flavors: r-devel-linux-x86_64-debian-clang, r-devel-linux-x86_64-debian-gcc, r-devel-linux-x86_64-fedora-clang, r-devel-linux-x86_64-fedora-gcc, r-devel-windows-ix86+x86_64, r-patched-linux-x86_64, r-patched-solaris-x86, r-release-linux-x86_64, r-release-osx-x86_64, r-release-windows-ix86+x86_64, r-oldrel-osx-x86_64, r-oldrel-windows-ix86+x86_64