Last updated on 2019-12-05 14:49:00 CET.
Flavor | Version | Tinstall | Tcheck | Ttotal | Status | Flags |
---|---|---|---|---|---|---|
r-devel-linux-x86_64-debian-clang | 1.0.1 | 3.18 | 24.49 | 27.67 | NOTE | |
r-devel-linux-x86_64-debian-gcc | 1.0.1 | 2.36 | 19.74 | 22.10 | NOTE | |
r-devel-linux-x86_64-fedora-clang | 1.0.1 | 32.90 | NOTE | |||
r-devel-linux-x86_64-fedora-gcc | 1.0.1 | 32.49 | NOTE | |||
r-devel-windows-ix86+x86_64 | 1.0.1 | 7.00 | 48.00 | 55.00 | NOTE | |
r-devel-windows-ix86+x86_64-gcc8 | 1.0.1 | 9.00 | 54.00 | 63.00 | NOTE | |
r-patched-linux-x86_64 | 1.0.1 | 2.48 | 23.03 | 25.51 | NOTE | |
r-patched-solaris-x86 | 1.0.1 | 49.40 | NOTE | |||
r-release-linux-x86_64 | 1.0.1 | 2.46 | 22.68 | 25.14 | NOTE | |
r-release-windows-ix86+x86_64 | 1.0.1 | 8.00 | 41.00 | 49.00 | NOTE | |
r-release-osx-x86_64 | 1.0.1 | NOTE | ||||
r-oldrel-windows-ix86+x86_64 | 1.0.1 | 3.00 | 42.00 | 45.00 | NOTE | |
r-oldrel-osx-x86_64 | 1.0.1 | NOTE |
Version: 1.0.1
Check: R code for possible problems
Result: NOTE
.quick_fetch: no visible global function definition for 'POST'
.quick_fetch: no visible global function definition for 'add_headers'
.quick_fetch: no visible global function definition for
'stop_for_status'
.quick_fetch: no visible global function definition for 'content'
fetch_healthdata: no visible binding for global variable 'resources'
fetch_healthdata : <anonymous>: no visible binding for global variable
'filters'
Undefined global functions or variables:
POST add_headers content filters resources stop_for_status
Flavors: r-devel-linux-x86_64-debian-clang, r-devel-linux-x86_64-debian-gcc, r-devel-linux-x86_64-fedora-clang, r-devel-linux-x86_64-fedora-gcc, r-devel-windows-ix86+x86_64, r-devel-windows-ix86+x86_64-gcc8, r-patched-linux-x86_64, r-patched-solaris-x86, r-release-linux-x86_64, r-release-windows-ix86+x86_64, r-release-osx-x86_64, r-oldrel-windows-ix86+x86_64, r-oldrel-osx-x86_64