CRAN Package Check Results for Package radarchart

Last updated on 2020-07-14 03:48:01 CEST.

Flavor Version Tinstall Tcheck Ttotal Status Flags
r-devel-linux-x86_64-debian-clang 0.3.1 2.59 29.67 32.26 OK
r-devel-linux-x86_64-debian-gcc 0.3.1 1.99 23.38 25.37 OK
r-devel-linux-x86_64-fedora-clang 0.3.1 46.72 OK
r-devel-linux-x86_64-fedora-gcc 0.3.1 41.52 OK
r-devel-windows-ix86+x86_64 0.3.1 7.00 60.00 67.00 OK
r-patched-linux-x86_64 0.3.1 2.65 29.19 31.84 OK
r-patched-solaris-x86 0.3.1 61.80 OK
r-release-linux-x86_64 0.3.1 2.64 30.18 32.82 OK
r-release-macos-x86_64 0.3.1 ERROR
r-release-windows-ix86+x86_64 0.3.1 8.00 46.00 54.00 OK
r-oldrel-macos-x86_64 0.3.1 OK
r-oldrel-windows-ix86+x86_64 0.3.1 7.00 64.00 71.00 OK

Check Details

Version: 0.3.1
Check: whether package can be installed
Result: ERROR
    Installation failed.
Flavor: r-release-macos-x86_64