CRAN Package Check Results for Package radiant.data

Last updated on 2020-05-25 03:47:48 CEST.

Flavor Version Tinstall Tcheck Ttotal Status Flags
r-devel-linux-x86_64-debian-clang 1.3.4 16.42 117.81 134.23 OK
r-devel-linux-x86_64-debian-gcc 1.3.4 12.91 89.14 102.05 OK
r-devel-linux-x86_64-fedora-clang 1.3.4 166.55 NOTE
r-devel-linux-x86_64-fedora-gcc 1.3.4 156.70 OK
r-devel-windows-ix86+x86_64 1.3.4 51.00 150.00 201.00 OK
r-patched-linux-x86_64 1.3.4 15.74 115.22 130.96 OK
r-patched-solaris-x86 1.3.4 217.60 OK
r-release-linux-x86_64 1.3.4 16.05 115.57 131.62 OK
r-release-osx-x86_64 1.3.4 OK
r-release-windows-ix86+x86_64 1.3.4 43.00 220.00 263.00 OK
r-oldrel-osx-x86_64 1.3.4 OK
r-oldrel-windows-ix86+x86_64 1.3.4 30.00 246.00 276.00 OK

Check Details

Version: 1.3.4
Check: package dependencies
Result: NOTE
    Imports includes 27 non-default packages.
    Importing from so many packages makes the package vulnerable to any of
    them becoming unavailable. Move as many as possible to Suggests and
    use conditionally.
Flavor: r-devel-linux-x86_64-fedora-clang