CRAN Package Check Results for Package ragt2ridges

Last updated on 2020-02-23 02:47:36 CET.

Flavor Version Tinstall Tcheck Ttotal Status Flags
r-devel-linux-x86_64-debian-clang 0.3.4 81.48 179.83 261.31 OK
r-devel-linux-x86_64-debian-gcc 0.3.4 59.10 131.76 190.86 OK
r-devel-linux-x86_64-fedora-clang 0.3.4 326.23 NOTE
r-devel-linux-x86_64-fedora-gcc 0.3.4 316.97 NOTE
r-devel-windows-ix86+x86_64 0.3.4 143.00 251.00 394.00 OK
r-devel-windows-ix86+x86_64-gcc8 0.3.4 160.00 355.00 515.00 OK
r-patched-linux-x86_64 0.3.4 OK
r-patched-solaris-x86 0.3.4 336.10 NOTE
r-release-linux-x86_64 0.3.4 62.35 154.63 216.98 OK
r-release-windows-ix86+x86_64 0.3.4 142.00 271.00 413.00 OK
r-release-osx-x86_64 0.3.4 NOTE
r-oldrel-windows-ix86+x86_64 0.3.4 120.00 233.00 353.00 OK
r-oldrel-osx-x86_64 0.3.4 ERROR

Check Details

Version: 0.3.4
Check: installed package size
Result: NOTE
     installed size is 9.3Mb
     sub-directories of 1Mb or more:
     libs 8.6Mb
Flavors: r-devel-linux-x86_64-fedora-clang, r-release-osx-x86_64

Version: 0.3.4
Check: dependencies in R code
Result: NOTE
    Namespaces in Imports field not imported from:
     ‘Biobase’ ‘CGHbase’
     All declared Imports should be used.
Flavors: r-devel-linux-x86_64-fedora-clang, r-devel-linux-x86_64-fedora-gcc, r-patched-solaris-x86, r-release-osx-x86_64

Version: 0.3.4
Check: package dependencies
Result: ERROR
    Package required but not available: ‘CGHbase’
    
    See section ‘The DESCRIPTION file’ in the ‘Writing R Extensions’
    manual.
Flavor: r-oldrel-osx-x86_64