CRAN Package Check Results for Package ragt2ridges

Last updated on 2019-09-17 03:50:20 CEST.

Flavor Version Tinstall Tcheck Ttotal Status Flags
r-devel-linux-x86_64-debian-clang 0.3.2 77.01 153.59 230.60 OK
r-devel-linux-x86_64-debian-gcc 0.3.2 OK
r-devel-linux-x86_64-fedora-clang 0.3.2 298.05 NOTE
r-devel-linux-x86_64-fedora-gcc 0.3.2 298.75 OK
r-devel-windows-ix86+x86_64 0.3.2 168.00 332.00 500.00 OK
r-patched-linux-x86_64 0.3.2 62.27 149.52 211.79 OK
r-patched-solaris-x86 0.3.2 350.50 OK
r-release-linux-x86_64 0.3.2 61.88 152.07 213.95 OK
r-release-windows-ix86+x86_64 0.3.2 112.00 280.00 392.00 OK
r-release-osx-x86_64 0.3.2 ERROR
r-oldrel-windows-ix86+x86_64 0.3.2 151.00 219.00 370.00 OK
r-oldrel-osx-x86_64 0.3.2 NOTE

Check Details

Version: 0.3.2
Check: installed package size
Result: NOTE
     installed size is 9.1Mb
     sub-directories of 1Mb or more:
     libs 8.5Mb
Flavors: r-devel-linux-x86_64-fedora-clang, r-oldrel-osx-x86_64

Version: 0.3.2
Check: package dependencies
Result: ERROR
    Package required but not available: ‘rags2ridges’
    
    Packages suggested but not available for checking: 'Biobase', 'CGHbase'
    
    See section ‘The DESCRIPTION file’ in the ‘Writing R Extensions’
    manual.
Flavor: r-release-osx-x86_64

Version: 0.3.2
Check: package dependencies
Result: NOTE
    Package suggested but not available for checking: ‘CGHbase’
Flavor: r-oldrel-osx-x86_64

Version: 0.3.2
Check: Rd cross-references
Result: NOTE
    Package unavailable to check Rd xrefs: ‘CGHbase’
Flavor: r-oldrel-osx-x86_64

Version: 0.3.2
Check: data for non-ASCII characters
Result: NOTE
     Error in .requirePackage(package) :
     unable to find required package 'CGHbase'
     Calls: <Anonymous> ... .extendsForS3 -> extends -> getClassDef -> .requirePackage
     Execution halted
Flavor: r-oldrel-osx-x86_64