CRAN Package Check Results for Package rankFD

Last updated on 2020-04-07 03:48:21 CEST.

Flavor Version Tinstall Tcheck Ttotal Status Flags
r-devel-linux-x86_64-debian-clang 0.0.5 9.97 72.03 82.00 OK
r-devel-linux-x86_64-debian-gcc 0.0.5 7.91 56.84 64.75 OK
r-devel-linux-x86_64-fedora-clang 0.0.5 98.49 OK
r-devel-linux-x86_64-fedora-gcc 0.0.5 114.29 OK
r-devel-windows-ix86+x86_64 0.0.5 26.00 75.00 101.00 OK
r-devel-windows-ix86+x86_64-gcc8 0.0.5 21.00 79.00 100.00 OK
r-patched-linux-x86_64 0.0.5 10.12 70.68 80.80 OK
r-patched-solaris-x86 0.0.5 154.90 OK
r-release-linux-x86_64 0.0.5 7.81 63.45 71.26 OK
r-release-windows-ix86+x86_64 0.0.5 17.00 85.00 102.00 OK
r-release-osx-x86_64 0.0.5 NOTE
r-oldrel-windows-ix86+x86_64 0.0.5 12.00 71.00 83.00 OK
r-oldrel-osx-x86_64 0.0.5 NOTE

Check Details

Version: 0.0.5
Check: dependencies in R code
Result: NOTE
    No protocol specified
Flavors: r-release-osx-x86_64, r-oldrel-osx-x86_64