CRAN Package Check Results for Package rappdirs

Last updated on 2020-09-22 03:49:36 CEST.

Flavor Version Tinstall Tcheck Ttotal Status Flags
r-devel-linux-x86_64-debian-clang 0.3.1 3.14 24.78 27.92 OK
r-devel-linux-x86_64-debian-gcc 0.3.1 0.27 1.86 2.13 ERROR
r-devel-linux-x86_64-fedora-clang 0.3.1 44.63 NOTE
r-devel-linux-x86_64-fedora-gcc 0.3.1 35.36 NOTE
r-devel-windows-ix86+x86_64 0.3.1 16.00 47.00 63.00 OK
r-patched-linux-x86_64 0.3.1 2.70 24.70 27.40 OK
r-patched-solaris-x86 0.3.1 51.50 OK
r-release-linux-x86_64 0.3.1 3.07 24.96 28.03 OK
r-release-macos-x86_64 0.3.1 OK
r-release-windows-ix86+x86_64 0.3.1 18.00 43.00 61.00 OK
r-oldrel-macos-x86_64 0.3.1 OK
r-oldrel-windows-ix86+x86_64 0.3.1 8.00 53.00 61.00 OK

Check Details

Version: 0.3.1
Check: whether package can be installed
Result: ERROR
    Installation failed.
Flavor: r-devel-linux-x86_64-debian-gcc

Version: 0.3.1
Check: compiled code
Result: NOTE
    File ‘rappdirs/libs/rappdirs.so’:
     Found no calls to: ‘R_registerRoutines’, ‘R_useDynamicSymbols’
    
    It is good practice to register native routines and to disable symbol
    search.
    
    See ‘Writing portable packages’ in the ‘Writing R Extensions’ manual.
Flavors: r-devel-linux-x86_64-fedora-clang, r-devel-linux-x86_64-fedora-gcc