CRAN Package Check Results for Package rappdirs

Last updated on 2020-01-27 02:47:28 CET.

Flavor Version Tinstall Tcheck Ttotal Status Flags
r-devel-linux-x86_64-debian-clang 0.3.1 3.46 23.91 27.37 OK
r-devel-linux-x86_64-debian-gcc 0.3.1 2.65 19.35 22.00 OK
r-devel-linux-x86_64-fedora-clang 0.3.1 34.96 NOTE
r-devel-linux-x86_64-fedora-gcc 0.3.1 34.04 NOTE
r-devel-windows-ix86+x86_64 0.3.1 18.00 60.00 78.00 OK
r-devel-windows-ix86+x86_64-gcc8 0.3.1 19.00 52.00 71.00 OK
r-patched-linux-x86_64 0.3.1 2.01 21.81 23.82 OK
r-patched-solaris-x86 0.3.1 45.50 OK
r-release-linux-x86_64 0.3.1 2.03 21.87 23.90 OK
r-release-windows-ix86+x86_64 0.3.1 1.00 6.00 7.00 ERROR
r-release-osx-x86_64 0.3.1 OK
r-oldrel-windows-ix86+x86_64 0.3.1 8.00 44.00 52.00 OK
r-oldrel-osx-x86_64 0.3.1 OK

Check Details

Version: 0.3.1
Check: compiled code
Result: NOTE
    File ‘rappdirs/libs/rappdirs.so’:
     Found no calls to: ‘R_registerRoutines’, ‘R_useDynamicSymbols’
    
    It is good practice to register native routines and to disable symbol
    search.
    
    See ‘Writing portable packages’ in the ‘Writing R Extensions’ manual.
Flavors: r-devel-linux-x86_64-fedora-clang, r-devel-linux-x86_64-fedora-gcc

Version: 0.3.1
Check: whether package can be installed
Result: ERROR
    Installation failed.
Flavor: r-release-windows-ix86+x86_64