CRAN Package Check Results for Package rbokeh

Last updated on 2020-04-10 03:49:36 CEST.

Flavor Version Tinstall Tcheck Ttotal Status Flags
r-devel-linux-x86_64-debian-clang 0.5.0 14.24 111.26 125.50 OK
r-devel-linux-x86_64-debian-gcc 0.5.0 11.35 85.60 96.95 OK
r-devel-linux-x86_64-fedora-clang 0.5.0 145.40 NOTE
r-devel-linux-x86_64-fedora-gcc 0.5.0 165.89 NOTE
r-devel-windows-ix86+x86_64 0.5.0 27.00 133.00 160.00 OK
r-devel-windows-ix86+x86_64-gcc8 0.5.0 23.00 130.00 153.00 OK
r-patched-linux-x86_64 0.5.0 11.80 107.50 119.30 OK
r-patched-osx-x86_64 0.5.0 WARN
r-patched-solaris-x86 0.5.0 205.70 NOTE
r-release-linux-x86_64 0.5.0 11.50 99.99 111.49 OK
r-release-windows-ix86+x86_64 0.5.0 24.00 212.00 236.00 OK
r-release-osx-x86_64 0.5.0 NOTE
r-oldrel-windows-ix86+x86_64 0.5.0 22.00 177.00 199.00 OK
r-oldrel-osx-x86_64 0.5.0 NOTE

Check Details

Version: 0.5.0
Check: dependencies in R code
Result: NOTE
    Namespace in Imports field not imported from: ‘ggplot2’
     All declared Imports should be used.
Flavors: r-devel-linux-x86_64-fedora-clang, r-devel-linux-x86_64-fedora-gcc, r-patched-osx-x86_64, r-patched-solaris-x86, r-release-osx-x86_64, r-oldrel-osx-x86_64

Version: 0.5.0
Check: re-building of vignette outputs
Result: WARN
    Error(s) in re-building vignettes:
    --- re-building ‘docs.Rmd’ using rmarkdown
    dyld: lazy symbol binding failed: Symbol not found: ____chkstk_darwin
     Referenced from: /usr/local/bin/pandoc (which was built for Mac OS X 10.15)
     Expected in: /usr/lib/libSystem.B.dylib
    
    dyld: Symbol not found: ____chkstk_darwin
     Referenced from: /usr/local/bin/pandoc (which was built for Mac OS X 10.15)
     Expected in: /usr/lib/libSystem.B.dylib
    
    Error: processing vignette 'docs.Rmd' failed with diagnostics:
    pandoc document conversion failed with error 6
    --- failed re-building ‘docs.Rmd’
    
    --- re-building ‘tutorial.Rmd’ using rmarkdown
    dyld: lazy symbol binding failed: Symbol not found: ____chkstk_darwin
     Referenced from: /usr/local/bin/pandoc (which was built for Mac OS X 10.15)
     Expected in: /usr/lib/libSystem.B.dylib
    
    dyld: Symbol not found: ____chkstk_darwin
     Referenced from: /usr/local/bin/pandoc (which was built for Mac OS X 10.15)
     Expected in: /usr/lib/libSystem.B.dylib
    
    Error: processing vignette 'tutorial.Rmd' failed with diagnostics:
    pandoc document conversion failed with error 6
    --- failed re-building ‘tutorial.Rmd’
    
    SUMMARY: processing the following files failed:
     ‘docs.Rmd’ ‘tutorial.Rmd’
    
    Error: Vignette re-building failed.
    Execution halted
Flavor: r-patched-osx-x86_64