CRAN Package Check Results for Package reactlog

Last updated on 2021-06-25 03:48:23 CEST.

Flavor Version Tinstall Tcheck Ttotal Status Flags
r-devel-linux-x86_64-debian-clang 1.1.0 2.48 27.78 30.26 NOTE
r-devel-linux-x86_64-debian-gcc 1.1.0 1.99 21.65 23.64 NOTE
r-devel-linux-x86_64-fedora-clang 1.1.0 44.81 NOTE
r-devel-linux-x86_64-fedora-gcc 1.1.0 35.60 NOTE
r-devel-windows-x86_64 1.1.0 4.00 36.00 40.00 NOTE
r-devel-windows-x86_64-gcc10-UCRT 1.1.0 NOTE
r-patched-linux-x86_64 1.1.0 2.44 26.77 29.21 NOTE
r-patched-solaris-x86 1.1.0 58.60 NOTE
r-release-linux-x86_64 1.1.0 2.34 26.85 29.19 NOTE
r-release-macos-arm64 1.1.0 NOTE
r-release-macos-x86_64 1.1.0 NOTE
r-release-windows-ix86+x86_64 1.1.0 5.00 33.00 38.00 NOTE
r-oldrel-macos-x86_64 1.1.0 OK
r-oldrel-windows-ix86+x86_64 1.1.0 6.00 40.00 46.00 OK

Check Details

Version: 1.1.0
Check: LazyData
Result: NOTE
     'LazyData' is specified without a 'data' directory
Flavors: r-devel-linux-x86_64-debian-clang, r-devel-linux-x86_64-debian-gcc, r-devel-linux-x86_64-fedora-clang, r-devel-linux-x86_64-fedora-gcc, r-devel-windows-x86_64, r-devel-windows-x86_64-gcc10-UCRT, r-patched-linux-x86_64, r-patched-solaris-x86, r-release-linux-x86_64, r-release-macos-arm64, r-release-macos-x86_64, r-release-windows-ix86+x86_64