CRAN Package Check Results for Package readabs

Last updated on 2020-07-08 03:48:01 CEST.

Flavor Version Tinstall Tcheck Ttotal Status Flags
r-devel-linux-x86_64-debian-clang 0.4.3 6.65 94.74 101.39 OK
r-devel-linux-x86_64-debian-gcc 0.4.3 5.99 70.79 76.78 OK
r-devel-linux-x86_64-fedora-clang 0.4.3 122.44 OK
r-devel-linux-x86_64-fedora-gcc 0.4.3 115.95 OK
r-devel-windows-ix86+x86_64 0.4.3 21.00 82.00 103.00 WARN
r-patched-linux-x86_64 0.4.3 7.59 92.67 100.26 OK
r-patched-solaris-x86 0.4.3 169.20 OK
r-release-linux-x86_64 0.4.3 7.94 93.02 100.96 OK
r-release-osx-x86_64 0.4.3 OK
r-release-windows-ix86+x86_64 0.4.3 19.00 78.00 97.00 WARN
r-oldrel-osx-x86_64 0.4.3 OK
r-oldrel-windows-ix86+x86_64 0.4.3 39.00 110.00 149.00 WARN

Check Details

Version: 0.4.3
Check: re-building of vignette outputs
Result: WARN
    Error(s) in re-building vignettes:
    --- re-building 'readabs_vignette.Rmd' using rmarkdown
    Quitting from lines 64-67 (readabs_vignette.Rmd)
    Error: processing vignette 'readabs_vignette.Rmd' failed with diagnostics:
    cannot open URL 'https://ausstats.abs.gov.au/servlet/TSSearchServlet?catno=6345.0&pg=1'
    --- failed re-building 'readabs_vignette.Rmd'
    
    SUMMARY: processing the following file failed:
     'readabs_vignette.Rmd'
    
    Error: Vignette re-building failed.
    Execution halted
Flavors: r-devel-windows-ix86+x86_64, r-release-windows-ix86+x86_64, r-oldrel-windows-ix86+x86_64