CRAN Package Check Results for Package readroper

Last updated on 2020-04-04 15:48:30 CEST.

Flavor Version Tinstall Tcheck Ttotal Status Flags
r-devel-linux-x86_64-debian-clang 0.9.1 1.99 24.92 26.91 ERROR
r-devel-linux-x86_64-debian-gcc 0.9.1 1.45 20.56 22.01 ERROR
r-devel-linux-x86_64-fedora-clang 0.9.1 34.52 ERROR
r-devel-linux-x86_64-fedora-gcc 0.9.1 33.32 ERROR
r-devel-windows-ix86+x86_64 0.9.1 7.00 39.00 46.00 OK
r-devel-windows-ix86+x86_64-gcc8 0.9.1 8.00 40.00 48.00 OK
r-patched-linux-x86_64 0.9.1 1.73 24.56 26.29 ERROR
r-patched-solaris-x86 0.9.1 51.40 ERROR
r-release-linux-x86_64 0.9.1 1.52 22.99 24.51 ERROR
r-release-windows-ix86+x86_64 0.9.1 4.00 60.00 64.00 ERROR
r-release-osx-x86_64 0.9.1 OK
r-oldrel-windows-ix86+x86_64 0.9.1 2.00 43.00 45.00 ERROR
r-oldrel-osx-x86_64 0.9.1 OK

Check Details

Version: 0.9.1
Check: examples
Result: ERROR
    Running examples in 'readroper-Ex.R' failed
    The error most likely occurred in:
    
    > base::assign(".ptime", proc.time(), pos = "CheckExEnv")
    > ### Name: read_rpr
    > ### Title: Reads Roper Center datasets
    > ### Aliases: read_rpr
    >
    > ### ** Examples
    >
    > fwf_sample <- readroper_example('testMultiCard.txt')
    > cat(readr::read_lines(fwf_sample))
    0081 0801 0071 0701 0041 0401 0051 0501 0011 0101 1021 0211 0031 0301 1071 0711 1041 0411 0081 0801 0071 0701 1051 0511 1101 1011 1071 0711 0051 0501 1071 0711 0061 0601 2061 0621 1041 0411 2051 0521 1081 0811 1031 0311 0091 0901 0061 0601 1031 0311 0091 0901 0071 0701 0061 0601 0041 0401 1061 0611 1031 0311 1061 0611 1041 0411 1081 0811 2031 0321 1021 0211 0051 0501 1061 0611 0071 0701 1031 0311 3071 0731 2041 0421 1051 0511 0061 0601 1071 0711 2061 0621 1041 0411 2091 0921 1101 1011 0071 0701 0081 0801 0051 0501 0061 0601 1091 0911 0081 0801 0051 0501 2091 0921 3051 0531 2051 0521 0081 0801 1061 0611 2071 0721 2031 0321 0061 0601 0051 0501 0071 0701 1081 0811 2061 0621 2051 0521 0071 0701 2081 0821 0101 1001 0051 0501 1071 0711 0061 0601 0031 0301 2081 0821 2041 0421 0041 0401 0081 0801 1091 0911 0041 0401 2121 1221 2091 0921 0061 0601 0061 0601 1071 0711 0101 1001 1091 0911 0071 0701 0061 0601 0081 0801 1021 0211 3081 0831 1031 0311 1071 0711 0051 0501 0051 0501 0081 0801 0091 0901 0061 0601 2051 0521 0061 0601 0021 0201 1041 0411 1051 0511 0061 0601 2071 0721 1091 0911 1031 0311 0061 0601 0081 0801 0051 0501 1081 0811 2071 0721 1091 0911 0081 0801 1041 0411 0071 0701 3051 0531 0041 0401 1051 0511 0101 1001 0061 0601 1051 0511 1031 0311 2041 0421 2091 0921 0051 0501 0041 0401 1041 0411 0061 0601 2071 0721 1051 0511 3111 1131 1071 0711 0021 0201 0031 0301 1041 0411 1101 1011 1051 0511 0071 0701 0101 1001 0041 0401 1041 0411 0091 0901 0081 0801 1111 1111 2051 0521 1041 0411 3081 0831 0081 0801 1041 0411 2061 0621 1021 0211 2051 0521 1081 0811 0051 0501 0071 0701 0081 0801 1041 0411 1071 0711 0071 0701 2111 1121 3091 0931 0071 0701 1011 0111 0071 0701 1091 0911 0051 0501 0031 0301 1041 0411 1071 0711 0021 0201 0121 1201 2051 0521 0041 0401 1051 0511 0041 0401 0031 0301 0041 0401 0021 0201 2021 0221 1051 0511 1051 0511 1071 0711 0041 0401 2041 0421 0061 0601 1051 0511 2061 0621 2071 0721 1071 0711 1081 0811 1011 0111 1041 0411 1061 0611 1081 0811 1101 1011 2091 0921 0031 0301 0021 0201 0111 1101 2031 0321 1051 0511 0111 1101 2101 1021 2031 0321 0051 0501 0051 0501 0071 0701 1071 0711 2031 0321 2051 0521 0031 0301 1071 0711 2051 0521 1021 0211 0081 0801 2051 0521 2081 0821 2031 0321 1061 0611 3061 0631 1081 0811 1061 0611 1091 0911 0041 0401 1041 0411 2061 0621 0061 0601 0111 1101 1041 0411 0071 0701 0031 0301 1071 0711 1051 0511 1101 1011 0111 1101 0061 0601 0041 0401 1101 1011 0051 0501 1091 0911 0091 0901 1091 0911 0061 0601 2091 0921 0061 0601 2051 0521 1111 1111 1061 0611 0061 0601 1071 0711 0021 0201 0111 1101 0061 0601 0031 0301 1101 1011 0051 0501 0061 0601 1061 0611 0051 0501 1031 0311 0041 0401 0061 0601 0061 0601 0071 0701 0061 0601 0071 0701 2041 0421 0031 0301 1111 1111 0031 0301 0061 0601 0051 0501 1051 0511 1041 0411 1051 0511 0091 0901 2091 0921 2081 0821 0041 0401 0051 0501 0071 0701 0041 0401 1051 0511 2101 1021 0021 0201 0041 0401 1041 0411 0051 0501 2051 0521 1041 0411 1031 0311 1091 0911 1061 0611 0051 0501 2061 0621 0091 0901 2031 0321 0051 0501 2041 0421 1071 0711 2051 0521 2091 0921 2061 0621 1061 0611 1051 0511 1031 0311 0051 0501 1051 0511 1081 0811 3091 0931 0071 0701 1031 0311 2071 0721 0061 0601 0081 0801 0041 0401 0051 0501 1061 0611 0041 0401 1051 0511 0051 0501 1051 0511 3041 0431 0051 0501 1101 1011 0051 0501 0041 0401 0061 0601 2051 0521 0051 0501 1091 0911 0051 0501 0071 0701 0051 0501 0041 0401 3051 0531 1061 0611 1041 0411 1041 0411 0041 0401 1051 0511 1061 0611 1021 0211 0071 0701 0081 0801 1071 0711 2051 0521 1061 0611 3041 0431 0051 0501 1081 0811 0081 0801 0111 1101 2051 0521 1041 0411 0081 0801 0061 0601 1061 0611 0031 0301 0091 0901 0041 0401 0041 0401 0041 0401 2041 0421 1051 0511 0071 0701 0051 0501 0101 1001 0061 0601 0031 0301 0061 0601 0061 0601 0041 0401 0081 0801 2051 0521 0011 0101 0051 0501 2091 0921 2061 0621 0081 0801 0071 0701 1041 0411 2021 0221 1101 1011 0021 0201 1021 0211 1081 0811 1051 0511 1021 0211 0111 1101 3091 0931 0041 0401 2031 0321 0071 0701 1021 0211 0021 0201 0051 0501 0071 0701 0091 0901 0041 0401 0031 0301 1061 0611 1041 0411 3041 0431 0091 0901 1061 0611 1031 0311 1081 0811 0041 0401 0031 0301 3061 0631 0081 0801 0081 0801 0081 0801 0051 0501 2031 0321 0061 0601 0081 0801 2081 0821 1041 0411 0111 1101 0051 0501 0041 0401 0081 0801 2051 0521 0041 0401 1081 0811 0091 0901 0031 0301 1101 1011 1071 0711 1111 1111 1061 0611 0081 0801 0071 0701 2091 0921 0061 0601 2061 0621 0061 0601 1081 0811 1041 0411 0061 0601 0031 0301 0091 0901 0081 0801 0081 0801 1061 0611 1021 0211 2081 0821 0051 0501 2061 0621 0051 0501 2051 0521 0061 0601 0061 0601 0071 0701 0061 0601 0031 0301 1021 0211 1051 0511 1071 0711 0091 0901 0061 0601 1071 0711 0071 0701 1051 0511 2061 0621 0091 0901 2111 1121 2061 0621 1081 0811 0051 0501 1061 0611 3071 0731 1051 0511 1051 0511 0071 0701 1021 0211 1081 0811 1081 0811 1091 0911 1071 0711 0011 0101 0061 0601 2071 0721 1011 0111 1071 0711 1081 0811 2081 0821 2031 0321 1021 0211 1071 0711 0041 0401 0091 0901 0061 0601 1121 1211 0011 0101 0041 0401 0041 0401 0081 0801 0051 0501 0091 0901 1091 0911 1061 0611 0071 0701 2071 0721 0051 0501 0051 0501 3051 0531 1061 0611 1071 0711 0051 0501 1061 0611 2051 0521 0031 0301 0091 0901 1031 0311 0071 0701 3111 1131 2061 0621 2031 0321 2121 1221 1061 0611 2041 0421 2101 1021 0061 0601 1061 0611 1031 0311 0061 0601 1061 0611 1041 0411 1071 0711 0081 0801 0091 0901 2041 0421 0081 0801 0031 0301 0051 0501 0031 0301 1021 0211 1061 0611 1031 0311 1041 0411 3071 0731 2061 0621 0051 0501 1041 0411 0061 0601 0041 0401 0051 0501 1041 0411 1101 1011 1021 0211 0011 0101 1051 0511 0081 0801 0051 0501 1081 0811 0071 0701 0051 0501 0061 0601 2091 0921 2081 0821 3091 0931 1041 0411 0061 0601 2071 0721 1061 0611 0031 0301 0041 0401 0081 0801 2051 0521 2071 0721 1091 0911 0041 0401 0061 0601 1031 0311 0071 0701 1061 0611 0061 0601 0041 0401 2061 0621 0081 0801 1071 0711 0061 0601 2041 0421 2051 0521 2041 0421 0061 0601 1031 0311 1091 0911 1081 0811 1031 0311 1091 0911 1061 0611 0081 0801 0101 1001 0071 0701 1061 0611 0031 0301 1051 0511 2061 0621 0051 0501 1011 0111 0091 0901 1061 0611 1051 0511 2061 0621 1041 0411 2071 0721 0111 1101 1071 0711 0041 0401 0051 0501 1051 0511 0081 0801 0051 0501 2091 0921 1061 0611 1061 0611 0071 0701 1051 0511 1021 0211 2101 1021 0071 0701 1081 0811 1091 0911 1061 0611 1031 0311 2081 0821 0031 0301 0011 0101 0051 0501 1051 0511 0061 0601 0091 0901 0091 0901 1071 0711 1041 0411 1051 0511 2081 0821 0081 0801 0041 0401 0081 0801 0041 0401 0051 0501 2091 0921 2061 0621 0081 0801 0041 0401 0071 0701 2051 0521 0021 0201 0041 0401 0061 0601 0091 0901 0021 0201 1021 0211 0061 0601 1051 0511 0031 0301 1051 0511 1081 0811 1051 0511 1081 0811 0061 0601 2041 0421 1061 0611 0031 0301 0031 0301 1091 0911 2031 0321 0071 0701 0041 0401 1111 1111 3041 0431 1061 0611 0051 0501 2061 0621 0031 0301 1061 0611 0071 0701 0091 0901 0061 0601 1021 0211 1061 0611 2091 0921 1021 0211 0071 0701 1011 0111 0051 0501 1071 0711 0061 0601 0061 0601 1041 0411 1061 0611 1061 0611 0041 0401 0021 0201 0051 0501 0081 0801 2041 0421 0081 0801 1051 0511 0101 1001 0081 0801 0091 0901 0091 0901 0091 0901 1071 0711 0061 0601 1021 0211 1061 0611 1091 0911 0031 0301 0061 0601 2091 0921 1071 0711 0061 0601 0111 1101 2061 0621 1051 0511 2021 0221 1051 0511 1061 0611 2081 0821 1081 0811 1031 0311 0051 0501 0071 0701 2081 0821 0051 0501 0061 0601 2031 0321 0061 0601 0061 0601 1051 0511 1051 0511 0031 0301 2061 0621 2051 0521 0061 0601 2081 0821 0081 0801 0051 0501 1051 0511 1051 0511 1081 0811 1041 0411 1051 0511 0021 0201 1071 0711 0081 0801 1091 0911 2051 0521 0041 0401 1061 0611 1041 0411 0071 0701 0071 0701 1021 0211 0071 0701 0061 0601 0021 0201 0061 0601 2091 0921 0021 0201 1061 0611 1021 0211 0021 0201 1051 0511 0071 0701 1101 1011 0051 0501 1021 0211 1051 0511 1101 1011 0091 0901 1111 1111 1051 0511 3101 1031 0101 1001 2071 0721 0051 0501 0081 0801 1061 0611 2071 0721 1051 0511 2061 0621 3051 0531 0051 0501 1051 0511 1021 0211 1051 0511 2041 0421 0071 0701 1021 0211 0021 0201 1061 0611 0081 0801 0041 0401 1031 0311 0061 0601 0011 0101 0071 0701 0061 0601 1031 0311 0041 0401 2061 0621 1051 0511 1051 0511 1061 0611 0031 0301 1041 0411 1041 0411 0061 0601 0071 0701 0101 1001 2091 0921 1091 0911 0051 0501 0041 0401 0051 0501 0011 0101 0061 0601 0041 0401 1061 0611 0051 0501 0061 0601 1061 0611 1061 0611 2041 0421 0041 0401 0061 0601 1021 0211 0051 0501 0051 0501 1061 0611 1051 0511 0061 0601 2071 0721 1061 0611 0071 0701 0041 0401 0051 0501 1081 0811 0071 0701 1101 1011 2051 0521 1001 0011 0051 0501 0061 0601 0041 0401 2031 0321 0081 0801 1021 0211 1061 0611 1111 1111 0051 0501 1051 0511 0051 0501 1091 0911 0081 0801 0051 0501 2051 0521 1051 0511 0061 0601 0021 0201 1071 0711 2061 0621 0071 0701 1081 0811 0011 0101 0061 0601 0031 0301 2051 0521 1041 0411 1101 1011 2091 0921 1061 0611 1041 0411 1081 0811 1041 0411 0061 0601 1061 0611 0021 0201 0081 0801 0031 0301 1081 0811 2061 0621 0051 0501 0011 0101 1071 0711 1071 0711 1041 0411 2031 0321 1091 0911 2021 0221 0061 0601 1071 0711 0061 0601 1091 0911 2071 0721 0041 0401 0051 0501 1061 0611 1051 0511 2071 0721 2031 0321 0041 0401 1091 0911 0051 0501 0031 0301 0061 0601 1071 0711 1041 0411 0091 0901 0061 0601 2071 0721 1051 0511 0051 0501 1041 0411 1041 0411 2081 0821 0051 0501 1011 0111 2061 0621 0041 0401 2041 0421 2051 0521 0021 0201 0061 0601 2041 0421 0061 0601 1091 0911 0011 0101 0071 0701 3031 0331 0071 0701 0071 0701 1071 0711 0021 0201 0061 0601 1061 0611 1081 0811 0081 0801 0111 1101 1011 0111 0061 0601 1041 0411 1081 0811 0051 0501 1061 0611 1081 0811 2091 0921 1091 0911 0071 0701 1061 0611 0021 0201 3041 0431 0061 0601 0051 0501 0061 0601 0091 0901 0051 0501 1061 0611 1031 0311 0041 0401 0051 0501 2051 0521 0071 0701 2041 0421 1041 0411 0051 0501 0061 0601 1021 0211 1051 0511 2111 1121 0101 1001 0091 0901 1021 0211 2051 0521 1111 1111 0061 0601> fwf_sample2 <- readroper_example('testSingleCard.txt')
    > cat(readr::read_lines(fwf_sample2))
    0081 0071 0041 0051 0011 1021 0031 1071 1041 0081 0071 1051 1101 1071 0051 1071 0061 2061 1041 2051 1081 1031 0091 0061 1031 0091 0071 0061 0041 1061 1031 1061 1041 1081 2031 1021 0051 1061 0071 1031 3071 2041 1051 0061 1071 2061 1041 2091 1101 0071 0081 0051 0061 1091 0081 0051 2091 3051 2051 0081 1061 2071 2031 0061 0051 0071 1081 2061 2051 0071 2081 0101 0051 1071 0061 0031 2081 2041 0041 0081 1091 0041 2121 2091 0061 0061 1071 0101 1091 0071 0061 0081 1021 3081 1031 1071 0051 0051 0081 0091 0061 2051 0061 0021 1041 1051 0061 2071 1091 1031 0061 0081 0051 1081 2071 1091 0081 1041 0071 3051 0041 1051 0101 0061 1051 1031 2041 2091 0051 0041 1041 0061 2071 1051 3111 1071 0021 0031 1041 1101 1051 0071 0101 0041 1041 0091 0081 1111 2051 1041 3081 0081 1041 2061 1021 2051 1081 0051 0071 0081 1041 1071 0071 2111 3091 0071 1011 0071 1091 0051 0031 1041 1071 0021 0121 2051 0041 1051 0041 0031 0041 0021 2021 1051 1051 1071 0041 2041 0061 1051 2061 2071 1071 1081 1011 1041 1061 1081 1101 2091 0031 0021 0111 2031 1051 0111 2101 2031 0051 0051 0071 1071 2031 2051 0031 1071 2051 1021 0081 2051 2081 2031 1061 3061 1081 1061 1091 0041 1041 2061 0061 0111 1041 0071 0031 1071 1051 1101 0111 0061 0041 1101 0051 1091 0091 1091 0061 2091 0061 2051 1111 1061 0061 1071 0021 0111 0061 0031 1101 0051 0061 1061 0051 1031 0041 0061 0061 0071 0061 0071 2041 0031 1111 0031 0061 0051 1051 1041 1051 0091 2091 2081 0041 0051 0071 0041 1051 2101 0021 0041 1041 0051 2051 1041 1031 1091 1061 0051 2061 0091 2031 0051 2041 1071 2051 2091 2061 1061 1051 1031 0051 1051 1081 3091 0071 1031 2071 0061 0081 0041 0051 1061 0041 1051 0051 1051 3041 0051 1101 0051 0041 0061 2051 0051 1091 0051 0071 0051 0041 3051 1061 1041 1041 0041 1051 1061 1021 0071 0081 1071 2051 1061 3041 0051 1081 0081 0111 2051 1041 0081 0061 1061 0031 0091 0041 0041 0041 2041 1051 0071 0051 0101 0061 0031 0061 0061 0041 0081 2051 0011 0051 2091 2061 0081 0071 1041 2021 1101 0021 1021 1081 1051 1021 0111 3091 0041 2031 0071 1021 0021 0051 0071 0091 0041 0031 1061 1041 3041 0091 1061 1031 1081 0041 0031 3061 0081 0081 0081 0051 2031 0061 0081 2081 1041 0111 0051 0041 0081 2051 0041 1081 0091 0031 1101 1071 1111 1061 0081 0071 2091 0061 2061 0061 1081 1041 0061 0031 0091 0081 0081 1061 1021 2081 0051 2061 0051 2051 0061 0061 0071 0061 0031 1021 1051 1071 0091 0061 1071 0071 1051 2061 0091 2111 2061 1081 0051 1061 3071 1051 1051 0071 1021 1081 1081 1091 1071 0011 0061 2071 1011 1071 1081 2081 2031 1021 1071 0041 0091 0061 1121 0011 0041 0041 0081 0051 0091 1091 1061 0071 2071 0051 0051 3051 1061 1071 0051 1061 2051 0031 0091 1031 0071 3111 2061 2031 2121 1061 2041 2101 0061 1061 1031 0061 1061 1041 1071 0081 0091 2041 0081 0031 0051 0031 1021 1061 1031 1041 3071 2061 0051 1041 0061 0041 0051 1041 1101 1021 0011 1051 0081 0051 1081 0071 0051 0061 2091 2081 3091 1041 0061 2071 1061 0031 0041 0081 2051 2071 1091 0041 0061 1031 0071 1061 0061 0041 2061 0081 1071 0061 2041 2051 2041 0061 1031 1091 1081 1031 1091 1061 0081 0101 0071 1061 0031 1051 2061 0051 1011 0091 1061 1051 2061 1041 2071 0111 1071 0041 0051 1051 0081 0051 2091 1061 1061 0071 1051 1021 2101 0071 1081 1091 1061 1031 2081 0031 0011 0051 1051 0061 0091 0091 1071 1041 1051 2081 0081 0041 0081 0041 0051 2091 2061 0081 0041 0071 2051 0021 0041 0061 0091 0021 1021 0061 1051 0031 1051 1081 1051 1081 0061 2041 1061 0031 0031 1091 2031 0071 0041 1111 3041 1061 0051 2061 0031 1061 0071 0091 0061 1021 1061 2091 1021 0071 1011 0051 1071 0061 0061 1041 1061 1061 0041 0021 0051 0081 2041 0081 1051 0101 0081 0091 0091 0091 1071 0061 1021 1061 1091 0031 0061 2091 1071 0061 0111 2061 1051 2021 1051 1061 2081 1081 1031 0051 0071 2081 0051 0061 2031 0061 0061 1051 1051 0031 2061 2051 0061 2081 0081 0051 1051 1051 1081 1041 1051 0021 1071 0081 1091 2051 0041 1061 1041 0071 0071 1021 0071 0061 0021 0061 2091 0021 1061 1021 0021 1051 0071 1101 0051 1021 1051 1101 0091 1111 1051 3101 0101 2071 0051 0081 1061 2071 1051 2061 3051 0051 1051 1021 1051 2041 0071 1021 0021 1061 0081 0041 1031 0061 0011 0071 0061 1031 0041 2061 1051 1051 1061 0031 1041 1041 0061 0071 0101 2091 1091 0051 0041 0051 0011 0061 0041 1061 0051 0061 1061 1061 2041 0041 0061 1021 0051 0051 1061 1051 0061 2071 1061 0071 0041 0051 1081 0071 1101 2051 1001 0051 0061 0041 2031 0081 1021 1061 1111 0051 1051 0051 1091 0081 0051 2051 1051 0061 0021 1071 2061 0071 1081 0011 0061 0031 2051 1041 1101 2091 1061 1041 1081 1041 0061 1061 0021 0081 0031 1081 2061 0051 0011 1071 1071 1041 2031 1091 2021 0061 1071 0061 1091 2071 0041 0051 1061 1051 2071 2031 0041 1091 0051 0031 0061 1071 1041 0091 0061 2071 1051 0051 1041 1041 2081 0051 1011 2061 0041 2041 2051 0021 0061 2041 0061 1091 0011 0071 3031 0071 0071 1071 0021 0061 1061 1081 0081 0111 1011 0061 1041 1081 0051 1061 1081 2091 1091 0071 1061 0021 3041 0061 0051 0061 0091 0051 1061 1031 0041 0051 2051 0071 2041 1041 0051 0061 1021 1051 2111 0101 0091 1021 2051 1111 0061> # 1. Fixed width file, first card, multi-card
    > read_rpr(col_positions=c(1,2,4), widths=c(1,2,1),
    + col_names=c('V1','V2','V3'), filepath=fwf_sample, card_read=1, cards=2)
    Parsed with column specification:
    cols(
     V1 = col_double(),
     V2 = col_character(),
     V3 = col_double()
    )
    Error: Must subset rows with a valid subscript vector.
    i Logical subscripts must match the size of the indexed input.
    x The input has size 1976 but the subscript `card_v` has size 2.
    Backtrace:
     x
     1. +-readroper::read_rpr(...)
     2. | +-...[]
     3. | +-readr:::`[.spec_tbl_df`(...)
     4. | +-base::NextMethod(`[`)
     5. | \-tibble:::`[.tbl_df`(...)
     6. | \-tibble:::tbl_subset_row(xo, i = i, i_arg)
     7. | \-tibble:::vectbl_as_row_index(i, x, i_arg)
     8. | \-tibble:::vectbl_as_row_location(i, nr, i_arg, assign)
     9. | +-tibble:::subclass_row_index_errors(...)
     10. | | +-base::tryCatch(...)
     11. | | | \-base:::tryCatchList(expr, classes, parentenv, handlers)
     12. | | | \-base:::tryCatchOne(expr, names, parentenv, handlers[[1L]])
     13. | | | \-base:::doTryCatch(return(expr), name, parentenv, handler)
     14. | | \-base::force(expr)
     15. | \-vctrs::vec_as_location(i, n, arg = as_label(i_arg))
     16. \-vctrs:::stop_indicat
    Execution halted
Flavor: r-devel-linux-x86_64-debian-clang

Version: 0.9.1
Check: tests
Result: ERROR
     Running 'testthat.R' [3s/3s]
    Running the tests in 'tests/testthat.R' failed.
    Complete output:
     > library(testthat)
     > library(readroper)
     readroper package loaded.
     >
     > test_check("readroper")
     -- 1. Error: First row of multicard dataset matches (@test-readroper.R#4) -----
     Must subset rows with a valid subscript vector.
     i Logical subscripts must match the size of the indexed input.
     x The input has size 1976 but the subscript `card_v` has size 2.
     Backtrace:
     1. readroper::read_rpr(...)
     16. vctrs:::stop_indicator_size(...)
    
     == testthat results ===========================================================
     [ OK: 10 | SKIPPED: 0 | WARNINGS: 0 | FAILED: 1 ]
     1. Error: First row of multicard dataset matches (@test-readroper.R#4)
    
     Error: testthat unit tests failed
     Execution halted
Flavor: r-devel-linux-x86_64-debian-clang

Version: 0.9.1
Check: examples
Result: ERROR
    Running examples in ‘readroper-Ex.R’ failed
    The error most likely occurred in:
    
    > base::assign(".ptime", proc.time(), pos = "CheckExEnv")
    > ### Name: read_rpr
    > ### Title: Reads Roper Center datasets
    > ### Aliases: read_rpr
    >
    > ### ** Examples
    >
    > fwf_sample <- readroper_example('testMultiCard.txt')
    > cat(readr::read_lines(fwf_sample))
    0081 0801 0071 0701 0041 0401 0051 0501 0011 0101 1021 0211 0031 0301 1071 0711 1041 0411 0081 0801 0071 0701 1051 0511 1101 1011 1071 0711 0051 0501 1071 0711 0061 0601 2061 0621 1041 0411 2051 0521 1081 0811 1031 0311 0091 0901 0061 0601 1031 0311 0091 0901 0071 0701 0061 0601 0041 0401 1061 0611 1031 0311 1061 0611 1041 0411 1081 0811 2031 0321 1021 0211 0051 0501 1061 0611 0071 0701 1031 0311 3071 0731 2041 0421 1051 0511 0061 0601 1071 0711 2061 0621 1041 0411 2091 0921 1101 1011 0071 0701 0081 0801 0051 0501 0061 0601 1091 0911 0081 0801 0051 0501 2091 0921 3051 0531 2051 0521 0081 0801 1061 0611 2071 0721 2031 0321 0061 0601 0051 0501 0071 0701 1081 0811 2061 0621 2051 0521 0071 0701 2081 0821 0101 1001 0051 0501 1071 0711 0061 0601 0031 0301 2081 0821 2041 0421 0041 0401 0081 0801 1091 0911 0041 0401 2121 1221 2091 0921 0061 0601 0061 0601 1071 0711 0101 1001 1091 0911 0071 0701 0061 0601 0081 0801 1021 0211 3081 0831 1031 0311 1071 0711 0051 0501 0051 0501 0081 0801 0091 0901 0061 0601 2051 0521 0061 0601 0021 0201 1041 0411 1051 0511 0061 0601 2071 0721 1091 0911 1031 0311 0061 0601 0081 0801 0051 0501 1081 0811 2071 0721 1091 0911 0081 0801 1041 0411 0071 0701 3051 0531 0041 0401 1051 0511 0101 1001 0061 0601 1051 0511 1031 0311 2041 0421 2091 0921 0051 0501 0041 0401 1041 0411 0061 0601 2071 0721 1051 0511 3111 1131 1071 0711 0021 0201 0031 0301 1041 0411 1101 1011 1051 0511 0071 0701 0101 1001 0041 0401 1041 0411 0091 0901 0081 0801 1111 1111 2051 0521 1041 0411 3081 0831 0081 0801 1041 0411 2061 0621 1021 0211 2051 0521 1081 0811 0051 0501 0071 0701 0081 0801 1041 0411 1071 0711 0071 0701 2111 1121 3091 0931 0071 0701 1011 0111 0071 0701 1091 0911 0051 0501 0031 0301 1041 0411 1071 0711 0021 0201 0121 1201 2051 0521 0041 0401 1051 0511 0041 0401 0031 0301 0041 0401 0021 0201 2021 0221 1051 0511 1051 0511 1071 0711 0041 0401 2041 0421 0061 0601 1051 0511 2061 0621 2071 0721 1071 0711 1081 0811 1011 0111 1041 0411 1061 0611 1081 0811 1101 1011 2091 0921 0031 0301 0021 0201 0111 1101 2031 0321 1051 0511 0111 1101 2101 1021 2031 0321 0051 0501 0051 0501 0071 0701 1071 0711 2031 0321 2051 0521 0031 0301 1071 0711 2051 0521 1021 0211 0081 0801 2051 0521 2081 0821 2031 0321 1061 0611 3061 0631 1081 0811 1061 0611 1091 0911 0041 0401 1041 0411 2061 0621 0061 0601 0111 1101 1041 0411 0071 0701 0031 0301 1071 0711 1051 0511 1101 1011 0111 1101 0061 0601 0041 0401 1101 1011 0051 0501 1091 0911 0091 0901 1091 0911 0061 0601 2091 0921 0061 0601 2051 0521 1111 1111 1061 0611 0061 0601 1071 0711 0021 0201 0111 1101 0061 0601 0031 0301 1101 1011 0051 0501 0061 0601 1061 0611 0051 0501 1031 0311 0041 0401 0061 0601 0061 0601 0071 0701 0061 0601 0071 0701 2041 0421 0031 0301 1111 1111 0031 0301 0061 0601 0051 0501 1051 0511 1041 0411 1051 0511 0091 0901 2091 0921 2081 0821 0041 0401 0051 0501 0071 0701 0041 0401 1051 0511 2101 1021 0021 0201 0041 0401 1041 0411 0051 0501 2051 0521 1041 0411 1031 0311 1091 0911 1061 0611 0051 0501 2061 0621 0091 0901 2031 0321 0051 0501 2041 0421 1071 0711 2051 0521 2091 0921 2061 0621 1061 0611 1051 0511 1031 0311 0051 0501 1051 0511 1081 0811 3091 0931 0071 0701 1031 0311 2071 0721 0061 0601 0081 0801 0041 0401 0051 0501 1061 0611 0041 0401 1051 0511 0051 0501 1051 0511 3041 0431 0051 0501 1101 1011 0051 0501 0041 0401 0061 0601 2051 0521 0051 0501 1091 0911 0051 0501 0071 0701 0051 0501 0041 0401 3051 0531 1061 0611 1041 0411 1041 0411 0041 0401 1051 0511 1061 0611 1021 0211 0071 0701 0081 0801 1071 0711 2051 0521 1061 0611 3041 0431 0051 0501 1081 0811 0081 0801 0111 1101 2051 0521 1041 0411 0081 0801 0061 0601 1061 0611 0031 0301 0091 0901 0041 0401 0041 0401 0041 0401 2041 0421 1051 0511 0071 0701 0051 0501 0101 1001 0061 0601 0031 0301 0061 0601 0061 0601 0041 0401 0081 0801 2051 0521 0011 0101 0051 0501 2091 0921 2061 0621 0081 0801 0071 0701 1041 0411 2021 0221 1101 1011 0021 0201 1021 0211 1081 0811 1051 0511 1021 0211 0111 1101 3091 0931 0041 0401 2031 0321 0071 0701 1021 0211 0021 0201 0051 0501 0071 0701 0091 0901 0041 0401 0031 0301 1061 0611 1041 0411 3041 0431 0091 0901 1061 0611 1031 0311 1081 0811 0041 0401 0031 0301 3061 0631 0081 0801 0081 0801 0081 0801 0051 0501 2031 0321 0061 0601 0081 0801 2081 0821 1041 0411 0111 1101 0051 0501 0041 0401 0081 0801 2051 0521 0041 0401 1081 0811 0091 0901 0031 0301 1101 1011 1071 0711 1111 1111 1061 0611 0081 0801 0071 0701 2091 0921 0061 0601 2061 0621 0061 0601 1081 0811 1041 0411 0061 0601 0031 0301 0091 0901 0081 0801 0081 0801 1061 0611 1021 0211 2081 0821 0051 0501 2061 0621 0051 0501 2051 0521 0061 0601 0061 0601 0071 0701 0061 0601 0031 0301 1021 0211 1051 0511 1071 0711 0091 0901 0061 0601 1071 0711 0071 0701 1051 0511 2061 0621 0091 0901 2111 1121 2061 0621 1081 0811 0051 0501 1061 0611 3071 0731 1051 0511 1051 0511 0071 0701 1021 0211 1081 0811 1081 0811 1091 0911 1071 0711 0011 0101 0061 0601 2071 0721 1011 0111 1071 0711 1081 0811 2081 0821 2031 0321 1021 0211 1071 0711 0041 0401 0091 0901 0061 0601 1121 1211 0011 0101 0041 0401 0041 0401 0081 0801 0051 0501 0091 0901 1091 0911 1061 0611 0071 0701 2071 0721 0051 0501 0051 0501 3051 0531 1061 0611 1071 0711 0051 0501 1061 0611 2051 0521 0031 0301 0091 0901 1031 0311 0071 0701 3111 1131 2061 0621 2031 0321 2121 1221 1061 0611 2041 0421 2101 1021 0061 0601 1061 0611 1031 0311 0061 0601 1061 0611 1041 0411 1071 0711 0081 0801 0091 0901 2041 0421 0081 0801 0031 0301 0051 0501 0031 0301 1021 0211 1061 0611 1031 0311 1041 0411 3071 0731 2061 0621 0051 0501 1041 0411 0061 0601 0041 0401 0051 0501 1041 0411 1101 1011 1021 0211 0011 0101 1051 0511 0081 0801 0051 0501 1081 0811 0071 0701 0051 0501 0061 0601 2091 0921 2081 0821 3091 0931 1041 0411 0061 0601 2071 0721 1061 0611 0031 0301 0041 0401 0081 0801 2051 0521 2071 0721 1091 0911 0041 0401 0061 0601 1031 0311 0071 0701 1061 0611 0061 0601 0041 0401 2061 0621 0081 0801 1071 0711 0061 0601 2041 0421 2051 0521 2041 0421 0061 0601 1031 0311 1091 0911 1081 0811 1031 0311 1091 0911 1061 0611 0081 0801 0101 1001 0071 0701 1061 0611 0031 0301 1051 0511 2061 0621 0051 0501 1011 0111 0091 0901 1061 0611 1051 0511 2061 0621 1041 0411 2071 0721 0111 1101 1071 0711 0041 0401 0051 0501 1051 0511 0081 0801 0051 0501 2091 0921 1061 0611 1061 0611 0071 0701 1051 0511 1021 0211 2101 1021 0071 0701 1081 0811 1091 0911 1061 0611 1031 0311 2081 0821 0031 0301 0011 0101 0051 0501 1051 0511 0061 0601 0091 0901 0091 0901 1071 0711 1041 0411 1051 0511 2081 0821 0081 0801 0041 0401 0081 0801 0041 0401 0051 0501 2091 0921 2061 0621 0081 0801 0041 0401 0071 0701 2051 0521 0021 0201 0041 0401 0061 0601 0091 0901 0021 0201 1021 0211 0061 0601 1051 0511 0031 0301 1051 0511 1081 0811 1051 0511 1081 0811 0061 0601 2041 0421 1061 0611 0031 0301 0031 0301 1091 0911 2031 0321 0071 0701 0041 0401 1111 1111 3041 0431 1061 0611 0051 0501 2061 0621 0031 0301 1061 0611 0071 0701 0091 0901 0061 0601 1021 0211 1061 0611 2091 0921 1021 0211 0071 0701 1011 0111 0051 0501 1071 0711 0061 0601 0061 0601 1041 0411 1061 0611 1061 0611 0041 0401 0021 0201 0051 0501 0081 0801 2041 0421 0081 0801 1051 0511 0101 1001 0081 0801 0091 0901 0091 0901 0091 0901 1071 0711 0061 0601 1021 0211 1061 0611 1091 0911 0031 0301 0061 0601 2091 0921 1071 0711 0061 0601 0111 1101 2061 0621 1051 0511 2021 0221 1051 0511 1061 0611 2081 0821 1081 0811 1031 0311 0051 0501 0071 0701 2081 0821 0051 0501 0061 0601 2031 0321 0061 0601 0061 0601 1051 0511 1051 0511 0031 0301 2061 0621 2051 0521 0061 0601 2081 0821 0081 0801 0051 0501 1051 0511 1051 0511 1081 0811 1041 0411 1051 0511 0021 0201 1071 0711 0081 0801 1091 0911 2051 0521 0041 0401 1061 0611 1041 0411 0071 0701 0071 0701 1021 0211 0071 0701 0061 0601 0021 0201 0061 0601 2091 0921 0021 0201 1061 0611 1021 0211 0021 0201 1051 0511 0071 0701 1101 1011 0051 0501 1021 0211 1051 0511 1101 1011 0091 0901 1111 1111 1051 0511 3101 1031 0101 1001 2071 0721 0051 0501 0081 0801 1061 0611 2071 0721 1051 0511 2061 0621 3051 0531 0051 0501 1051 0511 1021 0211 1051 0511 2041 0421 0071 0701 1021 0211 0021 0201 1061 0611 0081 0801 0041 0401 1031 0311 0061 0601 0011 0101 0071 0701 0061 0601 1031 0311 0041 0401 2061 0621 1051 0511 1051 0511 1061 0611 0031 0301 1041 0411 1041 0411 0061 0601 0071 0701 0101 1001 2091 0921 1091 0911 0051 0501 0041 0401 0051 0501 0011 0101 0061 0601 0041 0401 1061 0611 0051 0501 0061 0601 1061 0611 1061 0611 2041 0421 0041 0401 0061 0601 1021 0211 0051 0501 0051 0501 1061 0611 1051 0511 0061 0601 2071 0721 1061 0611 0071 0701 0041 0401 0051 0501 1081 0811 0071 0701 1101 1011 2051 0521 1001 0011 0051 0501 0061 0601 0041 0401 2031 0321 0081 0801 1021 0211 1061 0611 1111 1111 0051 0501 1051 0511 0051 0501 1091 0911 0081 0801 0051 0501 2051 0521 1051 0511 0061 0601 0021 0201 1071 0711 2061 0621 0071 0701 1081 0811 0011 0101 0061 0601 0031 0301 2051 0521 1041 0411 1101 1011 2091 0921 1061 0611 1041 0411 1081 0811 1041 0411 0061 0601 1061 0611 0021 0201 0081 0801 0031 0301 1081 0811 2061 0621 0051 0501 0011 0101 1071 0711 1071 0711 1041 0411 2031 0321 1091 0911 2021 0221 0061 0601 1071 0711 0061 0601 1091 0911 2071 0721 0041 0401 0051 0501 1061 0611 1051 0511 2071 0721 2031 0321 0041 0401 1091 0911 0051 0501 0031 0301 0061 0601 1071 0711 1041 0411 0091 0901 0061 0601 2071 0721 1051 0511 0051 0501 1041 0411 1041 0411 2081 0821 0051 0501 1011 0111 2061 0621 0041 0401 2041 0421 2051 0521 0021 0201 0061 0601 2041 0421 0061 0601 1091 0911 0011 0101 0071 0701 3031 0331 0071 0701 0071 0701 1071 0711 0021 0201 0061 0601 1061 0611 1081 0811 0081 0801 0111 1101 1011 0111 0061 0601 1041 0411 1081 0811 0051 0501 1061 0611 1081 0811 2091 0921 1091 0911 0071 0701 1061 0611 0021 0201 3041 0431 0061 0601 0051 0501 0061 0601 0091 0901 0051 0501 1061 0611 1031 0311 0041 0401 0051 0501 2051 0521 0071 0701 2041 0421 1041 0411 0051 0501 0061 0601 1021 0211 1051 0511 2111 1121 0101 1001 0091 0901 1021 0211 2051 0521 1111 1111 0061 0601> fwf_sample2 <- readroper_example('testSingleCard.txt')
    > cat(readr::read_lines(fwf_sample2))
    0081 0071 0041 0051 0011 1021 0031 1071 1041 0081 0071 1051 1101 1071 0051 1071 0061 2061 1041 2051 1081 1031 0091 0061 1031 0091 0071 0061 0041 1061 1031 1061 1041 1081 2031 1021 0051 1061 0071 1031 3071 2041 1051 0061 1071 2061 1041 2091 1101 0071 0081 0051 0061 1091 0081 0051 2091 3051 2051 0081 1061 2071 2031 0061 0051 0071 1081 2061 2051 0071 2081 0101 0051 1071 0061 0031 2081 2041 0041 0081 1091 0041 2121 2091 0061 0061 1071 0101 1091 0071 0061 0081 1021 3081 1031 1071 0051 0051 0081 0091 0061 2051 0061 0021 1041 1051 0061 2071 1091 1031 0061 0081 0051 1081 2071 1091 0081 1041 0071 3051 0041 1051 0101 0061 1051 1031 2041 2091 0051 0041 1041 0061 2071 1051 3111 1071 0021 0031 1041 1101 1051 0071 0101 0041 1041 0091 0081 1111 2051 1041 3081 0081 1041 2061 1021 2051 1081 0051 0071 0081 1041 1071 0071 2111 3091 0071 1011 0071 1091 0051 0031 1041 1071 0021 0121 2051 0041 1051 0041 0031 0041 0021 2021 1051 1051 1071 0041 2041 0061 1051 2061 2071 1071 1081 1011 1041 1061 1081 1101 2091 0031 0021 0111 2031 1051 0111 2101 2031 0051 0051 0071 1071 2031 2051 0031 1071 2051 1021 0081 2051 2081 2031 1061 3061 1081 1061 1091 0041 1041 2061 0061 0111 1041 0071 0031 1071 1051 1101 0111 0061 0041 1101 0051 1091 0091 1091 0061 2091 0061 2051 1111 1061 0061 1071 0021 0111 0061 0031 1101 0051 0061 1061 0051 1031 0041 0061 0061 0071 0061 0071 2041 0031 1111 0031 0061 0051 1051 1041 1051 0091 2091 2081 0041 0051 0071 0041 1051 2101 0021 0041 1041 0051 2051 1041 1031 1091 1061 0051 2061 0091 2031 0051 2041 1071 2051 2091 2061 1061 1051 1031 0051 1051 1081 3091 0071 1031 2071 0061 0081 0041 0051 1061 0041 1051 0051 1051 3041 0051 1101 0051 0041 0061 2051 0051 1091 0051 0071 0051 0041 3051 1061 1041 1041 0041 1051 1061 1021 0071 0081 1071 2051 1061 3041 0051 1081 0081 0111 2051 1041 0081 0061 1061 0031 0091 0041 0041 0041 2041 1051 0071 0051 0101 0061 0031 0061 0061 0041 0081 2051 0011 0051 2091 2061 0081 0071 1041 2021 1101 0021 1021 1081 1051 1021 0111 3091 0041 2031 0071 1021 0021 0051 0071 0091 0041 0031 1061 1041 3041 0091 1061 1031 1081 0041 0031 3061 0081 0081 0081 0051 2031 0061 0081 2081 1041 0111 0051 0041 0081 2051 0041 1081 0091 0031 1101 1071 1111 1061 0081 0071 2091 0061 2061 0061 1081 1041 0061 0031 0091 0081 0081 1061 1021 2081 0051 2061 0051 2051 0061 0061 0071 0061 0031 1021 1051 1071 0091 0061 1071 0071 1051 2061 0091 2111 2061 1081 0051 1061 3071 1051 1051 0071 1021 1081 1081 1091 1071 0011 0061 2071 1011 1071 1081 2081 2031 1021 1071 0041 0091 0061 1121 0011 0041 0041 0081 0051 0091 1091 1061 0071 2071 0051 0051 3051 1061 1071 0051 1061 2051 0031 0091 1031 0071 3111 2061 2031 2121 1061 2041 2101 0061 1061 1031 0061 1061 1041 1071 0081 0091 2041 0081 0031 0051 0031 1021 1061 1031 1041 3071 2061 0051 1041 0061 0041 0051 1041 1101 1021 0011 1051 0081 0051 1081 0071 0051 0061 2091 2081 3091 1041 0061 2071 1061 0031 0041 0081 2051 2071 1091 0041 0061 1031 0071 1061 0061 0041 2061 0081 1071 0061 2041 2051 2041 0061 1031 1091 1081 1031 1091 1061 0081 0101 0071 1061 0031 1051 2061 0051 1011 0091 1061 1051 2061 1041 2071 0111 1071 0041 0051 1051 0081 0051 2091 1061 1061 0071 1051 1021 2101 0071 1081 1091 1061 1031 2081 0031 0011 0051 1051 0061 0091 0091 1071 1041 1051 2081 0081 0041 0081 0041 0051 2091 2061 0081 0041 0071 2051 0021 0041 0061 0091 0021 1021 0061 1051 0031 1051 1081 1051 1081 0061 2041 1061 0031 0031 1091 2031 0071 0041 1111 3041 1061 0051 2061 0031 1061 0071 0091 0061 1021 1061 2091 1021 0071 1011 0051 1071 0061 0061 1041 1061 1061 0041 0021 0051 0081 2041 0081 1051 0101 0081 0091 0091 0091 1071 0061 1021 1061 1091 0031 0061 2091 1071 0061 0111 2061 1051 2021 1051 1061 2081 1081 1031 0051 0071 2081 0051 0061 2031 0061 0061 1051 1051 0031 2061 2051 0061 2081 0081 0051 1051 1051 1081 1041 1051 0021 1071 0081 1091 2051 0041 1061 1041 0071 0071 1021 0071 0061 0021 0061 2091 0021 1061 1021 0021 1051 0071 1101 0051 1021 1051 1101 0091 1111 1051 3101 0101 2071 0051 0081 1061 2071 1051 2061 3051 0051 1051 1021 1051 2041 0071 1021 0021 1061 0081 0041 1031 0061 0011 0071 0061 1031 0041 2061 1051 1051 1061 0031 1041 1041 0061 0071 0101 2091 1091 0051 0041 0051 0011 0061 0041 1061 0051 0061 1061 1061 2041 0041 0061 1021 0051 0051 1061 1051 0061 2071 1061 0071 0041 0051 1081 0071 1101 2051 1001 0051 0061 0041 2031 0081 1021 1061 1111 0051 1051 0051 1091 0081 0051 2051 1051 0061 0021 1071 2061 0071 1081 0011 0061 0031 2051 1041 1101 2091 1061 1041 1081 1041 0061 1061 0021 0081 0031 1081 2061 0051 0011 1071 1071 1041 2031 1091 2021 0061 1071 0061 1091 2071 0041 0051 1061 1051 2071 2031 0041 1091 0051 0031 0061 1071 1041 0091 0061 2071 1051 0051 1041 1041 2081 0051 1011 2061 0041 2041 2051 0021 0061 2041 0061 1091 0011 0071 3031 0071 0071 1071 0021 0061 1061 1081 0081 0111 1011 0061 1041 1081 0051 1061 1081 2091 1091 0071 1061 0021 3041 0061 0051 0061 0091 0051 1061 1031 0041 0051 2051 0071 2041 1041 0051 0061 1021 1051 2111 0101 0091 1021 2051 1111 0061> # 1. Fixed width file, first card, multi-card
    > read_rpr(col_positions=c(1,2,4), widths=c(1,2,1),
    + col_names=c('V1','V2','V3'), filepath=fwf_sample, card_read=1, cards=2)
    Parsed with column specification:
    cols(
     V1 = col_double(),
     V2 = col_character(),
     V3 = col_double()
    )
    Error: Must subset rows with a valid subscript vector.
    ℹ Logical subscripts must match the size of the indexed input.
    ✖ The input has size 1976 but the subscript `card_v` has size 2.
    Backtrace:
     █
     1. ├─readroper::read_rpr(...)
     2. │ ├─...[]
     3. │ ├─readr:::`[.spec_tbl_df`(...)
     4. │ ├─base::NextMethod(`[`)
     5. │ └─tibble:::`[.tbl_df`(...)
     6. │ └─tibble:::tbl_subset_row(xo, i = i, i_arg)
     7. │ └─tibble:::vectbl_as_row_index(i, x, i_arg)
     8. │ └─tibble:::vectbl_as_row_location(i, nr, i_arg, assign)
     9. │ ├─tibble:::subclass_row_index_errors(...)
     10. │ │ ├─base::tryCatch(...)
     11. │ │ │ └─base:::tryCatchList(expr, classes, parentenv, handlers)
     12. │ │ │ └─base:::tryCatchOne(expr, names, parentenv, handlers[[1L]])
     13. │ │ │ └─base:::doTryCatch(return(expr), name, parentenv, handler)
     14. │ │ └─base::forc
    Execution halted
Flavors: r-devel-linux-x86_64-debian-gcc, r-patched-linux-x86_64, r-release-linux-x86_64

Version: 0.9.1
Check: tests
Result: ERROR
     Running ‘testthat.R’ [2s/3s]
    Running the tests in ‘tests/testthat.R’ failed.
    Complete output:
     > library(testthat)
     > library(readroper)
     readroper package loaded.
     >
     > test_check("readroper")
     ── 1. Error: First row of multicard dataset matches (@test-readroper.R#4) ─────
     Must subset rows with a valid subscript vector.
     ℹ Logical subscripts must match the size of the indexed input.
     ✖ The input has size 1976 but the subscript `card_v` has size 2.
     Backtrace:
     1. readroper::read_rpr(...)
     16. vctrs:::stop_indicator_size(...)
    
     ══ testthat results ═══════════════════════════════════════════════════════════
     [ OK: 10 | SKIPPED: 0 | WARNINGS: 0 | FAILED: 1 ]
     1. Error: First row of multicard dataset matches (@test-readroper.R#4)
    
     Error: testthat unit tests failed
     Execution halted
Flavor: r-devel-linux-x86_64-debian-gcc

Version: 0.9.1
Check: examples
Result: ERROR
    Running examples in ‘readroper-Ex.R’ failed
    The error most likely occurred in:
    
    > ### Name: read_rpr
    > ### Title: Reads Roper Center datasets
    > ### Aliases: read_rpr
    >
    > ### ** Examples
    >
    > fwf_sample <- readroper_example('testMultiCard.txt')
    > cat(readr::read_lines(fwf_sample))
    0081 0801 0071 0701 0041 0401 0051 0501 0011 0101 1021 0211 0031 0301 1071 0711 1041 0411 0081 0801 0071 0701 1051 0511 1101 1011 1071 0711 0051 0501 1071 0711 0061 0601 2061 0621 1041 0411 2051 0521 1081 0811 1031 0311 0091 0901 0061 0601 1031 0311 0091 0901 0071 0701 0061 0601 0041 0401 1061 0611 1031 0311 1061 0611 1041 0411 1081 0811 2031 0321 1021 0211 0051 0501 1061 0611 0071 0701 1031 0311 3071 0731 2041 0421 1051 0511 0061 0601 1071 0711 2061 0621 1041 0411 2091 0921 1101 1011 0071 0701 0081 0801 0051 0501 0061 0601 1091 0911 0081 0801 0051 0501 2091 0921 3051 0531 2051 0521 0081 0801 1061 0611 2071 0721 2031 0321 0061 0601 0051 0501 0071 0701 1081 0811 2061 0621 2051 0521 0071 0701 2081 0821 0101 1001 0051 0501 1071 0711 0061 0601 0031 0301 2081 0821 2041 0421 0041 0401 0081 0801 1091 0911 0041 0401 2121 1221 2091 0921 0061 0601 0061 0601 1071 0711 0101 1001 1091 0911 0071 0701 0061 0601 0081 0801 1021 0211 3081 0831 1031 0311 1071 0711 0051 0501 0051 0501 0081 0801 0091 0901 0061 0601 2051 0521 0061 0601 0021 0201 1041 0411 1051 0511 0061 0601 2071 0721 1091 0911 1031 0311 0061 0601 0081 0801 0051 0501 1081 0811 2071 0721 1091 0911 0081 0801 1041 0411 0071 0701 3051 0531 0041 0401 1051 0511 0101 1001 0061 0601 1051 0511 1031 0311 2041 0421 2091 0921 0051 0501 0041 0401 1041 0411 0061 0601 2071 0721 1051 0511 3111 1131 1071 0711 0021 0201 0031 0301 1041 0411 1101 1011 1051 0511 0071 0701 0101 1001 0041 0401 1041 0411 0091 0901 0081 0801 1111 1111 2051 0521 1041 0411 3081 0831 0081 0801 1041 0411 2061 0621 1021 0211 2051 0521 1081 0811 0051 0501 0071 0701 0081 0801 1041 0411 1071 0711 0071 0701 2111 1121 3091 0931 0071 0701 1011 0111 0071 0701 1091 0911 0051 0501 0031 0301 1041 0411 1071 0711 0021 0201 0121 1201 2051 0521 0041 0401 1051 0511 0041 0401 0031 0301 0041 0401 0021 0201 2021 0221 1051 0511 1051 0511 1071 0711 0041 0401 2041 0421 0061 0601 1051 0511 2061 0621 2071 0721 1071 0711 1081 0811 1011 0111 1041 0411 1061 0611 1081 0811 1101 1011 2091 0921 0031 0301 0021 0201 0111 1101 2031 0321 1051 0511 0111 1101 2101 1021 2031 0321 0051 0501 0051 0501 0071 0701 1071 0711 2031 0321 2051 0521 0031 0301 1071 0711 2051 0521 1021 0211 0081 0801 2051 0521 2081 0821 2031 0321 1061 0611 3061 0631 1081 0811 1061 0611 1091 0911 0041 0401 1041 0411 2061 0621 0061 0601 0111 1101 1041 0411 0071 0701 0031 0301 1071 0711 1051 0511 1101 1011 0111 1101 0061 0601 0041 0401 1101 1011 0051 0501 1091 0911 0091 0901 1091 0911 0061 0601 2091 0921 0061 0601 2051 0521 1111 1111 1061 0611 0061 0601 1071 0711 0021 0201 0111 1101 0061 0601 0031 0301 1101 1011 0051 0501 0061 0601 1061 0611 0051 0501 1031 0311 0041 0401 0061 0601 0061 0601 0071 0701 0061 0601 0071 0701 2041 0421 0031 0301 1111 1111 0031 0301 0061 0601 0051 0501 1051 0511 1041 0411 1051 0511 0091 0901 2091 0921 2081 0821 0041 0401 0051 0501 0071 0701 0041 0401 1051 0511 2101 1021 0021 0201 0041 0401 1041 0411 0051 0501 2051 0521 1041 0411 1031 0311 1091 0911 1061 0611 0051 0501 2061 0621 0091 0901 2031 0321 0051 0501 2041 0421 1071 0711 2051 0521 2091 0921 2061 0621 1061 0611 1051 0511 1031 0311 0051 0501 1051 0511 1081 0811 3091 0931 0071 0701 1031 0311 2071 0721 0061 0601 0081 0801 0041 0401 0051 0501 1061 0611 0041 0401 1051 0511 0051 0501 1051 0511 3041 0431 0051 0501 1101 1011 0051 0501 0041 0401 0061 0601 2051 0521 0051 0501 1091 0911 0051 0501 0071 0701 0051 0501 0041 0401 3051 0531 1061 0611 1041 0411 1041 0411 0041 0401 1051 0511 1061 0611 1021 0211 0071 0701 0081 0801 1071 0711 2051 0521 1061 0611 3041 0431 0051 0501 1081 0811 0081 0801 0111 1101 2051 0521 1041 0411 0081 0801 0061 0601 1061 0611 0031 0301 0091 0901 0041 0401 0041 0401 0041 0401 2041 0421 1051 0511 0071 0701 0051 0501 0101 1001 0061 0601 0031 0301 0061 0601 0061 0601 0041 0401 0081 0801 2051 0521 0011 0101 0051 0501 2091 0921 2061 0621 0081 0801 0071 0701 1041 0411 2021 0221 1101 1011 0021 0201 1021 0211 1081 0811 1051 0511 1021 0211 0111 1101 3091 0931 0041 0401 2031 0321 0071 0701 1021 0211 0021 0201 0051 0501 0071 0701 0091 0901 0041 0401 0031 0301 1061 0611 1041 0411 3041 0431 0091 0901 1061 0611 1031 0311 1081 0811 0041 0401 0031 0301 3061 0631 0081 0801 0081 0801 0081 0801 0051 0501 2031 0321 0061 0601 0081 0801 2081 0821 1041 0411 0111 1101 0051 0501 0041 0401 0081 0801 2051 0521 0041 0401 1081 0811 0091 0901 0031 0301 1101 1011 1071 0711 1111 1111 1061 0611 0081 0801 0071 0701 2091 0921 0061 0601 2061 0621 0061 0601 1081 0811 1041 0411 0061 0601 0031 0301 0091 0901 0081 0801 0081 0801 1061 0611 1021 0211 2081 0821 0051 0501 2061 0621 0051 0501 2051 0521 0061 0601 0061 0601 0071 0701 0061 0601 0031 0301 1021 0211 1051 0511 1071 0711 0091 0901 0061 0601 1071 0711 0071 0701 1051 0511 2061 0621 0091 0901 2111 1121 2061 0621 1081 0811 0051 0501 1061 0611 3071 0731 1051 0511 1051 0511 0071 0701 1021 0211 1081 0811 1081 0811 1091 0911 1071 0711 0011 0101 0061 0601 2071 0721 1011 0111 1071 0711 1081 0811 2081 0821 2031 0321 1021 0211 1071 0711 0041 0401 0091 0901 0061 0601 1121 1211 0011 0101 0041 0401 0041 0401 0081 0801 0051 0501 0091 0901 1091 0911 1061 0611 0071 0701 2071 0721 0051 0501 0051 0501 3051 0531 1061 0611 1071 0711 0051 0501 1061 0611 2051 0521 0031 0301 0091 0901 1031 0311 0071 0701 3111 1131 2061 0621 2031 0321 2121 1221 1061 0611 2041 0421 2101 1021 0061 0601 1061 0611 1031 0311 0061 0601 1061 0611 1041 0411 1071 0711 0081 0801 0091 0901 2041 0421 0081 0801 0031 0301 0051 0501 0031 0301 1021 0211 1061 0611 1031 0311 1041 0411 3071 0731 2061 0621 0051 0501 1041 0411 0061 0601 0041 0401 0051 0501 1041 0411 1101 1011 1021 0211 0011 0101 1051 0511 0081 0801 0051 0501 1081 0811 0071 0701 0051 0501 0061 0601 2091 0921 2081 0821 3091 0931 1041 0411 0061 0601 2071 0721 1061 0611 0031 0301 0041 0401 0081 0801 2051 0521 2071 0721 1091 0911 0041 0401 0061 0601 1031 0311 0071 0701 1061 0611 0061 0601 0041 0401 2061 0621 0081 0801 1071 0711 0061 0601 2041 0421 2051 0521 2041 0421 0061 0601 1031 0311 1091 0911 1081 0811 1031 0311 1091 0911 1061 0611 0081 0801 0101 1001 0071 0701 1061 0611 0031 0301 1051 0511 2061 0621 0051 0501 1011 0111 0091 0901 1061 0611 1051 0511 2061 0621 1041 0411 2071 0721 0111 1101 1071 0711 0041 0401 0051 0501 1051 0511 0081 0801 0051 0501 2091 0921 1061 0611 1061 0611 0071 0701 1051 0511 1021 0211 2101 1021 0071 0701 1081 0811 1091 0911 1061 0611 1031 0311 2081 0821 0031 0301 0011 0101 0051 0501 1051 0511 0061 0601 0091 0901 0091 0901 1071 0711 1041 0411 1051 0511 2081 0821 0081 0801 0041 0401 0081 0801 0041 0401 0051 0501 2091 0921 2061 0621 0081 0801 0041 0401 0071 0701 2051 0521 0021 0201 0041 0401 0061 0601 0091 0901 0021 0201 1021 0211 0061 0601 1051 0511 0031 0301 1051 0511 1081 0811 1051 0511 1081 0811 0061 0601 2041 0421 1061 0611 0031 0301 0031 0301 1091 0911 2031 0321 0071 0701 0041 0401 1111 1111 3041 0431 1061 0611 0051 0501 2061 0621 0031 0301 1061 0611 0071 0701 0091 0901 0061 0601 1021 0211 1061 0611 2091 0921 1021 0211 0071 0701 1011 0111 0051 0501 1071 0711 0061 0601 0061 0601 1041 0411 1061 0611 1061 0611 0041 0401 0021 0201 0051 0501 0081 0801 2041 0421 0081 0801 1051 0511 0101 1001 0081 0801 0091 0901 0091 0901 0091 0901 1071 0711 0061 0601 1021 0211 1061 0611 1091 0911 0031 0301 0061 0601 2091 0921 1071 0711 0061 0601 0111 1101 2061 0621 1051 0511 2021 0221 1051 0511 1061 0611 2081 0821 1081 0811 1031 0311 0051 0501 0071 0701 2081 0821 0051 0501 0061 0601 2031 0321 0061 0601 0061 0601 1051 0511 1051 0511 0031 0301 2061 0621 2051 0521 0061 0601 2081 0821 0081 0801 0051 0501 1051 0511 1051 0511 1081 0811 1041 0411 1051 0511 0021 0201 1071 0711 0081 0801 1091 0911 2051 0521 0041 0401 1061 0611 1041 0411 0071 0701 0071 0701 1021 0211 0071 0701 0061 0601 0021 0201 0061 0601 2091 0921 0021 0201 1061 0611 1021 0211 0021 0201 1051 0511 0071 0701 1101 1011 0051 0501 1021 0211 1051 0511 1101 1011 0091 0901 1111 1111 1051 0511 3101 1031 0101 1001 2071 0721 0051 0501 0081 0801 1061 0611 2071 0721 1051 0511 2061 0621 3051 0531 0051 0501 1051 0511 1021 0211 1051 0511 2041 0421 0071 0701 1021 0211 0021 0201 1061 0611 0081 0801 0041 0401 1031 0311 0061 0601 0011 0101 0071 0701 0061 0601 1031 0311 0041 0401 2061 0621 1051 0511 1051 0511 1061 0611 0031 0301 1041 0411 1041 0411 0061 0601 0071 0701 0101 1001 2091 0921 1091 0911 0051 0501 0041 0401 0051 0501 0011 0101 0061 0601 0041 0401 1061 0611 0051 0501 0061 0601 1061 0611 1061 0611 2041 0421 0041 0401 0061 0601 1021 0211 0051 0501 0051 0501 1061 0611 1051 0511 0061 0601 2071 0721 1061 0611 0071 0701 0041 0401 0051 0501 1081 0811 0071 0701 1101 1011 2051 0521 1001 0011 0051 0501 0061 0601 0041 0401 2031 0321 0081 0801 1021 0211 1061 0611 1111 1111 0051 0501 1051 0511 0051 0501 1091 0911 0081 0801 0051 0501 2051 0521 1051 0511 0061 0601 0021 0201 1071 0711 2061 0621 0071 0701 1081 0811 0011 0101 0061 0601 0031 0301 2051 0521 1041 0411 1101 1011 2091 0921 1061 0611 1041 0411 1081 0811 1041 0411 0061 0601 1061 0611 0021 0201 0081 0801 0031 0301 1081 0811 2061 0621 0051 0501 0011 0101 1071 0711 1071 0711 1041 0411 2031 0321 1091 0911 2021 0221 0061 0601 1071 0711 0061 0601 1091 0911 2071 0721 0041 0401 0051 0501 1061 0611 1051 0511 2071 0721 2031 0321 0041 0401 1091 0911 0051 0501 0031 0301 0061 0601 1071 0711 1041 0411 0091 0901 0061 0601 2071 0721 1051 0511 0051 0501 1041 0411 1041 0411 2081 0821 0051 0501 1011 0111 2061 0621 0041 0401 2041 0421 2051 0521 0021 0201 0061 0601 2041 0421 0061 0601 1091 0911 0011 0101 0071 0701 3031 0331 0071 0701 0071 0701 1071 0711 0021 0201 0061 0601 1061 0611 1081 0811 0081 0801 0111 1101 1011 0111 0061 0601 1041 0411 1081 0811 0051 0501 1061 0611 1081 0811 2091 0921 1091 0911 0071 0701 1061 0611 0021 0201 3041 0431 0061 0601 0051 0501 0061 0601 0091 0901 0051 0501 1061 0611 1031 0311 0041 0401 0051 0501 2051 0521 0071 0701 2041 0421 1041 0411 0051 0501 0061 0601 1021 0211 1051 0511 2111 1121 0101 1001 0091 0901 1021 0211 2051 0521 1111 1111 0061 0601> fwf_sample2 <- readroper_example('testSingleCard.txt')
    > cat(readr::read_lines(fwf_sample2))
    0081 0071 0041 0051 0011 1021 0031 1071 1041 0081 0071 1051 1101 1071 0051 1071 0061 2061 1041 2051 1081 1031 0091 0061 1031 0091 0071 0061 0041 1061 1031 1061 1041 1081 2031 1021 0051 1061 0071 1031 3071 2041 1051 0061 1071 2061 1041 2091 1101 0071 0081 0051 0061 1091 0081 0051 2091 3051 2051 0081 1061 2071 2031 0061 0051 0071 1081 2061 2051 0071 2081 0101 0051 1071 0061 0031 2081 2041 0041 0081 1091 0041 2121 2091 0061 0061 1071 0101 1091 0071 0061 0081 1021 3081 1031 1071 0051 0051 0081 0091 0061 2051 0061 0021 1041 1051 0061 2071 1091 1031 0061 0081 0051 1081 2071 1091 0081 1041 0071 3051 0041 1051 0101 0061 1051 1031 2041 2091 0051 0041 1041 0061 2071 1051 3111 1071 0021 0031 1041 1101 1051 0071 0101 0041 1041 0091 0081 1111 2051 1041 3081 0081 1041 2061 1021 2051 1081 0051 0071 0081 1041 1071 0071 2111 3091 0071 1011 0071 1091 0051 0031 1041 1071 0021 0121 2051 0041 1051 0041 0031 0041 0021 2021 1051 1051 1071 0041 2041 0061 1051 2061 2071 1071 1081 1011 1041 1061 1081 1101 2091 0031 0021 0111 2031 1051 0111 2101 2031 0051 0051 0071 1071 2031 2051 0031 1071 2051 1021 0081 2051 2081 2031 1061 3061 1081 1061 1091 0041 1041 2061 0061 0111 1041 0071 0031 1071 1051 1101 0111 0061 0041 1101 0051 1091 0091 1091 0061 2091 0061 2051 1111 1061 0061 1071 0021 0111 0061 0031 1101 0051 0061 1061 0051 1031 0041 0061 0061 0071 0061 0071 2041 0031 1111 0031 0061 0051 1051 1041 1051 0091 2091 2081 0041 0051 0071 0041 1051 2101 0021 0041 1041 0051 2051 1041 1031 1091 1061 0051 2061 0091 2031 0051 2041 1071 2051 2091 2061 1061 1051 1031 0051 1051 1081 3091 0071 1031 2071 0061 0081 0041 0051 1061 0041 1051 0051 1051 3041 0051 1101 0051 0041 0061 2051 0051 1091 0051 0071 0051 0041 3051 1061 1041 1041 0041 1051 1061 1021 0071 0081 1071 2051 1061 3041 0051 1081 0081 0111 2051 1041 0081 0061 1061 0031 0091 0041 0041 0041 2041 1051 0071 0051 0101 0061 0031 0061 0061 0041 0081 2051 0011 0051 2091 2061 0081 0071 1041 2021 1101 0021 1021 1081 1051 1021 0111 3091 0041 2031 0071 1021 0021 0051 0071 0091 0041 0031 1061 1041 3041 0091 1061 1031 1081 0041 0031 3061 0081 0081 0081 0051 2031 0061 0081 2081 1041 0111 0051 0041 0081 2051 0041 1081 0091 0031 1101 1071 1111 1061 0081 0071 2091 0061 2061 0061 1081 1041 0061 0031 0091 0081 0081 1061 1021 2081 0051 2061 0051 2051 0061 0061 0071 0061 0031 1021 1051 1071 0091 0061 1071 0071 1051 2061 0091 2111 2061 1081 0051 1061 3071 1051 1051 0071 1021 1081 1081 1091 1071 0011 0061 2071 1011 1071 1081 2081 2031 1021 1071 0041 0091 0061 1121 0011 0041 0041 0081 0051 0091 1091 1061 0071 2071 0051 0051 3051 1061 1071 0051 1061 2051 0031 0091 1031 0071 3111 2061 2031 2121 1061 2041 2101 0061 1061 1031 0061 1061 1041 1071 0081 0091 2041 0081 0031 0051 0031 1021 1061 1031 1041 3071 2061 0051 1041 0061 0041 0051 1041 1101 1021 0011 1051 0081 0051 1081 0071 0051 0061 2091 2081 3091 1041 0061 2071 1061 0031 0041 0081 2051 2071 1091 0041 0061 1031 0071 1061 0061 0041 2061 0081 1071 0061 2041 2051 2041 0061 1031 1091 1081 1031 1091 1061 0081 0101 0071 1061 0031 1051 2061 0051 1011 0091 1061 1051 2061 1041 2071 0111 1071 0041 0051 1051 0081 0051 2091 1061 1061 0071 1051 1021 2101 0071 1081 1091 1061 1031 2081 0031 0011 0051 1051 0061 0091 0091 1071 1041 1051 2081 0081 0041 0081 0041 0051 2091 2061 0081 0041 0071 2051 0021 0041 0061 0091 0021 1021 0061 1051 0031 1051 1081 1051 1081 0061 2041 1061 0031 0031 1091 2031 0071 0041 1111 3041 1061 0051 2061 0031 1061 0071 0091 0061 1021 1061 2091 1021 0071 1011 0051 1071 0061 0061 1041 1061 1061 0041 0021 0051 0081 2041 0081 1051 0101 0081 0091 0091 0091 1071 0061 1021 1061 1091 0031 0061 2091 1071 0061 0111 2061 1051 2021 1051 1061 2081 1081 1031 0051 0071 2081 0051 0061 2031 0061 0061 1051 1051 0031 2061 2051 0061 2081 0081 0051 1051 1051 1081 1041 1051 0021 1071 0081 1091 2051 0041 1061 1041 0071 0071 1021 0071 0061 0021 0061 2091 0021 1061 1021 0021 1051 0071 1101 0051 1021 1051 1101 0091 1111 1051 3101 0101 2071 0051 0081 1061 2071 1051 2061 3051 0051 1051 1021 1051 2041 0071 1021 0021 1061 0081 0041 1031 0061 0011 0071 0061 1031 0041 2061 1051 1051 1061 0031 1041 1041 0061 0071 0101 2091 1091 0051 0041 0051 0011 0061 0041 1061 0051 0061 1061 1061 2041 0041 0061 1021 0051 0051 1061 1051 0061 2071 1061 0071 0041 0051 1081 0071 1101 2051 1001 0051 0061 0041 2031 0081 1021 1061 1111 0051 1051 0051 1091 0081 0051 2051 1051 0061 0021 1071 2061 0071 1081 0011 0061 0031 2051 1041 1101 2091 1061 1041 1081 1041 0061 1061 0021 0081 0031 1081 2061 0051 0011 1071 1071 1041 2031 1091 2021 0061 1071 0061 1091 2071 0041 0051 1061 1051 2071 2031 0041 1091 0051 0031 0061 1071 1041 0091 0061 2071 1051 0051 1041 1041 2081 0051 1011 2061 0041 2041 2051 0021 0061 2041 0061 1091 0011 0071 3031 0071 0071 1071 0021 0061 1061 1081 0081 0111 1011 0061 1041 1081 0051 1061 1081 2091 1091 0071 1061 0021 3041 0061 0051 0061 0091 0051 1061 1031 0041 0051 2051 0071 2041 1041 0051 0061 1021 1051 2111 0101 0091 1021 2051 1111 0061> # 1. Fixed width file, first card, multi-card
    > read_rpr(col_positions=c(1,2,4), widths=c(1,2,1),
    + col_names=c('V1','V2','V3'), filepath=fwf_sample, card_read=1, cards=2)
    Parsed with column specification:
    cols(
     V1 = col_double(),
     V2 = col_character(),
     V3 = col_double()
    )
    Error: Must subset rows with a valid subscript vector.
    ℹ Logical subscripts must match the size of the indexed input.
    ✖ The input has size 1976 but the subscript `card_v` has size 2.
    Backtrace:
     █
     1. ├─readroper::read_rpr(...)
     2. │ ├─...[]
     3. │ ├─readr:::`[.spec_tbl_df`(...)
     4. │ ├─base::NextMethod(`[`)
     5. │ └─tibble:::`[.tbl_df`(...)
     6. │ └─tibble:::tbl_subset_row(xo, i = i, i_arg)
     7. │ └─tibble:::vectbl_as_row_index(i, x, i_arg)
     8. │ └─tibble:::vectbl_as_row_location(i, nr, i_arg, assign)
     9. │ ├─tibble:::subclass_row_index_errors(...)
     10. │ │ ├─base::tryCatch(...)
     11. │ │ │ └─base:::tryCatchList(expr, classes, parentenv, handlers)
     12. │ │ │ └─base:::tryCatchOne(expr, names, parentenv, handlers[[1L]])
     13. │ │ │ └─base:::doTryCatch(return(expr), name, parentenv, handler)
     14. │ │ └─base::forc
    Execution halted
Flavors: r-devel-linux-x86_64-fedora-clang, r-devel-linux-x86_64-fedora-gcc, r-patched-solaris-x86

Version: 0.9.1
Check: tests
Result: ERROR
     Running ‘testthat.R’
    Running the tests in ‘tests/testthat.R’ failed.
    Complete output:
     > library(testthat)
     > library(readroper)
     readroper package loaded.
     >
     > test_check("readroper")
     ── 1. Error: First row of multicard dataset matches (@test-readroper.R#4) ─────
     Must subset rows with a valid subscript vector.
     ℹ Logical subscripts must match the size of the indexed input.
     ✖ The input has size 1976 but the subscript `card_v` has size 2.
     Backtrace:
     1. readroper::read_rpr(...)
     16. vctrs:::stop_indicator_size(...)
    
     ══ testthat results ═══════════════════════════════════════════════════════════
     [ OK: 10 | SKIPPED: 0 | WARNINGS: 0 | FAILED: 1 ]
     1. Error: First row of multicard dataset matches (@test-readroper.R#4)
    
     Error: testthat unit tests failed
     Execution halted
Flavors: r-devel-linux-x86_64-fedora-clang, r-devel-linux-x86_64-fedora-gcc, r-patched-solaris-x86

Version: 0.9.1
Check: tests
Result: ERROR
     Running ‘testthat.R’ [3s/3s]
    Running the tests in ‘tests/testthat.R’ failed.
    Complete output:
     > library(testthat)
     > library(readroper)
     readroper package loaded.
     >
     > test_check("readroper")
     ── 1. Error: First row of multicard dataset matches (@test-readroper.R#4) ─────
     Must subset rows with a valid subscript vector.
     ℹ Logical subscripts must match the size of the indexed input.
     ✖ The input has size 1976 but the subscript `card_v` has size 2.
     Backtrace:
     1. readroper::read_rpr(...)
     16. vctrs:::stop_indicator_size(...)
    
     ══ testthat results ═══════════════════════════════════════════════════════════
     [ OK: 10 | SKIPPED: 0 | WARNINGS: 0 | FAILED: 1 ]
     1. Error: First row of multicard dataset matches (@test-readroper.R#4)
    
     Error: testthat unit tests failed
     Execution halted
Flavor: r-patched-linux-x86_64

Version: 0.9.1
Check: tests
Result: ERROR
     Running ‘testthat.R’ [2s/2s]
    Running the tests in ‘tests/testthat.R’ failed.
    Complete output:
     > library(testthat)
     > library(readroper)
     readroper package loaded.
     >
     > test_check("readroper")
     ── 1. Error: First row of multicard dataset matches (@test-readroper.R#4) ─────
     Must subset rows with a valid subscript vector.
     ℹ Logical subscripts must match the size of the indexed input.
     ✖ The input has size 1976 but the subscript `card_v` has size 2.
     Backtrace:
     1. readroper::read_rpr(...)
     16. vctrs:::stop_indicator_size(...)
    
     ══ testthat results ═══════════════════════════════════════════════════════════
     [ OK: 10 | SKIPPED: 0 | WARNINGS: 0 | FAILED: 1 ]
     1. Error: First row of multicard dataset matches (@test-readroper.R#4)
    
     Error: testthat unit tests failed
     Execution halted
Flavor: r-release-linux-x86_64

Version: 0.9.1
Check: examples
Result: ERROR
    Running examples in 'readroper-Ex.R' failed
    The error most likely occurred in:
    
    > ### Name: read_rpr
    > ### Title: Reads Roper Center datasets
    > ### Aliases: read_rpr
    >
    > ### ** Examples
    >
    > fwf_sample <- readroper_example('testMultiCard.txt')
    > cat(readr::read_lines(fwf_sample))
    0081 0801 0071 0701 0041 0401 0051 0501 0011 0101 1021 0211 0031 0301 1071 0711 1041 0411 0081 0801 0071 0701 1051 0511 1101 1011 1071 0711 0051 0501 1071 0711 0061 0601 2061 0621 1041 0411 2051 0521 1081 0811 1031 0311 0091 0901 0061 0601 1031 0311 0091 0901 0071 0701 0061 0601 0041 0401 1061 0611 1031 0311 1061 0611 1041 0411 1081 0811 2031 0321 1021 0211 0051 0501 1061 0611 0071 0701 1031 0311 3071 0731 2041 0421 1051 0511 0061 0601 1071 0711 2061 0621 1041 0411 2091 0921 1101 1011 0071 0701 0081 0801 0051 0501 0061 0601 1091 0911 0081 0801 0051 0501 2091 0921 3051 0531 2051 0521 0081 0801 1061 0611 2071 0721 2031 0321 0061 0601 0051 0501 0071 0701 1081 0811 2061 0621 2051 0521 0071 0701 2081 0821 0101 1001 0051 0501 1071 0711 0061 0601 0031 0301 2081 0821 2041 0421 0041 0401 0081 0801 1091 0911 0041 0401 2121 1221 2091 0921 0061 0601 0061 0601 1071 0711 0101 1001 1091 0911 0071 0701 0061 0601 0081 0801 1021 0211 3081 0831 1031 0311 1071 0711 0051 0501 0051 0501 0081 0801 0091 0901 0061 0601 2051 0521 0061 0601 0021 0201 1041 0411 1051 0511 0061 0601 2071 0721 1091 0911 1031 0311 0061 0601 0081 0801 0051 0501 1081 0811 2071 0721 1091 0911 0081 0801 1041 0411 0071 0701 3051 0531 0041 0401 1051 0511 0101 1001 0061 0601 1051 0511 1031 0311 2041 0421 2091 0921 0051 0501 0041 0401 1041 0411 0061 0601 2071 0721 1051 0511 3111 1131 1071 0711 0021 0201 0031 0301 1041 0411 1101 1011 1051 0511 0071 0701 0101 1001 0041 0401 1041 0411 0091 0901 0081 0801 1111 1111 2051 0521 1041 0411 3081 0831 0081 0801 1041 0411 2061 0621 1021 0211 2051 0521 1081 0811 0051 0501 0071 0701 0081 0801 1041 0411 1071 0711 0071 0701 2111 1121 3091 0931 0071 0701 1011 0111 0071 0701 1091 0911 0051 0501 0031 0301 1041 0411 1071 0711 0021 0201 0121 1201 2051 0521 0041 0401 1051 0511 0041 0401 0031 0301 0041 0401 0021 0201 2021 0221 1051 0511 1051 0511 1071 0711 0041 0401 2041 0421 0061 0601 1051 0511 2061 0621 2071 0721 1071 0711 1081 0811 1011 0111 1041 0411 1061 0611 1081 0811 1101 1011 2091 0921 0031 0301 0021 0201 0111 1101 2031 0321 1051 0511 0111 1101 2101 1021 2031 0321 0051 0501 0051 0501 0071 0701 1071 0711 2031 0321 2051 0521 0031 0301 1071 0711 2051 0521 1021 0211 0081 0801 2051 0521 2081 0821 2031 0321 1061 0611 3061 0631 1081 0811 1061 0611 1091 0911 0041 0401 1041 0411 2061 0621 0061 0601 0111 1101 1041 0411 0071 0701 0031 0301 1071 0711 1051 0511 1101 1011 0111 1101 0061 0601 0041 0401 1101 1011 0051 0501 1091 0911 0091 0901 1091 0911 0061 0601 2091 0921 0061 0601 2051 0521 1111 1111 1061 0611 0061 0601 1071 0711 0021 0201 0111 1101 0061 0601 0031 0301 1101 1011 0051 0501 0061 0601 1061 0611 0051 0501 1031 0311 0041 0401 0061 0601 0061 0601 0071 0701 0061 0601 0071 0701 2041 0421 0031 0301 1111 1111 0031 0301 0061 0601 0051 0501 1051 0511 1041 0411 1051 0511 0091 0901 2091 0921 2081 0821 0041 0401 0051 0501 0071 0701 0041 0401 1051 0511 2101 1021 0021 0201 0041 0401 1041 0411 0051 0501 2051 0521 1041 0411 1031 0311 1091 0911 1061 0611 0051 0501 2061 0621 0091 0901 2031 0321 0051 0501 2041 0421 1071 0711 2051 0521 2091 0921 2061 0621 1061 0611 1051 0511 1031 0311 0051 0501 1051 0511 1081 0811 3091 0931 0071 0701 1031 0311 2071 0721 0061 0601 0081 0801 0041 0401 0051 0501 1061 0611 0041 0401 1051 0511 0051 0501 1051 0511 3041 0431 0051 0501 1101 1011 0051 0501 0041 0401 0061 0601 2051 0521 0051 0501 1091 0911 0051 0501 0071 0701 0051 0501 0041 0401 3051 0531 1061 0611 1041 0411 1041 0411 0041 0401 1051 0511 1061 0611 1021 0211 0071 0701 0081 0801 1071 0711 2051 0521 1061 0611 3041 0431 0051 0501 1081 0811 0081 0801 0111 1101 2051 0521 1041 0411 0081 0801 0061 0601 1061 0611 0031 0301 0091 0901 0041 0401 0041 0401 0041 0401 2041 0421 1051 0511 0071 0701 0051 0501 0101 1001 0061 0601 0031 0301 0061 0601 0061 0601 0041 0401 0081 0801 2051 0521 0011 0101 0051 0501 2091 0921 2061 0621 0081 0801 0071 0701 1041 0411 2021 0221 1101 1011 0021 0201 1021 0211 1081 0811 1051 0511 1021 0211 0111 1101 3091 0931 0041 0401 2031 0321 0071 0701 1021 0211 0021 0201 0051 0501 0071 0701 0091 0901 0041 0401 0031 0301 1061 0611 1041 0411 3041 0431 0091 0901 1061 0611 1031 0311 1081 0811 0041 0401 0031 0301 3061 0631 0081 0801 0081 0801 0081 0801 0051 0501 2031 0321 0061 0601 0081 0801 2081 0821 1041 0411 0111 1101 0051 0501 0041 0401 0081 0801 2051 0521 0041 0401 1081 0811 0091 0901 0031 0301 1101 1011 1071 0711 1111 1111 1061 0611 0081 0801 0071 0701 2091 0921 0061 0601 2061 0621 0061 0601 1081 0811 1041 0411 0061 0601 0031 0301 0091 0901 0081 0801 0081 0801 1061 0611 1021 0211 2081 0821 0051 0501 2061 0621 0051 0501 2051 0521 0061 0601 0061 0601 0071 0701 0061 0601 0031 0301 1021 0211 1051 0511 1071 0711 0091 0901 0061 0601 1071 0711 0071 0701 1051 0511 2061 0621 0091 0901 2111 1121 2061 0621 1081 0811 0051 0501 1061 0611 3071 0731 1051 0511 1051 0511 0071 0701 1021 0211 1081 0811 1081 0811 1091 0911 1071 0711 0011 0101 0061 0601 2071 0721 1011 0111 1071 0711 1081 0811 2081 0821 2031 0321 1021 0211 1071 0711 0041 0401 0091 0901 0061 0601 1121 1211 0011 0101 0041 0401 0041 0401 0081 0801 0051 0501 0091 0901 1091 0911 1061 0611 0071 0701 2071 0721 0051 0501 0051 0501 3051 0531 1061 0611 1071 0711 0051 0501 1061 0611 2051 0521 0031 0301 0091 0901 1031 0311 0071 0701 3111 1131 2061 0621 2031 0321 2121 1221 1061 0611 2041 0421 2101 1021 0061 0601 1061 0611 1031 0311 0061 0601 1061 0611 1041 0411 1071 0711 0081 0801 0091 0901 2041 0421 0081 0801 0031 0301 0051 0501 0031 0301 1021 0211 1061 0611 1031 0311 1041 0411 3071 0731 2061 0621 0051 0501 1041 0411 0061 0601 0041 0401 0051 0501 1041 0411 1101 1011 1021 0211 0011 0101 1051 0511 0081 0801 0051 0501 1081 0811 0071 0701 0051 0501 0061 0601 2091 0921 2081 0821 3091 0931 1041 0411 0061 0601 2071 0721 1061 0611 0031 0301 0041 0401 0081 0801 2051 0521 2071 0721 1091 0911 0041 0401 0061 0601 1031 0311 0071 0701 1061 0611 0061 0601 0041 0401 2061 0621 0081 0801 1071 0711 0061 0601 2041 0421 2051 0521 2041 0421 0061 0601 1031 0311 1091 0911 1081 0811 1031 0311 1091 0911 1061 0611 0081 0801 0101 1001 0071 0701 1061 0611 0031 0301 1051 0511 2061 0621 0051 0501 1011 0111 0091 0901 1061 0611 1051 0511 2061 0621 1041 0411 2071 0721 0111 1101 1071 0711 0041 0401 0051 0501 1051 0511 0081 0801 0051 0501 2091 0921 1061 0611 1061 0611 0071 0701 1051 0511 1021 0211 2101 1021 0071 0701 1081 0811 1091 0911 1061 0611 1031 0311 2081 0821 0031 0301 0011 0101 0051 0501 1051 0511 0061 0601 0091 0901 0091 0901 1071 0711 1041 0411 1051 0511 2081 0821 0081 0801 0041 0401 0081 0801 0041 0401 0051 0501 2091 0921 2061 0621 0081 0801 0041 0401 0071 0701 2051 0521 0021 0201 0041 0401 0061 0601 0091 0901 0021 0201 1021 0211 0061 0601 1051 0511 0031 0301 1051 0511 1081 0811 1051 0511 1081 0811 0061 0601 2041 0421 1061 0611 0031 0301 0031 0301 1091 0911 2031 0321 0071 0701 0041 0401 1111 1111 3041 0431 1061 0611 0051 0501 2061 0621 0031 0301 1061 0611 0071 0701 0091 0901 0061 0601 1021 0211 1061 0611 2091 0921 1021 0211 0071 0701 1011 0111 0051 0501 1071 0711 0061 0601 0061 0601 1041 0411 1061 0611 1061 0611 0041 0401 0021 0201 0051 0501 0081 0801 2041 0421 0081 0801 1051 0511 0101 1001 0081 0801 0091 0901 0091 0901 0091 0901 1071 0711 0061 0601 1021 0211 1061 0611 1091 0911 0031 0301 0061 0601 2091 0921 1071 0711 0061 0601 0111 1101 2061 0621 1051 0511 2021 0221 1051 0511 1061 0611 2081 0821 1081 0811 1031 0311 0051 0501 0071 0701 2081 0821 0051 0501 0061 0601 2031 0321 0061 0601 0061 0601 1051 0511 1051 0511 0031 0301 2061 0621 2051 0521 0061 0601 2081 0821 0081 0801 0051 0501 1051 0511 1051 0511 1081 0811 1041 0411 1051 0511 0021 0201 1071 0711 0081 0801 1091 0911 2051 0521 0041 0401 1061 0611 1041 0411 0071 0701 0071 0701 1021 0211 0071 0701 0061 0601 0021 0201 0061 0601 2091 0921 0021 0201 1061 0611 1021 0211 0021 0201 1051 0511 0071 0701 1101 1011 0051 0501 1021 0211 1051 0511 1101 1011 0091 0901 1111 1111 1051 0511 3101 1031 0101 1001 2071 0721 0051 0501 0081 0801 1061 0611 2071 0721 1051 0511 2061 0621 3051 0531 0051 0501 1051 0511 1021 0211 1051 0511 2041 0421 0071 0701 1021 0211 0021 0201 1061 0611 0081 0801 0041 0401 1031 0311 0061 0601 0011 0101 0071 0701 0061 0601 1031 0311 0041 0401 2061 0621 1051 0511 1051 0511 1061 0611 0031 0301 1041 0411 1041 0411 0061 0601 0071 0701 0101 1001 2091 0921 1091 0911 0051 0501 0041 0401 0051 0501 0011 0101 0061 0601 0041 0401 1061 0611 0051 0501 0061 0601 1061 0611 1061 0611 2041 0421 0041 0401 0061 0601 1021 0211 0051 0501 0051 0501 1061 0611 1051 0511 0061 0601 2071 0721 1061 0611 0071 0701 0041 0401 0051 0501 1081 0811 0071 0701 1101 1011 2051 0521 1001 0011 0051 0501 0061 0601 0041 0401 2031 0321 0081 0801 1021 0211 1061 0611 1111 1111 0051 0501 1051 0511 0051 0501 1091 0911 0081 0801 0051 0501 2051 0521 1051 0511 0061 0601 0021 0201 1071 0711 2061 0621 0071 0701 1081 0811 0011 0101 0061 0601 0031 0301 2051 0521 1041 0411 1101 1011 2091 0921 1061 0611 1041 0411 1081 0811 1041 0411 0061 0601 1061 0611 0021 0201 0081 0801 0031 0301 1081 0811 2061 0621 0051 0501 0011 0101 1071 0711 1071 0711 1041 0411 2031 0321 1091 0911 2021 0221 0061 0601 1071 0711 0061 0601 1091 0911 2071 0721 0041 0401 0051 0501 1061 0611 1051 0511 2071 0721 2031 0321 0041 0401 1091 0911 0051 0501 0031 0301 0061 0601 1071 0711 1041 0411 0091 0901 0061 0601 2071 0721 1051 0511 0051 0501 1041 0411 1041 0411 2081 0821 0051 0501 1011 0111 2061 0621 0041 0401 2041 0421 2051 0521 0021 0201 0061 0601 2041 0421 0061 0601 1091 0911 0011 0101 0071 0701 3031 0331 0071 0701 0071 0701 1071 0711 0021 0201 0061 0601 1061 0611 1081 0811 0081 0801 0111 1101 1011 0111 0061 0601 1041 0411 1081 0811 0051 0501 1061 0611 1081 0811 2091 0921 1091 0911 0071 0701 1061 0611 0021 0201 3041 0431 0061 0601 0051 0501 0061 0601 0091 0901 0051 0501 1061 0611 1031 0311 0041 0401 0051 0501 2051 0521 0071 0701 2041 0421 1041 0411 0051 0501 0061 0601 1021 0211 1051 0511 2111 1121 0101 1001 0091 0901 1021 0211 2051 0521 1111 1111 0061 0601> fwf_sample2 <- readroper_example('testSingleCard.txt')
    > cat(readr::read_lines(fwf_sample2))
    0081 0071 0041 0051 0011 1021 0031 1071 1041 0081 0071 1051 1101 1071 0051 1071 0061 2061 1041 2051 1081 1031 0091 0061 1031 0091 0071 0061 0041 1061 1031 1061 1041 1081 2031 1021 0051 1061 0071 1031 3071 2041 1051 0061 1071 2061 1041 2091 1101 0071 0081 0051 0061 1091 0081 0051 2091 3051 2051 0081 1061 2071 2031 0061 0051 0071 1081 2061 2051 0071 2081 0101 0051 1071 0061 0031 2081 2041 0041 0081 1091 0041 2121 2091 0061 0061 1071 0101 1091 0071 0061 0081 1021 3081 1031 1071 0051 0051 0081 0091 0061 2051 0061 0021 1041 1051 0061 2071 1091 1031 0061 0081 0051 1081 2071 1091 0081 1041 0071 3051 0041 1051 0101 0061 1051 1031 2041 2091 0051 0041 1041 0061 2071 1051 3111 1071 0021 0031 1041 1101 1051 0071 0101 0041 1041 0091 0081 1111 2051 1041 3081 0081 1041 2061 1021 2051 1081 0051 0071 0081 1041 1071 0071 2111 3091 0071 1011 0071 1091 0051 0031 1041 1071 0021 0121 2051 0041 1051 0041 0031 0041 0021 2021 1051 1051 1071 0041 2041 0061 1051 2061 2071 1071 1081 1011 1041 1061 1081 1101 2091 0031 0021 0111 2031 1051 0111 2101 2031 0051 0051 0071 1071 2031 2051 0031 1071 2051 1021 0081 2051 2081 2031 1061 3061 1081 1061 1091 0041 1041 2061 0061 0111 1041 0071 0031 1071 1051 1101 0111 0061 0041 1101 0051 1091 0091 1091 0061 2091 0061 2051 1111 1061 0061 1071 0021 0111 0061 0031 1101 0051 0061 1061 0051 1031 0041 0061 0061 0071 0061 0071 2041 0031 1111 0031 0061 0051 1051 1041 1051 0091 2091 2081 0041 0051 0071 0041 1051 2101 0021 0041 1041 0051 2051 1041 1031 1091 1061 0051 2061 0091 2031 0051 2041 1071 2051 2091 2061 1061 1051 1031 0051 1051 1081 3091 0071 1031 2071 0061 0081 0041 0051 1061 0041 1051 0051 1051 3041 0051 1101 0051 0041 0061 2051 0051 1091 0051 0071 0051 0041 3051 1061 1041 1041 0041 1051 1061 1021 0071 0081 1071 2051 1061 3041 0051 1081 0081 0111 2051 1041 0081 0061 1061 0031 0091 0041 0041 0041 2041 1051 0071 0051 0101 0061 0031 0061 0061 0041 0081 2051 0011 0051 2091 2061 0081 0071 1041 2021 1101 0021 1021 1081 1051 1021 0111 3091 0041 2031 0071 1021 0021 0051 0071 0091 0041 0031 1061 1041 3041 0091 1061 1031 1081 0041 0031 3061 0081 0081 0081 0051 2031 0061 0081 2081 1041 0111 0051 0041 0081 2051 0041 1081 0091 0031 1101 1071 1111 1061 0081 0071 2091 0061 2061 0061 1081 1041 0061 0031 0091 0081 0081 1061 1021 2081 0051 2061 0051 2051 0061 0061 0071 0061 0031 1021 1051 1071 0091 0061 1071 0071 1051 2061 0091 2111 2061 1081 0051 1061 3071 1051 1051 0071 1021 1081 1081 1091 1071 0011 0061 2071 1011 1071 1081 2081 2031 1021 1071 0041 0091 0061 1121 0011 0041 0041 0081 0051 0091 1091 1061 0071 2071 0051 0051 3051 1061 1071 0051 1061 2051 0031 0091 1031 0071 3111 2061 2031 2121 1061 2041 2101 0061 1061 1031 0061 1061 1041 1071 0081 0091 2041 0081 0031 0051 0031 1021 1061 1031 1041 3071 2061 0051 1041 0061 0041 0051 1041 1101 1021 0011 1051 0081 0051 1081 0071 0051 0061 2091 2081 3091 1041 0061 2071 1061 0031 0041 0081 2051 2071 1091 0041 0061 1031 0071 1061 0061 0041 2061 0081 1071 0061 2041 2051 2041 0061 1031 1091 1081 1031 1091 1061 0081 0101 0071 1061 0031 1051 2061 0051 1011 0091 1061 1051 2061 1041 2071 0111 1071 0041 0051 1051 0081 0051 2091 1061 1061 0071 1051 1021 2101 0071 1081 1091 1061 1031 2081 0031 0011 0051 1051 0061 0091 0091 1071 1041 1051 2081 0081 0041 0081 0041 0051 2091 2061 0081 0041 0071 2051 0021 0041 0061 0091 0021 1021 0061 1051 0031 1051 1081 1051 1081 0061 2041 1061 0031 0031 1091 2031 0071 0041 1111 3041 1061 0051 2061 0031 1061 0071 0091 0061 1021 1061 2091 1021 0071 1011 0051 1071 0061 0061 1041 1061 1061 0041 0021 0051 0081 2041 0081 1051 0101 0081 0091 0091 0091 1071 0061 1021 1061 1091 0031 0061 2091 1071 0061 0111 2061 1051 2021 1051 1061 2081 1081 1031 0051 0071 2081 0051 0061 2031 0061 0061 1051 1051 0031 2061 2051 0061 2081 0081 0051 1051 1051 1081 1041 1051 0021 1071 0081 1091 2051 0041 1061 1041 0071 0071 1021 0071 0061 0021 0061 2091 0021 1061 1021 0021 1051 0071 1101 0051 1021 1051 1101 0091 1111 1051 3101 0101 2071 0051 0081 1061 2071 1051 2061 3051 0051 1051 1021 1051 2041 0071 1021 0021 1061 0081 0041 1031 0061 0011 0071 0061 1031 0041 2061 1051 1051 1061 0031 1041 1041 0061 0071 0101 2091 1091 0051 0041 0051 0011 0061 0041 1061 0051 0061 1061 1061 2041 0041 0061 1021 0051 0051 1061 1051 0061 2071 1061 0071 0041 0051 1081 0071 1101 2051 1001 0051 0061 0041 2031 0081 1021 1061 1111 0051 1051 0051 1091 0081 0051 2051 1051 0061 0021 1071 2061 0071 1081 0011 0061 0031 2051 1041 1101 2091 1061 1041 1081 1041 0061 1061 0021 0081 0031 1081 2061 0051 0011 1071 1071 1041 2031 1091 2021 0061 1071 0061 1091 2071 0041 0051 1061 1051 2071 2031 0041 1091 0051 0031 0061 1071 1041 0091 0061 2071 1051 0051 1041 1041 2081 0051 1011 2061 0041 2041 2051 0021 0061 2041 0061 1091 0011 0071 3031 0071 0071 1071 0021 0061 1061 1081 0081 0111 1011 0061 1041 1081 0051 1061 1081 2091 1091 0071 1061 0021 3041 0061 0051 0061 0091 0051 1061 1031 0041 0051 2051 0071 2041 1041 0051 0061 1021 1051 2111 0101 0091 1021 2051 1111 0061> # 1. Fixed width file, first card, multi-card
    > read_rpr(col_positions=c(1,2,4), widths=c(1,2,1),
    + col_names=c('V1','V2','V3'), filepath=fwf_sample, card_read=1, cards=2)
    Parsed with column specification:
    cols(
     V1 = col_double(),
     V2 = col_character(),
     V3 = col_double()
    )
    Error: Must subset rows with a valid subscript vector.
    i Logical subscripts must match the size of the indexed input.
    x The input has size 1976 but the subscript `card_v` has size 2.
    Backtrace:
     x
     1. +-readroper::read_rpr(...)
     2. | +-...[]
     3. | +-readr:::`[.spec_tbl_df`(...)
     4. | +-base::NextMethod(`[`)
     5. | \-tibble:::`[.tbl_df`(...)
     6. | \-tibble:::tbl_subset_row(xo, i = i, i_arg)
     7. | \-tibble:::vectbl_as_row_index(i, x, i_arg)
     8. | \-tibble:::vectbl_as_row_location(i, nr, i_arg, assign)
     9. | +-tibble:::subclass_row_index_errors(...)
     10. | | +-base::tryCatch(...)
     11. | | | \-base:::tryCatchList(expr, classes, parentenv, handlers)
     12. | | | \-base:::tryCatchOne(expr, names, parentenv, handlers[[1L]])
     13. | | | \-base:::doTryCatch(return(expr), name, parentenv, handler)
     14. | | \-base::force(expr)
     15. | \-vctrs::vec_as_location(i, n, arg = as_label(i_arg))
     16. \-vctrs:::stop_indicat
    Execution halted
Flavors: r-release-windows-ix86+x86_64, r-oldrel-windows-ix86+x86_64

Version: 0.9.1
Check: tests
Result: ERROR
     Running 'testthat.R' [4s]
    Running the tests in 'tests/testthat.R' failed.
    Complete output:
     > library(testthat)
     > library(readroper)
     readroper package loaded.
     >
     > test_check("readroper")
     -- 1. Error: First row of multicard dataset matches (@test-readroper.R#4) -----
     Must subset rows with a valid subscript vector.
     i Logical subscripts must match the size of the indexed input.
     x The input has size 1976 but the subscript `card_v` has size 2.
     Backtrace:
     1. readroper::read_rpr(...)
     16. vctrs:::stop_indicator_size(...)
    
     == testthat results ===========================================================
     [ OK: 10 | SKIPPED: 0 | WARNINGS: 0 | FAILED: 1 ]
     1. Error: First row of multicard dataset matches (@test-readroper.R#4)
    
     Error: testthat unit tests failed
     Execution halted
Flavor: r-release-windows-ix86+x86_64

Version: 0.9.1
Check: tests
Result: ERROR
     Running 'testthat.R' [3s]
    Running the tests in 'tests/testthat.R' failed.
    Complete output:
     > library(testthat)
     > library(readroper)
     readroper package loaded.
     >
     > test_check("readroper")
     -- 1. Error: First row of multicard dataset matches (@test-readroper.R#4) -----
     Must subset rows with a valid subscript vector.
     i Logical subscripts must match the size of the indexed input.
     x The input has size 1976 but the subscript `card_v` has size 2.
     Backtrace:
     1. readroper::read_rpr(...)
     16. vctrs:::stop_indicator_size(...)
    
     == testthat results ===========================================================
     [ OK: 10 | SKIPPED: 0 | WARNINGS: 0 | FAILED: 1 ]
     1. Error: First row of multicard dataset matches (@test-readroper.R#4)
    
     Error: testthat unit tests failed
     Execution halted
Flavor: r-oldrel-windows-ix86+x86_64