CRAN Package Check Results for Package readxl

Last updated on 2020-05-27 15:47:23 CEST.

Flavor Version Tinstall Tcheck Ttotal Status Flags
r-devel-linux-x86_64-debian-clang 1.3.1 69.72 42.43 112.15 OK
r-devel-linux-x86_64-debian-gcc 1.3.1 52.42 33.39 85.81 OK
r-devel-linux-x86_64-fedora-clang 1.3.1 148.21 NOTE
r-devel-linux-x86_64-fedora-gcc 1.3.1 141.17 OK
r-devel-windows-ix86+x86_64 1.3.1 174.00 115.00 289.00 OK
r-patched-linux-x86_64 1.3.1 53.04 42.49 95.53 OK
r-patched-solaris-x86 1.3.1 139.80 OK
r-release-linux-x86_64 1.3.1 55.22 42.04 97.26 OK
r-release-osx-x86_64 1.3.1 OK
r-release-windows-ix86+x86_64 1.3.1 135.00 129.00 264.00 OK
r-oldrel-osx-x86_64 1.3.1 OK
r-oldrel-windows-ix86+x86_64 1.3.1 133.00 96.00 229.00 OK

Check Details

Version: 1.3.1
Check: installed package size
Result: NOTE
     installed size is 5.9Mb
     sub-directories of 1Mb or more:
     libs 4.6Mb
Flavor: r-devel-linux-x86_64-fedora-clang