CRAN Package Check Results for Package readxl

Last updated on 2019-11-17 02:46:41 CET.

Flavor Version Tinstall Tcheck Ttotal Status Flags
r-devel-linux-x86_64-debian-clang 1.3.1 64.16 41.08 105.24 OK
r-devel-linux-x86_64-debian-gcc 1.3.1 47.76 31.61 79.37 OK
r-devel-linux-x86_64-fedora-clang 1.3.1 139.39 NOTE
r-devel-linux-x86_64-fedora-gcc 1.3.1 136.28 OK
r-devel-windows-ix86+x86_64 1.3.1 174.00 94.00 268.00 OK
r-patched-linux-x86_64 1.3.1 51.80 38.84 90.64 OK
r-patched-solaris-x86 1.3.1 138.20 OK
r-release-linux-x86_64 1.3.1 52.28 38.77 91.05 OK
r-release-windows-ix86+x86_64 1.3.1 111.00 124.00 235.00 OK
r-release-osx-x86_64 1.3.1 OK
r-oldrel-windows-ix86+x86_64 1.3.1 100.00 136.00 236.00 OK
r-oldrel-osx-x86_64 1.3.1 OK

Check Details

Version: 1.3.1
Check: installed package size
Result: NOTE
     installed size is 5.3Mb
     sub-directories of 1Mb or more:
     libs 3.9Mb
Flavor: r-devel-linux-x86_64-fedora-clang