CRAN Package Check Results for Package red

Last updated on 2019-10-16 15:48:24 CEST.

Flavor Version Tinstall Tcheck Ttotal Status Flags
r-devel-linux-x86_64-debian-clang 1.4.0 12.40 102.78 115.18 OK
r-devel-linux-x86_64-debian-gcc 1.4.0 10.74 79.29 90.03 OK
r-devel-linux-x86_64-fedora-clang 1.4.0 146.54 OK
r-devel-linux-x86_64-fedora-gcc 1.4.0 139.23 OK
r-devel-windows-ix86+x86_64 1.4.0 50.00 122.00 172.00 OK
r-patched-linux-x86_64 1.4.0 11.76 99.40 111.16 OK
r-patched-solaris-x86 1.4.0 204.90 OK
r-release-linux-x86_64 1.4.0 12.05 99.41 111.46 OK
r-release-windows-ix86+x86_64 1.4.0 30.00 179.00 209.00 OK
r-release-osx-x86_64 1.4.0 WARN
r-oldrel-windows-ix86+x86_64 1.4.0 20.00 126.00 146.00 OK
r-oldrel-osx-x86_64 1.4.0 OK

Check Details

Version: 1.4.0
Check: whether package can be installed
Result: WARN
    Found the following significant warnings:
     Warning: 'rgl_init' failed, running with rgl.useNULL = TRUE
Flavor: r-release-osx-x86_64