CRAN Package Check Results for Package red

Last updated on 2020-05-27 03:48:42 CEST.

Flavor Version Tinstall Tcheck Ttotal Status Flags
r-devel-linux-x86_64-debian-clang 1.5.0 22.74 186.13 208.87 OK
r-devel-linux-x86_64-debian-gcc 1.5.0 19.50 142.04 161.54 OK
r-devel-linux-x86_64-fedora-clang 1.5.0 251.19 OK
r-devel-linux-x86_64-fedora-gcc 1.5.0 247.74 OK
r-devel-windows-ix86+x86_64 1.5.0 76.00 253.00 329.00 OK
r-patched-linux-x86_64 1.5.0 18.72 182.72 201.44 OK
r-patched-solaris-x86 1.5.0 387.90 OK
r-release-linux-x86_64 1.5.0 16.81 185.59 202.40 OK
r-release-osx-x86_64 1.5.0 OK
r-release-windows-ix86+x86_64 1.5.0 71.00 302.00 373.00 OK
r-oldrel-osx-x86_64 1.5.0 WARN
r-oldrel-windows-ix86+x86_64 1.5.0 45.00 194.00 239.00 OK

Check Details

Version: 1.5.0
Check: whether package can be installed
Result: WARN
    Found the following significant warnings:
     Warning: 'rgl.init' failed, running with 'rgl.useNULL = TRUE'.
Flavor: r-oldrel-osx-x86_64