CRAN Package Check Results for Package redux

Last updated on 2020-02-25 02:48:42 CET.

Flavor Version Tinstall Tcheck Ttotal Status Flags
r-devel-linux-x86_64-debian-clang 1.1.0 6.79 32.57 39.36 OK
r-devel-linux-x86_64-debian-gcc 1.1.0 5.90 25.48 31.38 OK
r-devel-linux-x86_64-fedora-clang 1.1.0 49.60 NOTE
r-devel-linux-x86_64-fedora-gcc 1.1.0 48.92 NOTE
r-devel-windows-ix86+x86_64 1.1.0 24.00 61.00 85.00 OK
r-devel-windows-ix86+x86_64-gcc8 1.1.0 35.00 62.00 97.00 OK
r-patched-linux-x86_64 1.1.0 7.22 29.60 36.82 OK
r-release-linux-x86_64 1.1.0 6.31 29.17 35.48 OK
r-release-windows-ix86+x86_64 1.1.0 22.00 63.00 85.00 OK
r-release-osx-x86_64 1.1.0 OK
r-oldrel-windows-ix86+x86_64 1.1.0 32.00 62.00 94.00 OK
r-oldrel-osx-x86_64 1.1.0 OK

Check Details

Version: 1.1.0
Check: top-level files
Result: NOTE
    ‘configure’: /bin/bash is not portable
Flavors: r-devel-linux-x86_64-fedora-clang, r-devel-linux-x86_64-fedora-gcc