CRAN Package Check Results for Package repurrrsive

Last updated on 2019-12-15 02:48:21 CET.

Flavor Version Tinstall Tcheck Ttotal Status Flags
r-devel-linux-x86_64-debian-clang 1.0.0 3.14 36.53 39.67 OK
r-devel-linux-x86_64-debian-gcc 1.0.0 2.23 28.58 30.81 OK
r-devel-linux-x86_64-fedora-clang 1.0.0 48.27 NOTE
r-devel-linux-x86_64-fedora-gcc 1.0.0 49.46 NOTE
r-devel-windows-ix86+x86_64 1.0.0 7.00 78.00 85.00 OK
r-devel-windows-ix86+x86_64-gcc8 1.0.0 8.00 65.00 73.00 OK
r-patched-linux-x86_64 1.0.0 2.66 33.12 35.78 OK
r-patched-solaris-x86 1.0.0 65.00 NOTE
r-release-linux-x86_64 1.0.0 2.88 33.44 36.32 OK
r-release-windows-ix86+x86_64 1.0.0 6.00 51.00 57.00 OK
r-release-osx-x86_64 1.0.0 NOTE
r-oldrel-windows-ix86+x86_64 1.0.0 5.00 49.00 54.00 OK
r-oldrel-osx-x86_64 1.0.0 NOTE

Check Details

Version: 1.0.0
Check: data for non-ASCII characters
Result: NOTE
     Note: found 25 marked UTF-8 strings
Flavors: r-devel-linux-x86_64-fedora-clang, r-devel-linux-x86_64-fedora-gcc, r-patched-solaris-x86, r-release-osx-x86_64, r-oldrel-osx-x86_64