CRAN Package Check Results for Package reshape2

Last updated on 2020-04-08 17:48:04 CEST.

Flavor Version Tinstall Tcheck Ttotal Status Flags
r-devel-linux-x86_64-debian-clang 1.4.3 21.67 32.60 54.27 ERROR
r-devel-linux-x86_64-debian-gcc 1.4.3 13.24 25.58 38.82 ERROR
r-devel-linux-x86_64-fedora-clang 1.4.3 68.35 ERROR
r-devel-linux-x86_64-fedora-gcc 1.4.3 66.04 ERROR
r-devel-windows-ix86+x86_64 1.4.3 39.00 103.00 142.00 ERROR
r-devel-windows-ix86+x86_64-gcc8 1.4.3 42.00 77.00 119.00 ERROR
r-patched-linux-x86_64 1.4.3 18.59 32.63 51.22 ERROR
r-patched-solaris-x86 1.4.3 94.60 ERROR
r-release-linux-x86_64 1.4.3 17.69 30.70 48.39 OK
r-release-windows-ix86+x86_64 1.4.3 40.00 107.00 147.00 OK
r-release-osx-x86_64 1.4.3 OK
r-oldrel-windows-ix86+x86_64 1.4.3 47.00 95.00 142.00 OK
r-oldrel-osx-x86_64 1.4.3 OK

Check Details

Version: 1.4.3
Check: tests
Result: ERROR
     Running 'testthat.R' [3s/3s]
    Running the tests in 'tests/testthat.R' failed.
    Complete output:
     > library(testthat)
     > library(reshape2)
     >
     > test_check("reshape2")
     -- 1. Failure: labels are correct when missing combinations dropped/kept (@test-
     `x` not equal to `expected`.
     1/1 mismatches
     [1] 4 - 16 == -12
    
     == testthat results ===========================================================
     [ OK: 126 | SKIPPED: 1 | WARNINGS: 0 | FAILED: 1 ]
     1. Failure: labels are correct when missing combinations dropped/kept (@test-cast.r#126)
    
     Error: testthat unit tests failed
     Execution halted
Flavor: r-devel-linux-x86_64-debian-clang

Version: 1.4.3
Check: tests
Result: ERROR
     Running ‘testthat.R’ [2s/3s]
    Running the tests in ‘tests/testthat.R’ failed.
    Complete output:
     > library(testthat)
     > library(reshape2)
     >
     > test_check("reshape2")
     ── 1. Failure: labels are correct when missing combinations dropped/kept (@test-
     `x` not equal to `expected`.
     1/1 mismatches
     [1] 4 - 16 == -12
    
     ══ testthat results ═══════════════════════════════════════════════════════════
     [ OK: 126 | SKIPPED: 1 | WARNINGS: 0 | FAILED: 1 ]
     1. Failure: labels are correct when missing combinations dropped/kept (@test-cast.r#126)
    
     Error: testthat unit tests failed
     Execution halted
Flavor: r-devel-linux-x86_64-debian-gcc

Version: 1.4.3
Check: tests
Result: ERROR
     Running ‘testthat.R’
    Running the tests in ‘tests/testthat.R’ failed.
    Complete output:
     > library(testthat)
     > library(reshape2)
     >
     > test_check("reshape2")
     ── 1. Failure: labels are correct when missing combinations dropped/kept (@test-
     `x` not equal to `expected`.
     1/1 mismatches
     [1] 4 - 16 == -12
    
     ══ testthat results ═══════════════════════════════════════════════════════════
     [ OK: 126 | SKIPPED: 1 | WARNINGS: 0 | FAILED: 1 ]
     1. Failure: labels are correct when missing combinations dropped/kept (@test-cast.r#126)
    
     Error: testthat unit tests failed
     Execution halted
Flavors: r-devel-linux-x86_64-fedora-clang, r-devel-linux-x86_64-fedora-gcc, r-patched-solaris-x86

Version: 1.4.3
Check: running tests for arch ‘i386’
Result: ERROR
     Running 'testthat.R' [3s]
    Running the tests in 'tests/testthat.R' failed.
    Complete output:
     > library(testthat)
     > library(reshape2)
     >
     > test_check("reshape2")
     -- 1. Failure: labels are correct when missing combinations dropped/kept (@test-
     `x` not equal to `expected`.
     1/1 mismatches
     [1] 4 - 16 == -12
    
     == testthat results ===========================================================
     [ OK: 126 | SKIPPED: 1 | WARNINGS: 0 | FAILED: 1 ]
     1. Failure: labels are correct when missing combinations dropped/kept (@test-cast.r#126)
    
     Error: testthat unit tests failed
     Execution halted
Flavors: r-devel-windows-ix86+x86_64, r-devel-windows-ix86+x86_64-gcc8

Version: 1.4.3
Check: running tests for arch ‘x64’
Result: ERROR
     Running 'testthat.R' [4s]
    Running the tests in 'tests/testthat.R' failed.
    Complete output:
     > library(testthat)
     > library(reshape2)
     >
     > test_check("reshape2")
     -- 1. Failure: labels are correct when missing combinations dropped/kept (@test-
     `x` not equal to `expected`.
     1/1 mismatches
     [1] 4 - 16 == -12
    
     == testthat results ===========================================================
     [ OK: 126 | SKIPPED: 1 | WARNINGS: 0 | FAILED: 1 ]
     1. Failure: labels are correct when missing combinations dropped/kept (@test-cast.r#126)
    
     Error: testthat unit tests failed
     Execution halted
Flavor: r-devel-windows-ix86+x86_64

Version: 1.4.3
Check: running tests for arch ‘x64’
Result: ERROR
     Running 'testthat.R' [3s]
    Running the tests in 'tests/testthat.R' failed.
    Complete output:
     > library(testthat)
     > library(reshape2)
     >
     > test_check("reshape2")
     -- 1. Failure: labels are correct when missing combinations dropped/kept (@test-
     `x` not equal to `expected`.
     1/1 mismatches
     [1] 4 - 16 == -12
    
     == testthat results ===========================================================
     [ OK: 126 | SKIPPED: 1 | WARNINGS: 0 | FAILED: 1 ]
     1. Failure: labels are correct when missing combinations dropped/kept (@test-cast.r#126)
    
     Error: testthat unit tests failed
     Execution halted
Flavor: r-devel-windows-ix86+x86_64-gcc8

Version: 1.4.3
Check: tests
Result: ERROR
     Running ‘testthat.R’ [3s/3s]
    Running the tests in ‘tests/testthat.R’ failed.
    Complete output:
     > library(testthat)
     > library(reshape2)
     >
     > test_check("reshape2")
     ── 1. Failure: labels are correct when missing combinations dropped/kept (@test-
     `x` not equal to `expected`.
     1/1 mismatches
     [1] 4 - 16 == -12
    
     ══ testthat results ═══════════════════════════════════════════════════════════
     [ OK: 126 | SKIPPED: 1 | WARNINGS: 0 | FAILED: 1 ]
     1. Failure: labels are correct when missing combinations dropped/kept (@test-cast.r#126)
    
     Error: testthat unit tests failed
     Execution halted
Flavor: r-patched-linux-x86_64