CRAN Package Check Results for Package restlos

Last updated on 2020-07-07 03:48:00 CEST.

Flavor Version Tinstall Tcheck Ttotal Status Flags
r-devel-linux-x86_64-debian-clang 0.2-2 6.22 43.26 49.48 OK
r-devel-linux-x86_64-debian-gcc 0.2-2 4.78 35.18 39.96 OK
r-devel-linux-x86_64-fedora-clang 0.2-2 67.96 OK
r-devel-linux-x86_64-fedora-gcc 0.2-2 60.07 OK
r-devel-windows-ix86+x86_64 0.2-2 13.00 61.00 74.00 OK
r-patched-linux-x86_64 0.2-2 5.66 43.45 49.11 OK
r-patched-solaris-x86 0.2-2 98.10 OK
r-release-linux-x86_64 0.2-2 6.32 43.05 49.37 OK
r-release-osx-x86_64 0.2-2 OK
r-release-windows-ix86+x86_64 0.2-2 13.00 61.00 74.00 OK
r-oldrel-osx-x86_64 0.2-2 WARN
r-oldrel-windows-ix86+x86_64 0.2-2 32.00 77.00 109.00 OK

Check Details

Version: 0.2-2
Check: whether package can be installed
Result: WARN
    Found the following significant warnings:
     Warning: 'rgl_init' failed, running with rgl.useNULL = TRUE
Flavor: r-oldrel-osx-x86_64