CRAN Package Check Results for Package retistruct

Last updated on 2020-09-19 15:53:08 CEST.

Flavor Version Tinstall Tcheck Ttotal Status Flags
r-devel-linux-x86_64-debian-clang 0.6.3 31.81 126.67 158.48 OK
r-devel-linux-x86_64-debian-gcc 0.6.3 23.06 95.75 118.81 OK
r-devel-linux-x86_64-fedora-clang 0.6.3 198.95 NOTE
r-devel-linux-x86_64-fedora-gcc 0.6.3 192.86 NOTE
r-devel-windows-ix86+x86_64 0.6.3 54.00 216.00 270.00 OK
r-patched-linux-x86_64 0.6.3 31.07 129.62 160.69 OK
r-patched-solaris-x86 0.6.3 271.20 NOTE
r-release-linux-x86_64 0.6.3 28.42 131.91 160.33 OK
r-release-macos-x86_64 0.6.3 NOTE
r-release-windows-ix86+x86_64 0.6.3 52.00 211.00 263.00 OK
r-oldrel-macos-x86_64 0.6.3 NOTE
r-oldrel-windows-ix86+x86_64 0.6.3 34.00 237.00 271.00 OK

Check Details

Version: 0.6.3
Check: dependencies in R code
Result: NOTE
    Namespace in Imports field not imported from: ‘RTriangle’
     All declared Imports should be used.
Flavors: r-devel-linux-x86_64-fedora-clang, r-devel-linux-x86_64-fedora-gcc, r-patched-solaris-x86, r-release-macos-x86_64, r-oldrel-macos-x86_64

Version: 0.6.3
Check: package dependencies
Result: NOTE
    Package suggested but not available for checking: ‘gWidgets2RGtk2’
Flavor: r-oldrel-macos-x86_64