CRAN Package Check Results for Package reverseR

Last updated on 2020-12-03 14:46:56 CET.

Flavor Version Tinstall Tcheck Ttotal Status Flags
r-devel-linux-x86_64-debian-clang 0.1 4.60 57.74 62.34 OK
r-devel-linux-x86_64-debian-gcc 0.1 4.36 46.59 50.95 OK
r-devel-linux-x86_64-fedora-clang 0.1 78.42 NOTE
r-devel-linux-x86_64-fedora-gcc 0.1 69.88 NOTE
r-devel-windows-ix86+x86_64 0.1 11.00 62.00 73.00 OK
r-patched-linux-x86_64 0.1 4.70 57.65 62.35 OK
r-patched-solaris-x86 0.1 102.60 NOTE
r-release-linux-x86_64 0.1 4.46 56.80 61.26 OK
r-release-macos-x86_64 0.1 NOTE
r-release-windows-ix86+x86_64 0.1 8.00 79.00 87.00 OK
r-oldrel-macos-x86_64 0.1 NOTE
r-oldrel-windows-ix86+x86_64 0.1 8.00 76.00 84.00 OK

Check Details

Version: 0.1
Check: dependencies in R code
Result: NOTE
    Namespace in Imports field not imported from: ‘DT’
     All declared Imports should be used.
Flavors: r-devel-linux-x86_64-fedora-clang, r-devel-linux-x86_64-fedora-gcc, r-patched-solaris-x86, r-release-macos-x86_64, r-oldrel-macos-x86_64