CRAN Package Check Results for Package rfigshare

Last updated on 2020-04-09 03:47:55 CEST.

Flavor Version Tinstall Tcheck Ttotal Status Flags
r-devel-linux-x86_64-debian-clang 0.3.7 5.83 57.80 63.63 NOTE
r-devel-linux-x86_64-debian-gcc 0.3.7 5.14 45.83 50.97 NOTE
r-devel-linux-x86_64-fedora-clang 0.3.7 75.69 NOTE
r-devel-linux-x86_64-fedora-gcc 0.3.7 76.53 NOTE
r-devel-windows-ix86+x86_64 0.3.7 16.00 122.00 138.00 NOTE
r-devel-windows-ix86+x86_64-gcc8 0.3.7 16.00 71.00 87.00 NOTE
r-patched-linux-x86_64 0.3.7 5.57 55.89 61.46 NOTE
r-patched-solaris-x86 0.3.7 110.60 NOTE
r-release-linux-x86_64 0.3.7 5.86 50.71 56.57 NOTE
r-release-windows-ix86+x86_64 0.3.7 14.00 100.00 114.00 NOTE
r-release-osx-x86_64 0.3.7 NOTE
r-oldrel-windows-ix86+x86_64 0.3.7 15.00 71.00 86.00 NOTE
r-oldrel-osx-x86_64 0.3.7 NOTE

Check Details

Version: 0.3.7
Check: R code for possible problems
Result: NOTE
    fs_author_ids : <anonymous>: no visible global function definition for
     'select.list'
    fs_download : <anonymous>: no visible global function definition for
     'download.file'
    Undefined global functions or variables:
     download.file select.list
    Consider adding
     importFrom("utils", "download.file", "select.list")
    to your NAMESPACE file.
Flavors: r-devel-linux-x86_64-debian-clang, r-devel-linux-x86_64-debian-gcc, r-devel-linux-x86_64-fedora-clang, r-devel-linux-x86_64-fedora-gcc, r-devel-windows-ix86+x86_64, r-devel-windows-ix86+x86_64-gcc8, r-patched-linux-x86_64, r-patched-solaris-x86, r-release-linux-x86_64, r-release-windows-ix86+x86_64, r-release-osx-x86_64, r-oldrel-windows-ix86+x86_64, r-oldrel-osx-x86_64