CRAN Package Check Results for Package rgr

Last updated on 2020-04-07 03:48:22 CEST.

Flavor Version Tinstall Tcheck Ttotal Status Flags
r-devel-linux-x86_64-debian-clang 1.1.15 11.36 79.05 90.41 NOTE
r-devel-linux-x86_64-debian-gcc 1.1.15 8.96 59.89 68.85 NOTE
r-devel-linux-x86_64-fedora-clang 1.1.15 105.42 NOTE
r-devel-linux-x86_64-fedora-gcc 1.1.15 104.26 NOTE
r-devel-windows-ix86+x86_64 1.1.15 26.00 99.00 125.00 OK
r-devel-windows-ix86+x86_64-gcc8 1.1.15 15.00 97.00 112.00 OK
r-patched-linux-x86_64 1.1.15 12.20 76.85 89.05 NOTE
r-patched-solaris-x86 1.1.15 137.60 NOTE
r-release-linux-x86_64 1.1.15 8.75 70.62 79.37 OK
r-release-windows-ix86+x86_64 1.1.15 16.00 119.00 135.00 OK
r-release-osx-x86_64 1.1.15 OK
r-oldrel-windows-ix86+x86_64 1.1.15 19.00 78.00 97.00 OK
r-oldrel-osx-x86_64 1.1.15 OK

Check Details

Version: 1.1.15
Check: for non-standard things in the check directory
Result: NOTE
    Found the following files/directories:
     'MD_display.csv' 'kola.c_COUNTRY_Cu.csv'
     'kola.c_COUNTRY_Cu_fences.txt' 'ogrady.mvalloc_mvalloc.csv'
     'sind.mat2open_NGR_summary.csv' 'sind.save_PC-loadings.csv'
     'sind.save_PC-scores.csv' 'test.save.mvalloc_mvalloc.csv'
Flavors: r-devel-linux-x86_64-debian-clang, r-devel-linux-x86_64-debian-gcc, r-devel-linux-x86_64-fedora-clang, r-devel-linux-x86_64-fedora-gcc, r-patched-linux-x86_64, r-patched-solaris-x86