CRAN Package Check Results for Package ridge

Last updated on 2020-05-27 03:48:42 CEST.

Flavor Version Tinstall Tcheck Ttotal Status Flags
r-devel-linux-x86_64-debian-clang 2.5 11.25 48.68 59.93 OK
r-devel-linux-x86_64-debian-gcc 2.5 7.73 38.19 45.92 OK
r-devel-linux-x86_64-fedora-clang 2.5 73.04 OK
r-devel-linux-x86_64-fedora-gcc 2.5 71.07 OK
r-devel-windows-ix86+x86_64 2.5 38.00 98.00 136.00 OK
r-patched-linux-x86_64 2.5 9.40 48.01 57.41 OK
r-patched-solaris-x86 2.5 124.50 OK
r-release-linux-x86_64 2.5 9.26 49.38 58.64 OK
r-release-osx-x86_64 2.5 ERROR
r-release-windows-ix86+x86_64 2.5 25.00 119.00 144.00 OK
r-oldrel-osx-x86_64 2.5 OK
r-oldrel-windows-ix86+x86_64 2.5 43.00 81.00 124.00 OK

Check Details

Version: 2.5
Check: whether package can be installed
Result: ERROR
    Installation failed.
Flavor: r-release-osx-x86_64