CRAN Package Check Results for Package rijkspalette

Last updated on 2019-12-13 02:47:05 CET.

Flavor Version Tinstall Tcheck Ttotal Status Flags
r-devel-linux-x86_64-debian-clang 1.0.1 1.97 19.58 21.55 OK
r-devel-linux-x86_64-debian-gcc 1.0.1 1.59 15.78 17.37 OK
r-devel-linux-x86_64-fedora-clang 1.0.1 27.37 NOTE
r-devel-linux-x86_64-fedora-gcc 1.0.1 27.30 NOTE
r-devel-windows-ix86+x86_64 1.0.1 6.00 42.00 48.00 OK
r-devel-windows-ix86+x86_64-gcc8 1.0.1 6.00 50.00 56.00 OK
r-patched-linux-x86_64 1.0.1 1.63 18.52 20.15 OK
r-patched-solaris-x86 1.0.1 40.70 NOTE
r-release-linux-x86_64 1.0.1 1.59 18.65 20.24 OK
r-release-windows-ix86+x86_64 1.0.1 5.00 33.00 38.00 OK
r-release-osx-x86_64 1.0.1 NOTE
r-oldrel-windows-ix86+x86_64 1.0.1 3.00 33.00 36.00 OK
r-oldrel-osx-x86_64 1.0.1 NOTE

Check Details

Version: 1.0.1
Check: dependencies in R code
Result: NOTE
    Namespace in Imports field not imported from: ‘curl’
     All declared Imports should be used.
Flavors: r-devel-linux-x86_64-fedora-clang, r-devel-linux-x86_64-fedora-gcc, r-patched-solaris-x86, r-release-osx-x86_64, r-oldrel-osx-x86_64