CRAN Package Check Results for Package rijkspalette

Last updated on 2020-07-08 03:48:02 CEST.

Flavor Version Tinstall Tcheck Ttotal Status Flags
r-devel-linux-x86_64-debian-clang 1.0.1 2.17 20.39 22.56 OK
r-devel-linux-x86_64-debian-gcc 1.0.1 1.74 16.37 18.11 OK
r-devel-linux-x86_64-fedora-clang 1.0.1 36.41 NOTE
r-devel-linux-x86_64-fedora-gcc 1.0.1 26.31 NOTE
r-devel-windows-ix86+x86_64 1.0.1 4.00 33.00 37.00 OK
r-patched-linux-x86_64 1.0.1 1.87 20.38 22.25 OK
r-patched-solaris-x86 1.0.1 43.20 NOTE
r-release-linux-x86_64 1.0.1 1.76 20.27 22.03 OK
r-release-osx-x86_64 1.0.1 NOTE
r-release-windows-ix86+x86_64 1.0.1 5.00 34.00 39.00 OK
r-oldrel-osx-x86_64 1.0.1 NOTE
r-oldrel-windows-ix86+x86_64 1.0.1 11.00 82.00 93.00 OK

Check Details

Version: 1.0.1
Check: dependencies in R code
Result: NOTE
    Namespace in Imports field not imported from: ‘curl’
     All declared Imports should be used.
Flavors: r-devel-linux-x86_64-fedora-clang, r-devel-linux-x86_64-fedora-gcc, r-patched-solaris-x86, r-release-osx-x86_64, r-oldrel-osx-x86_64