CRAN Package Check Results for Package rlc

Last updated on 2020-08-08 03:50:52 CEST.

Flavor Version Tinstall Tcheck Ttotal Status Flags
r-devel-linux-x86_64-debian-clang 0.2.0 6.68 31.36 38.04 OK
r-devel-linux-x86_64-debian-gcc 0.2.0 5.27 24.60 29.87 OK
r-devel-linux-x86_64-fedora-clang 0.2.0 54.22 NOTE
r-devel-linux-x86_64-fedora-gcc 0.2.0 44.96 OK
r-devel-windows-ix86+x86_64 0.2.0 14.00 63.00 77.00 OK
r-patched-linux-x86_64 0.2.0 5.90 30.82 36.72 OK
r-patched-solaris-x86 0.2.0 70.30 OK
r-release-linux-x86_64 0.2.0 6.50 31.44 37.94 OK
r-release-macos-x86_64 0.2.0 OK
r-release-windows-ix86+x86_64 0.2.0 19.00 47.00 66.00 OK
r-oldrel-macos-x86_64 0.2.0 OK
r-oldrel-windows-ix86+x86_64 0.2.0 12.00 46.00 58.00 OK

Check Details

Version: 0.2.0
Check: Rd cross-references
Result: NOTE
    Undeclared package ‘httpuv’ in Rd xrefs
Flavor: r-devel-linux-x86_64-fedora-clang