CRAN Package Check Results for Package robustSingleCell

Last updated on 2020-02-20 20:48:38 CET.

Flavor Version Tinstall Tcheck Ttotal Status Flags
r-devel-linux-x86_64-debian-clang 0.1.1 25.77 116.87 142.64 OK
r-devel-linux-x86_64-debian-gcc 0.1.1 18.23 89.06 107.29 OK
r-devel-linux-x86_64-fedora-clang 0.1.1 186.55 WARN
r-devel-linux-x86_64-fedora-gcc 0.1.1 181.38 OK
r-devel-windows-ix86+x86_64 0.1.1 49.00 183.00 232.00 OK
r-devel-windows-ix86+x86_64-gcc8 0.1.1 75.00 190.00 265.00 NOTE
r-patched-linux-x86_64 0.1.1 21.31 101.93 123.24 OK
r-patched-solaris-x86 0.1.1 218.70 OK
r-release-linux-x86_64 0.1.1 22.03 106.52 128.55 OK
r-release-windows-ix86+x86_64 0.1.1 46.00 192.00 238.00 OK
r-release-osx-x86_64 0.1.1 OK
r-oldrel-windows-ix86+x86_64 0.1.1 35.00 177.00 212.00 OK
r-oldrel-osx-x86_64 0.1.1 OK

Check Details

Version: 0.1.1
Check: package dependencies
Result: WARN
    Requires orphaned package: ‘gplots’
Flavor: r-devel-linux-x86_64-fedora-clang

Version: 0.1.1
Check: installed package size
Result: NOTE
     installed size is 5.3Mb
     sub-directories of 1Mb or more:
     doc 2.7Mb
     libs 2.0Mb
Flavor: r-devel-windows-ix86+x86_64-gcc8