CRAN Package Check Results for Package robustSingleCell

Last updated on 2019-09-23 03:49:07 CEST.

Flavor Version Tinstall Tcheck Ttotal Status Flags
r-devel-linux-x86_64-debian-clang 0.1.1 19.16 105.45 124.61 OK
r-devel-linux-x86_64-debian-gcc 0.1.1 18.13 81.02 99.15 OK
r-devel-linux-x86_64-fedora-clang 0.1.1 160.81 OK
r-devel-linux-x86_64-fedora-gcc 0.1.1 149.44 OK
r-devel-windows-ix86+x86_64 0.1.1 82.00 229.00 311.00 OK
r-patched-linux-x86_64 0.1.1 19.40 101.07 120.47 OK
r-patched-solaris-x86 0.1.1 225.70 OK
r-release-linux-x86_64 0.1.1 18.72 100.13 118.85 OK
r-release-windows-ix86+x86_64 0.1.1 77.00 262.00 339.00 OK
r-release-osx-x86_64 0.1.1 ERROR
r-oldrel-windows-ix86+x86_64 0.1.1 32.00 171.00 203.00 OK
r-oldrel-osx-x86_64 0.1.1 OK

Check Details

Version: 0.1.1
Check: package dependencies
Result: ERROR
    Packages required but not available: 'limma', 'biomaRt'
    
    Package suggested but not available for checking: ‘GEOquery’
    
    See section ‘The DESCRIPTION file’ in the ‘Writing R Extensions’
    manual.
Flavor: r-release-osx-x86_64