CRAN Package Check Results for Package routr

Last updated on 2020-02-25 02:48:43 CET.

Flavor Version Tinstall Tcheck Ttotal Status Flags
r-devel-linux-x86_64-debian-clang 0.4.0 4.69 33.12 37.81 OK
r-devel-linux-x86_64-debian-gcc 0.4.0 4.36 27.30 31.66 OK
r-devel-linux-x86_64-fedora-clang 0.4.0 48.59 NOTE
r-devel-linux-x86_64-fedora-gcc 0.4.0 45.77 NOTE
r-devel-windows-ix86+x86_64 0.4.0 10.00 48.00 58.00 OK
r-devel-windows-ix86+x86_64-gcc8 0.4.0 20.00 52.00 72.00 OK
r-patched-linux-x86_64 0.4.0 4.49 30.20 34.69 OK
r-patched-solaris-x86 0.4.0 71.10 NOTE
r-release-linux-x86_64 0.4.0 4.10 30.61 34.71 OK
r-release-windows-ix86+x86_64 0.4.0 7.00 45.00 52.00 OK
r-release-osx-x86_64 0.4.0 NOTE
r-oldrel-windows-ix86+x86_64 0.4.0 5.00 45.00 50.00 OK
r-oldrel-osx-x86_64 0.4.0 NOTE

Check Details

Version: 0.4.0
Check: dependencies in R code
Result: NOTE
    Namespaces in Imports field not imported from:
     ‘httpuv’ ‘utils’
     All declared Imports should be used.
Flavors: r-devel-linux-x86_64-fedora-clang, r-devel-linux-x86_64-fedora-gcc, r-patched-solaris-x86, r-release-osx-x86_64, r-oldrel-osx-x86_64