CRAN Package Check Results for Package rsconnect

Last updated on 2019-12-05 14:49:01 CET.

Flavor Version Tinstall Tcheck Ttotal Status Flags
r-devel-linux-x86_64-debian-clang 0.8.15 7.42 42.08 49.50 OK
r-devel-linux-x86_64-debian-gcc 0.8.15 5.33 31.71 37.04 OK
r-devel-linux-x86_64-fedora-clang 0.8.15 54.80 OK
r-devel-linux-x86_64-fedora-gcc 0.8.15 53.49 OK
r-devel-windows-ix86+x86_64 0.8.15 9.00 71.00 80.00 OK
r-devel-windows-ix86+x86_64-gcc8 0.8.15 11.00 76.00 87.00 OK
r-patched-linux-x86_64 0.8.15 6.55 37.94 44.49 OK
r-patched-solaris-x86 0.8.15 ERROR
r-release-linux-x86_64 0.8.15 5.17 37.97 43.14 OK
r-release-windows-ix86+x86_64 0.8.15 13.00 47.00 60.00 OK
r-release-osx-x86_64 0.8.15 OK
r-oldrel-windows-ix86+x86_64 0.8.15 8.00 64.00 72.00 OK
r-oldrel-osx-x86_64 0.8.15 OK

Check Details

Version: 0.8.15
Check: tests
Result: ERROR
     Running ‘testthat.R’ [0m/95m]
    Running the tests in ‘tests/testthat.R’ failed.
    Complete output:
     > library(testthat)
     > library(rsconnect)
     >
     > test_check("rsconnect")
Flavor: r-patched-solaris-x86