CRAN Package Check Results for Package rsinaica

Last updated on 2020-10-01 15:48:37 CEST.

Flavor Version Tinstall Tcheck Ttotal Status Flags
r-devel-linux-x86_64-debian-clang 0.6.1 5.58 50.27 55.85 OK
r-devel-linux-x86_64-debian-gcc 0.6.1 4.83 37.85 42.68 OK
r-devel-linux-x86_64-fedora-clang 0.6.1 75.91 NOTE
r-devel-linux-x86_64-fedora-gcc 0.6.1 66.76 NOTE
r-devel-windows-ix86+x86_64 0.6.1 10.00 59.00 69.00 OK
r-patched-linux-x86_64 0.6.1 6.19 45.47 51.66 OK
r-patched-solaris-x86 0.6.1 92.60 NOTE
r-release-linux-x86_64 0.6.1 5.47 46.44 51.91 OK
r-release-macos-x86_64 0.6.1 NOTE
r-release-windows-ix86+x86_64 0.6.1 14.00 82.00 96.00 OK
r-oldrel-macos-x86_64 0.6.1 NOTE
r-oldrel-windows-ix86+x86_64 0.6.1 11.00 68.00 79.00 OK

Check Details

Version: 0.6.1
Check: data for non-ASCII characters
Result: NOTE
     Note: found 467 marked UTF-8 strings
Flavors: r-devel-linux-x86_64-fedora-clang, r-devel-linux-x86_64-fedora-gcc, r-patched-solaris-x86, r-release-macos-x86_64, r-oldrel-macos-x86_64