CRAN Package Check Results for Package rtext

Last updated on 2020-02-20 02:48:36 CET.

Flavor Version Tinstall Tcheck Ttotal Status Flags
r-devel-linux-x86_64-debian-clang 0.1.21 22.36 70.09 92.45 OK
r-devel-linux-x86_64-debian-gcc 0.1.21 13.91 54.46 68.37 OK
r-devel-linux-x86_64-fedora-clang 0.1.21 120.90 NOTE
r-devel-linux-x86_64-fedora-gcc 0.1.21 114.62 NOTE
r-devel-windows-ix86+x86_64 0.1.21 44.00 129.00 173.00 OK
r-devel-windows-ix86+x86_64-gcc8 0.1.21 62.00 146.00 208.00 OK
r-patched-linux-x86_64 0.1.21 17.69 64.84 82.53 OK
r-patched-solaris-x86 0.1.21 179.70 NOTE
r-release-linux-x86_64 0.1.21 17.99 64.80 82.79 OK
r-release-windows-ix86+x86_64 0.1.21 38.00 140.00 178.00 ERROR
r-release-osx-x86_64 0.1.21 NOTE
r-oldrel-windows-ix86+x86_64 0.1.21 32.00 128.00 160.00 OK
r-oldrel-osx-x86_64 0.1.21 NOTE

Check Details

Version: 0.1.21
Check: dependencies in R code
Result: NOTE
    Namespaces in Imports field not imported from:
     ‘RSQLite’ ‘stats’
     All declared Imports should be used.
Flavors: r-devel-linux-x86_64-fedora-clang, r-devel-linux-x86_64-fedora-gcc, r-patched-solaris-x86, r-release-osx-x86_64, r-oldrel-osx-x86_64

Version: 0.1.21
Check: data for non-ASCII characters
Result: NOTE
     Note: found 2 marked UTF-8 strings
Flavors: r-devel-linux-x86_64-fedora-clang, r-devel-linux-x86_64-fedora-gcc, r-patched-solaris-x86, r-release-osx-x86_64, r-oldrel-osx-x86_64

Version: 0.1.21
Check: running tests for arch ‘i386’
Result: ERROR
     Running 'test-all.R' [36s]
    Running the tests in 'tests/test-all.R' failed.
    Complete output:
     > library(testthat)
     > test_check("rtext")
     Loading required package: rtext
     Loading required package: stringb
     -- 1. Failure: easy examples work properly (@test_tools.R#336) ----------------
     which_token(x = 1:2, y1 = c(2, 1), y2 = c(2, 1)) not equal to c(2, 1).
     Lengths differ: 1 is not 2
    
     == testthat results ===========================================================
     [ OK: 282 | SKIPPED: 0 | WARNINGS: 0 | FAILED: 1 ]
     1. Failure: easy examples work properly (@test_tools.R#336)
    
     Error: testthat unit tests failed
     Execution halted
Flavor: r-release-windows-ix86+x86_64