CRAN Package Check Results for Package rtimicropem

Last updated on 2020-02-25 02:48:44 CET.

Flavor Version Tinstall Tcheck Ttotal Status Flags
r-devel-linux-x86_64-debian-clang 1.4.0 7.58 63.51 71.09 OK
r-devel-linux-x86_64-debian-gcc 1.4.0 6.00 52.16 58.16 OK
r-devel-linux-x86_64-fedora-clang 1.4.0 86.86 NOTE
r-devel-linux-x86_64-fedora-gcc 1.4.0 81.98 NOTE
r-devel-windows-ix86+x86_64 1.4.0 15.00 73.00 88.00 OK
r-devel-windows-ix86+x86_64-gcc8 1.4.0 22.00 84.00 106.00 OK
r-patched-linux-x86_64 1.4.0 6.28 56.84 63.12 OK
r-patched-solaris-x86 1.4.0 116.40 NOTE
r-release-linux-x86_64 1.4.0 5.57 57.52 63.09 OK
r-release-windows-ix86+x86_64 1.4.0 13.00 71.00 84.00 OK
r-release-osx-x86_64 1.4.0 NOTE
r-oldrel-windows-ix86+x86_64 1.4.0 7.00 73.00 80.00 OK
r-oldrel-osx-x86_64 1.4.0 NOTE

Check Details

Version: 1.4.0
Check: dependencies in R code
Result: NOTE
    Namespace in Imports field not imported from: ‘R6’
     All declared Imports should be used.
Flavors: r-devel-linux-x86_64-fedora-clang, r-devel-linux-x86_64-fedora-gcc, r-patched-solaris-x86, r-release-osx-x86_64, r-oldrel-osx-x86_64