CRAN Package Check Results for Package rtsdata

Last updated on 2020-08-04 03:48:03 CEST.

Flavor Version Tinstall Tcheck Ttotal Status Flags
r-devel-linux-x86_64-debian-clang 0.1.2 2.53 28.74 31.27 OK
r-devel-linux-x86_64-debian-gcc 0.1.2 2.37 21.53 23.90 OK
r-devel-linux-x86_64-fedora-clang 0.1.2 45.45 NOTE
r-devel-linux-x86_64-fedora-gcc 0.1.2 34.94 NOTE
r-devel-windows-ix86+x86_64 0.1.2 18.00 39.00 57.00 OK
r-patched-linux-x86_64 0.1.2 3.02 27.08 30.10 OK
r-patched-solaris-x86 0.1.2 54.90 NOTE
r-release-linux-x86_64 0.1.2 3.12 26.97 30.09 OK
r-release-macos-x86_64 0.1.2 OK
r-release-windows-ix86+x86_64 0.1.2 15.00 52.00 67.00 OK
r-oldrel-macos-x86_64 0.1.2 OK
r-oldrel-windows-ix86+x86_64 0.1.2 5.00 45.00 50.00 OK

Check Details

Version: 0.1.2
Check: package dependencies
Result: NOTE
    Package suggested but not available for checking: ‘RQuantLib’
Flavors: r-devel-linux-x86_64-fedora-clang, r-devel-linux-x86_64-fedora-gcc, r-patched-solaris-x86