CRAN Package Check Results for Package rvg

Last updated on 2020-04-02 03:48:25 CEST.

Flavor Version Tinstall Tcheck Ttotal Status Flags
r-devel-linux-x86_64-debian-clang 0.2.4 122.53 44.47 167.00 OK
r-devel-linux-x86_64-debian-gcc 0.2.4 68.48 36.66 105.14 OK
r-devel-linux-x86_64-fedora-clang 0.2.4 235.13 NOTE
r-devel-linux-x86_64-fedora-gcc 0.2.4 201.08 OK
r-devel-windows-ix86+x86_64 0.2.4 201.00 78.00 279.00 OK
r-devel-windows-ix86+x86_64-gcc8 0.2.4 222.00 81.00 303.00 OK
r-patched-linux-x86_64 0.2.4 89.23 43.87 133.10 OK
r-patched-solaris-x86 0.2.4 221.30 OK
r-release-linux-x86_64 0.2.4 91.38 40.52 131.90 OK
r-release-windows-ix86+x86_64 0.2.4 227.00 90.00 317.00 OK
r-release-osx-x86_64 0.2.4 OK
r-oldrel-windows-ix86+x86_64 0.2.4 246.00 114.00 360.00 OK
r-oldrel-osx-x86_64 0.2.4 OK

Check Details

Version: 0.2.4
Check: installed package size
Result: NOTE
     installed size is 5.1Mb
     sub-directories of 1Mb or more:
     libs 4.9Mb
Flavor: r-devel-linux-x86_64-fedora-clang