CRAN Package Check Results for Package sass

Last updated on 2020-09-29 03:48:32 CEST.

Flavor Version Tinstall Tcheck Ttotal Status Flags
r-devel-linux-x86_64-debian-clang 0.2.0 218.11 33.68 251.79 NOTE
r-devel-linux-x86_64-debian-gcc 0.2.0 155.20 25.84 181.04 NOTE
r-devel-linux-x86_64-fedora-clang 0.2.0 401.08 NOTE
r-devel-linux-x86_64-fedora-gcc 0.2.0 312.37 NOTE
r-devel-windows-ix86+x86_64 0.2.0 544.00 94.00 638.00 NOTE
r-patched-linux-x86_64 0.2.0 182.42 34.40 216.82 NOTE
r-patched-solaris-x86 0.2.0 320.40 NOTE
r-release-linux-x86_64 0.2.0 159.19 34.29 193.48 NOTE
r-release-macos-x86_64 0.2.0 NOTE
r-release-windows-ix86+x86_64 0.2.0 477.00 101.00 578.00 NOTE
r-oldrel-macos-x86_64 0.2.0 NOTE
r-oldrel-windows-ix86+x86_64 0.2.0 580.00 105.00 685.00 NOTE

Check Details

Version: 0.2.0
Check: for GNU extensions in Makefiles
Result: NOTE
    GNU make is a SystemRequirements.
Flavors: r-devel-linux-x86_64-debian-clang, r-devel-linux-x86_64-debian-gcc, r-devel-linux-x86_64-fedora-clang, r-devel-linux-x86_64-fedora-gcc, r-devel-windows-ix86+x86_64, r-patched-linux-x86_64, r-patched-solaris-x86, r-release-linux-x86_64, r-release-macos-x86_64, r-release-windows-ix86+x86_64, r-oldrel-macos-x86_64, r-oldrel-windows-ix86+x86_64

Version: 0.2.0
Check: installed package size
Result: NOTE
     installed size is 5.0Mb
     sub-directories of 1Mb or more:
     doc 1.7Mb
     libs 3.0Mb
Flavors: r-devel-linux-x86_64-fedora-clang, r-devel-windows-ix86+x86_64, r-patched-solaris-x86, r-release-windows-ix86+x86_64, r-oldrel-windows-ix86+x86_64