CRAN Package Check Results for Package scMappR

Last updated on 2020-07-14 03:48:05 CEST.

Flavor Version Tinstall Tcheck Ttotal Status Flags
r-devel-linux-x86_64-debian-clang 0.1.1 44.55 397.55 442.10 OK
r-devel-linux-x86_64-debian-gcc 0.1.1 41.45 310.62 352.07 OK
r-devel-linux-x86_64-fedora-clang 0.1.1 670.93 OK
r-devel-linux-x86_64-fedora-gcc 0.1.1 686.39 OK
r-devel-windows-ix86+x86_64 0.1.1 106.00 585.00 691.00 OK
r-patched-linux-x86_64 0.1.1 32.62 393.96 426.58 OK
r-patched-solaris-x86 0.1.1 749.50 OK
r-release-linux-x86_64 0.1.1 37.87 392.16 430.03 OK
r-release-macos-x86_64 0.1.1 ERROR
r-release-windows-ix86+x86_64 0.1.1 154.00 399.00 553.00 OK
r-oldrel-macos-x86_64 0.1.1 OK
r-oldrel-windows-ix86+x86_64 0.1.1 108.00 410.00 518.00 OK

Check Details

Version: 0.1.1
Check: whether package can be installed
Result: ERROR
    Installation failed.
Flavor: r-release-macos-x86_64