CRAN Package Check Results for Package scan

Last updated on 2020-07-10 03:47:30 CEST.

Flavor Version Tinstall Tcheck Ttotal Status Flags
r-devel-linux-x86_64-debian-clang 0.40 11.73 93.22 104.95 OK
r-devel-linux-x86_64-debian-gcc 0.40 9.80 70.71 80.51 OK
r-devel-linux-x86_64-fedora-clang 0.40 131.81 NOTE
r-devel-linux-x86_64-fedora-gcc 0.40 120.35 NOTE
r-devel-windows-ix86+x86_64 0.40 20.00 98.00 118.00 OK
r-patched-linux-x86_64 0.40 12.64 91.02 103.66 OK
r-patched-solaris-x86 0.40 162.40 NOTE
r-release-linux-x86_64 0.40 12.57 90.56 103.13 OK
r-release-osx-x86_64 0.40 NOTE
r-release-windows-ix86+x86_64 0.40 22.00 94.00 116.00 OK
r-oldrel-osx-x86_64 0.40 NOTE
r-oldrel-windows-ix86+x86_64 0.40 21.00 86.00 107.00 OK

Check Details

Version: 0.40
Check: dependencies in R code
Result: NOTE
    Namespaces in Imports field not imported from:
     ‘MASS’ ‘methods’
     All declared Imports should be used.
Flavors: r-devel-linux-x86_64-fedora-clang, r-devel-linux-x86_64-fedora-gcc, r-patched-solaris-x86, r-release-osx-x86_64, r-oldrel-osx-x86_64

Version: 0.40
Check: data for non-ASCII characters
Result: NOTE
     Note: found 1 marked UTF-8 string
Flavors: r-devel-linux-x86_64-fedora-clang, r-devel-linux-x86_64-fedora-gcc, r-patched-solaris-x86, r-release-osx-x86_64, r-oldrel-osx-x86_64