CRAN Package Check Results for Package scan

Last updated on 2019-12-05 14:49:01 CET.

Flavor Version Tinstall Tcheck Ttotal Status Flags
r-devel-linux-x86_64-debian-clang 0.40 12.15 90.69 102.84 OK
r-devel-linux-x86_64-debian-gcc 0.40 11.47 68.57 80.04 OK
r-devel-linux-x86_64-fedora-clang 0.40 112.42 NOTE
r-devel-linux-x86_64-fedora-gcc 0.40 112.67 NOTE
r-devel-windows-ix86+x86_64 0.40 26.00 137.00 163.00 OK
r-devel-windows-ix86+x86_64-gcc8 0.40 23.00 146.00 169.00 OK
r-patched-linux-x86_64 0.40 10.65 80.72 91.37 OK
r-patched-solaris-x86 0.40 149.50 NOTE
r-release-linux-x86_64 0.40 11.01 80.56 91.57 OK
r-release-windows-ix86+x86_64 0.40 23.00 92.00 115.00 OK
r-release-osx-x86_64 0.40 NOTE
r-oldrel-windows-ix86+x86_64 0.40 14.00 136.00 150.00 OK
r-oldrel-osx-x86_64 0.40 NOTE

Check Details

Version: 0.40
Check: dependencies in R code
Result: NOTE
    Namespaces in Imports field not imported from:
     ‘MASS’ ‘methods’
     All declared Imports should be used.
Flavors: r-devel-linux-x86_64-fedora-clang, r-devel-linux-x86_64-fedora-gcc, r-patched-solaris-x86, r-release-osx-x86_64, r-oldrel-osx-x86_64

Version: 0.40
Check: data for non-ASCII characters
Result: NOTE
     Note: found 1 marked UTF-8 string
Flavors: r-devel-linux-x86_64-fedora-clang, r-devel-linux-x86_64-fedora-gcc, r-patched-solaris-x86, r-release-osx-x86_64, r-oldrel-osx-x86_64