CRAN Package Check Results for Package scape

Last updated on 2020-04-04 15:48:32 CEST.

Flavor Version Tinstall Tcheck Ttotal Status Flags
r-devel-linux-x86_64-debian-clang 2.3-2 14.87 136.00 150.87 OK
r-devel-linux-x86_64-debian-gcc 2.3-2 12.07 103.90 115.97 OK
r-devel-linux-x86_64-fedora-clang 2.3-2 168.35 OK
r-devel-linux-x86_64-fedora-gcc 2.3-2 168.90 OK
r-devel-windows-ix86+x86_64 2.3-2 38.00 143.00 181.00 OK
r-devel-windows-ix86+x86_64-gcc8 2.3-2 25.00 150.00 175.00 OK
r-patched-linux-x86_64 2.3-2 9.61 128.64 138.25 OK
r-patched-solaris-x86 2.3-2 253.10 NOTE
r-release-linux-x86_64 2.3-2 10.31 122.54 132.85 OK
r-release-windows-ix86+x86_64 2.3-2 38.00 215.00 253.00 OK
r-release-osx-x86_64 2.3-2 OK
r-oldrel-windows-ix86+x86_64 2.3-2 17.00 148.00 165.00 OK
r-oldrel-osx-x86_64 2.3-2 OK

Check Details

Version: 2.3-2
Check: installed package size
Result: NOTE
     installed size is 5.0Mb
     sub-directories of 1Mb or more:
     doc 1.4Mb
     example 2.7Mb
Flavor: r-patched-solaris-x86