CRAN Package Check Results for Package scatr

Last updated on 2020-05-27 03:48:43 CEST.

Flavor Version Tinstall Tcheck Ttotal Status Flags
r-devel-linux-x86_64-debian-clang 1.0.1 5.38 21.33 26.71 OK
r-devel-linux-x86_64-debian-gcc 1.0.1 4.53 16.99 21.52 OK
r-devel-linux-x86_64-fedora-clang 1.0.1 32.54 NOTE
r-devel-linux-x86_64-fedora-gcc 1.0.1 31.95 NOTE
r-devel-windows-ix86+x86_64 1.0.1 13.00 36.00 49.00 OK
r-patched-linux-x86_64 1.0.1 5.79 21.00 26.79 OK
r-patched-solaris-x86 1.0.1 47.20 NOTE
r-release-linux-x86_64 1.0.1 4.51 21.24 25.75 OK
r-release-osx-x86_64 1.0.1 NOTE
r-release-windows-ix86+x86_64 1.0.1 15.00 47.00 62.00 OK
r-oldrel-osx-x86_64 1.0.1 NOTE
r-oldrel-windows-ix86+x86_64 1.0.1 8.00 30.00 38.00 OK

Check Details

Version: 1.0.1
Check: dependencies in R code
Result: NOTE
    Namespaces in Imports field not imported from:
     ‘R6’ ‘cowplot’ ‘ggplot2’ ‘ggridges’ ‘ggstance’ ‘jmvcore’
     All declared Imports should be used.
Flavors: r-devel-linux-x86_64-fedora-clang, r-devel-linux-x86_64-fedora-gcc, r-patched-solaris-x86, r-release-osx-x86_64, r-oldrel-osx-x86_64