CRAN Package Check Results for Package scatr

Last updated on 2019-10-21 03:47:53 CEST.

Flavor Version Tinstall Tcheck Ttotal Status Flags
r-devel-linux-x86_64-debian-clang 1.0.1 5.27 18.26 23.53 OK
r-devel-linux-x86_64-debian-gcc 1.0.1 3.85 14.69 18.54 OK
r-devel-linux-x86_64-fedora-clang 1.0.1 28.29 NOTE
r-devel-linux-x86_64-fedora-gcc 1.0.1 28.01 NOTE
r-devel-windows-ix86+x86_64 1.0.1 10.00 39.00 49.00 OK
r-patched-linux-x86_64 1.0.1 3.53 17.36 20.89 OK
r-patched-solaris-x86 1.0.1 40.90 NOTE
r-release-linux-x86_64 1.0.1 4.69 17.67 22.36 OK
r-release-windows-ix86+x86_64 1.0.1 11.00 26.00 37.00 OK
r-release-osx-x86_64 1.0.1 NOTE
r-oldrel-windows-ix86+x86_64 1.0.1 5.00 24.00 29.00 OK
r-oldrel-osx-x86_64 1.0.1 NOTE

Check Details

Version: 1.0.1
Check: dependencies in R code
Result: NOTE
    Namespaces in Imports field not imported from:
     ‘R6’ ‘cowplot’ ‘ggplot2’ ‘ggridges’ ‘ggstance’ ‘jmvcore’
     All declared Imports should be used.
Flavors: r-devel-linux-x86_64-fedora-clang, r-devel-linux-x86_64-fedora-gcc, r-patched-solaris-x86, r-release-osx-x86_64, r-oldrel-osx-x86_64