CRAN Package Check Results for Package scdensity

Last updated on 2019-10-23 03:48:39 CEST.

Flavor Version Tinstall Tcheck Ttotal Status Flags
r-devel-linux-x86_64-debian-clang 1.0.2 4.65 35.13 39.78 OK
r-devel-linux-x86_64-debian-gcc 1.0.2 3.60 29.13 32.73 OK
r-devel-linux-x86_64-fedora-clang 1.0.2 46.93 OK
r-devel-linux-x86_64-fedora-gcc 1.0.2 50.36 OK
r-devel-windows-ix86+x86_64 1.0.2 14.00 60.00 74.00 OK
r-patched-linux-x86_64 1.0.2 3.95 43.41 47.36 ERROR
r-patched-solaris-x86 1.0.2 77.50 OK
r-release-linux-x86_64 1.0.2 4.00 37.45 41.45 OK
r-release-windows-ix86+x86_64 1.0.2 10.00 47.00 57.00 OK
r-release-osx-x86_64 1.0.2 OK
r-oldrel-windows-ix86+x86_64 1.0.2 9.00 67.00 76.00 OK
r-oldrel-osx-x86_64 1.0.2 OK

Check Details

Version: 1.0.2
Check: tests
Result: ERROR
     Running ‘testthat.R’ [14s/16s]
    Running the tests in ‘tests/testthat.R’ failed.
    Complete output:
     > library(testthat)
     > library(scdensity)
     >
     > test_check("scdensity")
     ── 1. Error: all bandwidth options work okay (@testScdensity.R#11) ────────────
     solve.QP encountered numerical problems and could not find a solution.
     Small changes to the inputs may resolve this.
     1: scdensity(x, bw = "ucv") at testthat/testScdensity.R:11
     2: stop(paste0("solve.QP encountered numerical problems and could not find a solution.\n",
     "Small changes to the inputs may resolve this."))
    
     ══ testthat results ═══════════════════════════════════════════════════════════
     [ OK: 36 | SKIPPED: 2 | WARNINGS: 1 | FAILED: 1 ]
     1. Error: all bandwidth options work okay (@testScdensity.R#11)
    
     Error: testthat unit tests failed
     Execution halted
Flavor: r-patched-linux-x86_64