CRAN Package Check Results for Package scoringRules

Last updated on 2020-05-27 03:48:43 CEST.

Flavor Version Tinstall Tcheck Ttotal Status Flags
r-devel-linux-x86_64-debian-clang 1.0.0 73.16 265.54 338.70 OK
r-devel-linux-x86_64-debian-gcc 1.0.0 50.62 192.37 242.99 OK
r-devel-linux-x86_64-fedora-clang 1.0.0 433.97 NOTE
r-devel-linux-x86_64-fedora-gcc 1.0.0 404.47 OK
r-devel-windows-ix86+x86_64 1.0.0 164.00 385.00 549.00 OK
r-patched-linux-x86_64 1.0.0 50.67 263.73 314.40 OK
r-patched-solaris-x86 1.0.0 528.80 OK
r-release-linux-x86_64 1.0.0 51.42 266.09 317.51 OK
r-release-osx-x86_64 1.0.0 NOTE
r-release-windows-ix86+x86_64 1.0.0 115.00 431.00 546.00 OK
r-oldrel-osx-x86_64 1.0.0 WARN
r-oldrel-windows-ix86+x86_64 1.0.0 139.00 365.00 504.00 OK

Check Details

Version: 1.0.0
Check: installed package size
Result: NOTE
     installed size is 5.1Mb
     sub-directories of 1Mb or more:
     libs 3.3Mb
Flavors: r-devel-linux-x86_64-fedora-clang, r-release-osx-x86_64

Version: 1.0.0
Check: re-building of vignette outputs
Result: WARN
    Error(s) in re-building vignettes:
     ...
    --- re-building ‘gettingstarted.Rmd’ using rmarkdown
    Warning in engine$weave(file, quiet = quiet, encoding = enc) :
     Pandoc (>= 1.12.3) and/or pandoc-citeproc not available. Falling back to R Markdown v1.
    --- finished re-building ‘gettingstarted.Rmd’
    
    --- re-building ‘article.Rnw’ using knitr
    Error: processing vignette 'article.Rnw' failed with diagnostics:
    Running 'texi2dvi' on 'article.tex' failed.
    LaTeX errors:
    !pdfTeX error: pdflatex (file bbm10): Font bbm10 at 657 not found
     ==> Fatal error occurred, no output PDF file produced!
    --- failed re-building ‘article.Rnw’
    
    SUMMARY: processing the following file failed:
     ‘article.Rnw’
    
    Error: Vignette re-building failed.
    Execution halted
Flavor: r-oldrel-osx-x86_64