CRAN Package Check Results for Package scs

Last updated on 2020-01-19 02:49:08 CET.

Flavor Version Tinstall Tcheck Ttotal Status Flags
r-devel-linux-x86_64-debian-clang 1.3-2 9.53 19.75 29.28 NOTE
r-devel-linux-x86_64-debian-gcc 1.3-2 7.73 15.89 23.62 NOTE
r-devel-linux-x86_64-fedora-clang 1.3-2 37.32 NOTE
r-devel-linux-x86_64-fedora-gcc 1.3-2 38.21 NOTE
r-devel-windows-ix86+x86_64 1.3-2 99.00 41.00 140.00 NOTE
r-devel-windows-ix86+x86_64-gcc8 1.3-2 49.00 62.00 111.00 NOTE
r-patched-linux-x86_64 1.3-2 8.36 18.15 26.51 NOTE
r-patched-solaris-x86 1.3-2 49.20 NOTE
r-release-linux-x86_64 1.3-2 8.99 18.11 27.10 NOTE
r-release-windows-ix86+x86_64 1.3-2 72.00 40.00 112.00 NOTE
r-release-osx-x86_64 1.3-2 NOTE
r-oldrel-windows-ix86+x86_64 1.3-2 107.00 40.00 147.00 NOTE
r-oldrel-osx-x86_64 1.3-2 NOTE

Check Details

Version: 1.3-2
Check: for GNU extensions in Makefiles
Result: NOTE
    GNU make is a SystemRequirements.
Flavors: r-devel-linux-x86_64-debian-clang, r-devel-linux-x86_64-debian-gcc, r-devel-linux-x86_64-fedora-clang, r-devel-linux-x86_64-fedora-gcc, r-devel-windows-ix86+x86_64, r-devel-windows-ix86+x86_64-gcc8, r-patched-linux-x86_64, r-patched-solaris-x86, r-release-linux-x86_64, r-release-windows-ix86+x86_64, r-release-osx-x86_64, r-oldrel-windows-ix86+x86_64, r-oldrel-osx-x86_64