CRAN Package Check Results for Package scs

Last updated on 2020-08-15 03:48:18 CEST.

Flavor Version Tinstall Tcheck Ttotal Status Flags
r-devel-linux-x86_64-debian-clang 1.3-2 8.95 20.23 29.18 NOTE
r-devel-linux-x86_64-debian-gcc 1.3-2 8.59 16.33 24.92 NOTE
r-devel-linux-x86_64-fedora-clang 1.3-2 45.51 NOTE
r-devel-linux-x86_64-fedora-gcc 1.3-2 39.71 NOTE
r-devel-windows-ix86+x86_64 1.3-2 66.00 57.00 123.00 NOTE
r-patched-linux-x86_64 1.3-2 10.13 20.10 30.23 NOTE
r-patched-solaris-x86 1.3-2 53.40 NOTE
r-release-linux-x86_64 1.3-2 9.59 20.46 30.05 NOTE
r-release-macos-x86_64 1.3-2 NOTE
r-release-windows-ix86+x86_64 1.3-2 64.00 41.00 105.00 NOTE
r-oldrel-macos-x86_64 1.3-2 NOTE
r-oldrel-windows-ix86+x86_64 1.3-2 44.00 51.00 95.00 NOTE

Check Details

Version: 1.3-2
Check: for GNU extensions in Makefiles
Result: NOTE
    GNU make is a SystemRequirements.
Flavors: r-devel-linux-x86_64-debian-clang, r-devel-linux-x86_64-debian-gcc, r-devel-linux-x86_64-fedora-clang, r-devel-linux-x86_64-fedora-gcc, r-devel-windows-ix86+x86_64, r-patched-linux-x86_64, r-patched-solaris-x86, r-release-linux-x86_64, r-release-macos-x86_64, r-release-windows-ix86+x86_64, r-oldrel-macos-x86_64, r-oldrel-windows-ix86+x86_64