CRAN Package Check Results for Package sda

Last updated on 2020-07-05 03:47:56 CEST.

Flavor Version Tinstall Tcheck Ttotal Status Flags
r-devel-linux-x86_64-debian-clang 1.3.7 2.69 30.13 32.82 OK
r-devel-linux-x86_64-debian-gcc 1.3.7 2.25 23.32 25.57 OK
r-devel-linux-x86_64-fedora-clang 1.3.7 46.15 NOTE
r-devel-linux-x86_64-fedora-gcc 1.3.7 37.38 OK
r-devel-windows-ix86+x86_64 1.3.7 9.00 43.00 52.00 OK
r-patched-linux-x86_64 1.3.7 2.87 28.53 31.40 OK
r-patched-solaris-x86 1.3.7 63.70 OK
r-release-linux-x86_64 1.3.7 2.95 28.99 31.94 OK
r-release-osx-x86_64 1.3.7 OK
r-release-windows-ix86+x86_64 1.3.7 6.00 39.00 45.00 OK
r-oldrel-osx-x86_64 1.3.7 OK
r-oldrel-windows-ix86+x86_64 1.3.7 6.00 56.00 62.00 OK

Check Details

Version: 1.3.7
Check: Rd cross-references
Result: NOTE
    Undeclared package ‘care’ in Rd xrefs
Flavor: r-devel-linux-x86_64-fedora-clang